-- Table structure for table `access_type`
--

CREATE TABLE `access_type` (
  `id` tinyint(4) NOT NULL,
  `type` varchar(16) COLLATE utf8_unicode_ci DEFAULT NULL,
  PRIMARY KEY (`id`)
) ENGINE=InnoDB DEFAULT CHARSET=utf8 COLLATE=utf8_unicode_ci;

--
-- Dumping data for table `access_type`
--

INSERT INTO `access_type` VALUES (1,'Admin'),(2,'Administrator'),(3,'Staff'),(4,'PCL'),(5,'TNTT');

--
-- Table structure for table `accountstatus`
--

CREATE TABLE `accountstatus` (
  `id` tinyint(4) NOT NULL,
  `status` varchar(24) COLLATE utf8_unicode_ci DEFAULT NULL,
  PRIMARY KEY (`id`)
) ENGINE=InnoDB DEFAULT CHARSET=utf8 COLLATE=utf8_unicode_ci;

--
-- Dumping data for table `accountstatus`
--

INSERT INTO `accountstatus` VALUES (-1,'Dropped'),(0,'Not Registered'),(1,'Deleted'),(2,'Registered Y2011-12'),(3,'Registered Y2012-13'),(4,'Registered Y2013-14'),(5,'Registered Y2014-15'),(6,'Registered Y2015-16'),(7,'Registered Y2016-17'),(8,'Registered Y2017-18'),(9,'Registered Y2018-19'),(10,'Registered Y2019-20'),(11,'Registered Y2020-21'),(12,'Registered Y2021-22'),(13,'Registered Y2022-23'),(14,'Registered Y2023-24');

--
-- Table structure for table `accredit`
--

CREATE TABLE `accredit` (
  `idaccredit` int(11) NOT NULL AUTO_INCREMENT,
  `idFaculty` int(11) NOT NULL,
  `classSubject` varchar(64) COLLATE utf8_unicode_ci DEFAULT NULL,
  `providedBy` varchar(64) COLLATE utf8_unicode_ci DEFAULT NULL,
  `creditHours` decimal(8,2) DEFAULT NULL,
  `dioceseApproved` tinyint(4) DEFAULT NULL,
  `dateCompleted` date DEFAULT NULL,
  `certificate` varchar(48) COLLATE utf8_unicode_ci DEFAULT NULL,
  PRIMARY KEY (`idaccredit`,`idFaculty`)
) ENGINE=InnoDB AUTO_INCREMENT=2 DEFAULT CHARSET=utf8 COLLATE=utf8_unicode_ci COMMENT='	';

--
-- Dumping data for table `accredit`
--

INSERT INTO `accredit` VALUES (1,1,'test','test',1.00,0,'2018-05-30','model.pdf');

--
-- Table structure for table `administrators`
--

CREATE TABLE `administrators` (
  `id` int(11) NOT NULL AUTO_INCREMENT,
  `user_name` varchar(32) COLLATE utf8_unicode_ci NOT NULL,
  `access_type` tinyint(4) NOT NULL DEFAULT '0',
  `last_login` datetime DEFAULT '0000-00-00 00:00:00',
  `user_password` varchar(40) COLLATE utf8_unicode_ci NOT NULL,
  `email` varchar(45) COLLATE utf8_unicode_ci DEFAULT NULL,
  PRIMARY KEY (`id`)
) ENGINE=InnoDB AUTO_INCREMENT=4 DEFAULT CHARSET=utf8 COLLATE=utf8_unicode_ci;

--
-- Dumping data for table `administrators`
--

INSERT INTO `administrators` VALUES (1,'sy.nguyen',1,'2012-10-01 12:25:47','dd70562e9c8e535d5f205b8e95392fde:05','unixadm1@grandecom.net'),(2,'neil.duong',2,'0000-00-00 00:00:00','3ddb970f7f7aced18fcc1a11e273f0e4:6d','neilduong@gmail.com'),(3,'buu.tran',2,'0000-00-00 00:00:00','56dcad2ee10b69a1a5f42bfbd600d4cc:38','bbuutran@gmail.com');

--
-- Table structure for table `bursar`
--

CREATE TABLE `bursar` (
  `idBursar` int(11) NOT NULL AUTO_INCREMENT,
  `idParent` int(11) NOT NULL,
  `paymentDate` date DEFAULT NULL,
  `schoolYear` tinyint(4) DEFAULT NULL,
  `label` tinyint(4) DEFAULT NULL,
  `type` tinyint(4) DEFAULT NULL,
  `reference` varchar(16) COLLATE utf8_unicode_ci DEFAULT NULL,
  `amount` decimal(6,2) DEFAULT NULL,
  `notes` varchar(48) COLLATE utf8_unicode_ci DEFAULT NULL,
  PRIMARY KEY (`idBursar`,`idParent`)
) ENGINE=InnoDB AUTO_INCREMENT=2986 DEFAULT CHARSET=utf8 COLLATE=utf8_unicode_ci;

--
-- Dumping data for table `bursar`
--

INSERT INTO `bursar` VALUES (1,10,'2012-08-26',3,1,1,'',90.00,''),(2,10,'2012-08-26',3,1,1,'',70.00,'entered $90 + 70'),(3,234,'2012-08-26',3,1,2,'1131',160.00,'pd 2'),(4,228,'2012-08-26',3,1,2,'1590',90.00,''),(5,238,'2012-08-26',3,1,2,'133',160.00,'pd 2'),(6,236,'2012-08-26',3,1,2,'1101',160.00,'pd 2'),(7,3,'2012-08-26',3,1,1,'',90.00,''),(8,15,'2012-08-26',3,1,1,'',90.00,''),(9,5,'2012-08-26',3,1,1,'2162',230.00,'pd 3'),(10,4,'2012-08-26',3,1,2,'2569',90.00,''),(11,12,'2012-08-26',3,1,2,'2873',90.00,''),(12,219,'2012-08-26',3,1,1,'',90.00,'pd $90+15'),(13,219,'2012-08-26',3,2,1,'',15.00,'shirt youth M'),(14,6,'2012-08-26',3,1,1,'',90.00,''),(15,7,'2012-08-26',3,1,2,'2048',300.00,''),(16,42,'2012-08-26',3,1,2,'2750',160.00,'pd 2'),(17,39,'2012-08-26',3,1,2,'2012',160.00,'pd 2'),(18,44,'2012-08-26',3,1,1,NULL,70.00,'2nd kid'),(19,44,'2012-08-26',3,1,2,'1050',90.00,'1st kid'),(20,108,'2012-08-26',3,1,2,'1232',160.00,'pd 2'),(21,40,'2012-08-26',3,1,2,'1081',90.00,''),(22,31,'2012-08-26',3,1,2,'1665',160.00,'pd 2'),(23,52,'2012-08-26',3,1,2,'2320',160.00,'pd 2'),(24,35,'2012-08-26',3,1,2,'2533',160.00,'pd 2'),(25,231,'2012-08-26',3,1,1,'',90.00,''),(26,82,'2012-08-26',3,1,1,'',90.00,''),(27,83,'2012-08-26',3,1,1,'',90.00,''),(28,93,'2012-08-26',3,1,2,'1422',70.00,''),(29,90,'2012-08-26',3,1,1,'',90.00,''),(30,84,'2012-08-26',3,1,1,'',90.00,''),(31,87,'2012-08-26',3,1,2,'2258',160.00,'pd 2'),(32,91,'2012-08-26',3,1,1,'',90.00,''),(33,225,'2012-08-26',3,1,1,'',90.00,''),(34,225,'2012-08-26',3,2,1,'',15.00,'adult S - pickup'),(35,50,'2012-08-26',3,1,2,'2803',160.00,'pd 2'),(36,125,'2012-08-26',3,1,1,'',90.00,''),(37,190,'2012-08-26',3,1,2,'1432',160.00,'pd 2'),(38,124,'2012-08-26',3,1,2,'3387',90.00,''),(39,121,'2012-08-26',3,1,1,'',90.00,''),(40,132,'2012-08-26',3,1,2,'2320',90.00,''),(41,123,'2012-08-26',3,1,1,'',90.00,''),(42,131,'2012-08-26',3,1,1,'',90.00,''),(43,131,'2012-08-26',3,2,1,'',15.00,'Youth L'),(44,118,'2012-08-26',3,1,2,'7467',90.00,''),(45,179,'2012-08-26',3,1,2,'2069',230.00,''),(46,139,'2012-08-26',3,1,2,'2689',160.00,'pd 2'),(47,112,'2012-08-26',3,1,2,'5284',90.00,''),(48,164,'2012-08-26',3,1,2,'950',160.00,'pd 2'),(49,171,'2012-08-26',3,1,1,'',90.00,''),(50,171,'2012-08-26',3,2,1,'',15.00,'Adult M - pickup'),(51,177,'2012-08-26',3,1,1,'',90.00,''),(52,260,'2012-08-26',3,1,1,'',90.00,''),(53,261,'2012-08-26',3,1,2,'135',90.00,'Paid $90 + $15 Shirt'),(54,261,'2012-08-26',3,2,2,'135',15.00,'Youth Small'),(55,93,'2012-08-26',3,1,2,'1422',90.00,''),(56,114,'2012-08-26',3,1,2,'1644',160.00,'pd 2'),(57,254,'2012-08-26',3,1,2,'224',230.00,'pd 3'),(58,155,'2012-08-26',3,1,2,'1187',90.00,''),(59,119,'2012-08-26',3,1,1,'',90.00,''),(60,138,'2012-08-26',3,1,2,'2093',90.00,''),(61,153,'2012-08-26',3,1,2,'182',90.00,'pd 1'),(62,135,'2012-08-26',3,1,2,'1849',90.00,''),(63,149,'2012-08-26',3,1,2,'2523',90.00,''),(64,157,'2012-08-26',3,1,1,'',90.00,'pd 1'),(65,73,'2012-08-26',3,1,1,'',90.00,'pd 1'),(67,33,'2012-08-26',3,1,1,'',90.00,''),(68,75,'2012-08-26',3,1,2,'3572',160.00,'pd 2'),(69,113,'2012-08-26',3,1,2,'2802',90.00,''),(70,111,'2012-08-26',3,1,1,'',90.00,''),(71,103,'2012-08-26',3,1,1,'',160.00,'pd 2'),(72,112,'2012-08-26',3,1,2,'5283',90.00,''),(73,59,'2012-08-26',3,1,1,'',90.00,''),(74,67,'2012-08-26',3,1,1,'',90.00,''),(75,53,'2012-08-26',3,1,2,'4753',160.00,'pd 2'),(76,77,'2012-08-26',3,1,2,'142',90.00,''),(77,73,'2012-08-26',3,1,1,'',70.00,'pd 2nd kid'),(78,58,'2012-08-26',3,1,2,'349',90.00,''),(79,63,'2012-08-26',3,1,2,'393',90.00,''),(80,74,'2012-08-26',3,1,1,'',160.00,'pd 2'),(81,29,'2012-08-26',3,1,2,'2918',90.00,''),(82,43,'2012-08-26',3,1,2,'2235',160.00,'pd 2'),(83,245,'2012-08-26',3,1,1,'',90.00,'pd 1'),(84,46,'2012-08-26',3,1,1,'',90.00,''),(85,56,'2012-08-26',3,1,1,'',160.00,'pd 2'),(86,60,'2012-08-26',3,1,2,'2011',160.00,'pd 2'),(87,102,'2012-08-26',3,1,1,'',90.00,'pd for Jason Le'),(88,102,'2012-08-26',3,1,1,'',70.00,'pd for Chris Le'),(89,262,'2012-08-26',3,1,2,'1268',70.00,'Paid 1 of 3 kids'),(90,262,'2012-08-26',3,1,2,'1269',70.00,'2nd child'),(91,262,'2012-08-26',3,2,2,'1270',15.00,'Youth M - pickup'),(92,262,'2012-08-26',3,2,2,'1270',15.00,'Youth M - pickup'),(93,262,'2012-08-26',3,1,2,'1267',90.00,'1st of 3 child'),(94,262,'2012-08-26',3,2,2,'1270',15.00,'Youth S - pickup'),(95,29,'2012-08-26',3,1,2,'2918',70.00,'2nd child'),(96,29,'2012-08-26',3,2,2,'2919',15.00,'Youth L - pickup'),(97,264,'2012-08-26',3,1,2,'114',70.00,'2nd child'),(98,264,'2012-08-26',3,2,2,'114',15.00,'Youth M - pickup'),(99,264,'2012-08-26',3,1,2,'114',90.00,'1st Child'),(100,265,'2012-08-26',3,1,2,'1023',230.00,'paid 3 kids'),(101,265,'2012-08-26',3,2,2,'1024',15.00,'Youth S - refunded'),(102,265,'2012-08-26',3,2,2,'1024',15.00,'Youth M - refunded'),(103,166,'2012-08-26',3,1,1,'',230.00,'paid 3 kids'),(104,166,'2012-08-26',3,2,1,'',15.00,'Youth Large'),(105,107,'2012-08-26',3,1,1,'',230.00,'paid 3 kids'),(106,107,'2012-08-26',3,2,1,'',15.00,'Youth M - delivered'),(107,144,'2012-08-26',3,1,1,'',160.00,'pd 2'),(108,144,'2012-08-26',3,2,1,'',15.00,'Youth S - pickup'),(109,245,'2012-08-26',3,1,1,'',70.00,'2nd child'),(110,245,'2012-08-26',3,1,1,'',70.00,'3rd Child'),(111,245,'2012-08-26',3,2,1,'',15.00,'Adult M - pickup'),(112,266,'2012-08-26',3,1,1,'',90.00,''),(113,266,'2012-08-26',3,2,1,'',15.00,'Youth Small'),(114,267,'2012-08-26',3,1,2,'2277',90.00,'Pd 1'),(115,267,'2012-08-26',3,2,2,'2277',15.00,'Youth S - pickup'),(116,267,'2012-08-26',3,2,2,'2277',20.00,'Youth S - pickup'),(117,268,'2012-08-26',3,1,2,'2167',160.00,'pd 2'),(118,268,'2012-08-26',3,2,2,'2167',15.00,'Youth S'),(119,268,'2012-08-26',3,2,2,'2167',15.00,'Youth L'),(120,269,'2012-08-26',3,1,2,'2831',160.00,'pd 2'),(121,269,'2012-08-26',3,2,2,'2831',15.00,'Youth M - pickup'),(122,269,'2012-08-26',3,2,2,'2831',15.00,'Youth M - pickup'),(123,270,'2012-08-26',3,1,2,'1602',90.00,'pd 1'),(124,270,'2012-08-26',3,2,2,'1602',15.00,'Youth Small'),(125,21,'2012-08-26',3,1,2,'3324',230.00,'paid 3 kids'),(126,21,'2012-08-26',3,2,1,'',15.00,'Youth S - delivered'),(127,271,'2012-08-26',3,1,1,'',90.00,'pd 1'),(128,271,'2012-08-26',3,2,1,'',15.00,'Youth S - pickup'),(129,272,'2012-09-02',3,1,2,'294',160.00,'2 Children'),(130,272,'2012-09-02',3,2,2,'294',15.00,'Youth S - pickup'),(131,272,'2012-09-02',3,2,2,'294',20.00,'Youth S - pickup'),(132,272,'2012-09-02',3,2,2,'294',15.00,'Youth M - pickup'),(133,272,'2012-09-02',3,2,2,'294',20.00,'Youth M - pickup'),(134,159,'2012-09-02',3,1,2,'638',230.00,''),(135,159,'2012-09-02',3,2,2,'638',15.00,'Youth M - pickup'),(136,185,'2012-09-02',3,1,1,'',160.00,'pd 2'),(137,185,'2012-09-02',3,2,1,'',15.00,'Youth Small'),(138,273,'2012-09-02',3,1,2,'1604',90.00,''),(139,273,'2012-09-02',3,2,2,'1604',15.00,'Youth M - pickup'),(140,274,'2012-09-02',3,1,2,'1086',90.00,'pd 1'),(141,274,'2012-09-02',3,2,1,'',15.00,'Youth M - pickup'),(142,275,'2012-09-02',3,1,1,'',90.00,''),(143,275,'2012-09-02',3,2,1,'',15.00,'Youth Medium'),(144,11,'2012-09-02',3,1,2,'264',160.00,'Pd 2'),(145,11,'2012-09-02',3,2,1,'',15.00,'Youth M - pickup'),(146,276,'2012-09-02',3,1,2,'486',90.00,''),(147,276,'2012-09-02',3,2,2,'486',15.00,'Youth Small'),(148,277,'2012-09-02',3,1,2,'362',160.00,'pd 2'),(149,147,'2012-09-02',3,1,1,'',230.00,'pd 3'),(150,278,'2012-09-02',3,1,2,'2177',90.00,''),(151,278,'2012-09-02',3,2,2,'2177',15.00,'Youth Small'),(152,279,'2012-09-02',3,1,2,'2538',90.00,''),(153,279,'2012-09-02',3,2,2,'2538',15.00,'Youth Medium'),(154,280,'2012-09-02',3,1,1,'',90.00,''),(155,280,'2012-09-02',3,2,1,'',15.00,'Youth M - pickup'),(156,280,'2012-09-02',3,2,1,'',20.00,'Youth M - pickup'),(157,281,'2012-09-02',3,1,1,'',90.00,''),(158,281,'2012-09-02',3,2,1,'',15.00,'Youth Medium'),(159,282,'2012-09-02',3,1,2,'1436',90.00,''),(160,237,'2012-09-02',3,1,1,'',90.00,''),(161,13,'2012-09-02',3,1,2,'1146',300.00,'pd 4'),(162,14,'2012-09-02',3,1,1,'',90.00,''),(163,25,'2012-09-02',3,1,2,'1953',160.00,''),(164,41,'2012-09-02',3,1,2,'336',90.00,''),(165,240,'2012-09-02',3,1,1,'',90.00,''),(166,33,'2012-09-02',3,1,1,'',70.00,'2nd child'),(167,33,'2012-09-02',3,2,1,'',15.00,'Adult M - delivered'),(168,33,'2012-09-02',3,2,1,'',15.00,'Youth M - delivered'),(169,283,'2012-09-02',3,1,1,'',160.00,'pd 2'),(170,283,'2012-09-02',3,2,1,'',15.00,'Youth M - pickup'),(171,283,'2012-09-02',3,2,1,'',15.00,'Youth M - pickup'),(172,37,'2012-09-02',3,1,1,'',90.00,''),(173,30,'2012-09-02',3,1,1,'',90.00,''),(174,34,'2012-09-02',3,1,1,'',160.00,'pd 2'),(175,71,'2012-09-02',3,1,2,'2892',90.00,''),(176,47,'2012-09-02',3,1,1,'',160.00,'pd 2'),(177,76,'2012-09-02',3,1,1,'',90.00,''),(178,57,'2012-09-02',3,1,1,'',160.00,'pd 2'),(179,243,'2012-09-02',3,1,1,'',90.00,''),(180,18,'2012-09-02',3,1,2,'246',160.00,'pd 2'),(181,222,'2012-09-02',3,1,2,'1004',160.00,'pd 2'),(182,66,'2012-09-02',3,1,1,'',160.00,'pd 2'),(183,1,'2012-09-02',3,1,1,'',160.00,'pd 2'),(184,99,'2012-09-02',3,1,2,'1117',160.00,'pd 2'),(185,88,'2012-09-02',3,1,2,'2964',230.00,'pd 3'),(186,88,'2012-09-02',3,2,2,'2965',15.00,'Youth XL - pickup'),(187,85,'2012-09-02',3,1,2,'2295',90.00,''),(188,116,'2012-09-02',3,1,2,'300',160.00,'pd 2'),(189,116,'2012-09-02',3,2,2,'300',15.00,'Youth Small - pickup'),(190,117,'2012-09-02',3,1,1,'',90.00,''),(191,127,'2012-09-02',3,1,1,'',90.00,''),(192,55,'2012-09-02',3,1,2,'1417',160.00,'pd 2'),(193,146,'2012-09-02',3,1,1,'',90.00,''),(194,151,'2012-09-02',3,1,2,'1323',90.00,''),(195,62,'2012-09-02',3,1,2,'1310',160.00,'pd 2'),(196,62,'2012-09-02',3,2,2,'1310',15.00,'Youth Large'),(197,148,'2012-09-02',3,1,2,'1140',160.00,'pd 2'),(198,163,'2012-09-02',3,1,2,'2497',160.00,'pd 2'),(199,163,'2012-09-02',3,2,2,'2497',15.00,'Youth M - pickup'),(200,106,'2012-09-02',3,1,2,'853',230.00,'pd 3'),(201,141,'2012-09-02',3,1,1,'',230.00,'pd 3'),(202,158,'2012-09-02',3,1,1,'',90.00,''),(203,160,'2012-09-02',3,1,1,'',90.00,''),(204,90,'2012-09-02',3,1,1,'',70.00,'2nd child'),(205,140,'2012-09-02',3,1,1,'',230.00,'pd 3'),(206,104,'2012-09-02',3,1,2,'2697',160.00,'pd 2'),(207,137,'2012-09-02',3,1,2,'1775',160.00,'pd 2'),(208,137,'2012-09-02',3,2,2,'1775',15.00,'Youth L - pickup'),(209,284,'2012-09-02',3,1,2,'1192',90.00,''),(210,285,'2012-09-02',3,1,2,'5363',160.00,'pd 2'),(211,167,'2012-09-02',3,1,2,'1905',160.00,'pd 2 - bank closed pd cash'),(212,174,'2012-09-02',3,1,1,'',90.00,''),(213,191,'2012-09-02',3,1,1,'',90.00,''),(214,191,'2012-09-02',3,2,1,'',15.00,'Youth M - pickup'),(215,252,'2012-09-02',3,1,2,'363',160.00,'pd 3 ($70 applied on PID=256)'),(216,256,'2012-09-02',3,1,2,'363',70.00,'paid by PID=252'),(217,286,'2012-09-02',3,1,1,'',230.00,'Pd 4 ($70 applied on PID=168)'),(218,168,'2012-09-02',3,1,1,'',70.00,'paid by PID=286'),(219,265,'2012-09-02',3,1,1,'',-140.00,'Drop Ashlyn & Avilyn & T-shirts'),(220,130,'2012-09-09',3,1,2,'3378',160.00,'pd 2'),(221,192,'2012-09-09',3,1,1,'4911',160.00,''),(222,101,'2012-09-09',3,1,2,'1776',160.00,'pd 2'),(223,143,'2012-09-09',3,1,2,'2125',160.00,''),(224,79,'2012-09-09',3,1,1,'4909',160.00,''),(225,28,'2012-09-09',3,1,2,'3109',160.00,'** Need Baptism Cert **'),(226,94,'2012-09-09',3,1,2,'3049',160.00,''),(227,214,'2012-09-09',3,1,2,'3128',160.00,'** Need Baptism Cert **'),(228,61,'2012-09-09',3,1,1,'4910',160.00,''),(229,61,'2012-09-09',3,2,1,'4910',15.00,'Youth M - delivered'),(230,61,'2012-09-09',3,2,1,'4910',15.00,'Youth M - delivered'),(231,17,'2012-09-09',3,1,1,'4904',90.00,''),(232,100,'2012-09-09',3,1,1,'4908',90.00,''),(233,20,'2012-09-09',3,1,2,'2234',90.00,''),(234,20,'2012-09-09',3,2,2,'2234',15.00,'Youth M - delivered'),(235,121,'2012-09-09',3,1,1,'4901',15.00,'Youth XL'),(236,64,'2012-09-09',3,1,1,'4902',160.00,'pd 2'),(237,120,'2012-09-09',3,1,1,'4905',230.00,'pd 3'),(238,255,'2012-09-09',3,1,2,'3164',90.00,''),(239,136,'2012-09-09',3,1,2,'1220',90.00,''),(240,78,'2012-09-09',3,1,2,'337',90.00,''),(241,43,'2012-09-09',3,1,2,'2236',70.00,''),(242,199,'2012-09-09',3,1,1,'4903',90.00,''),(243,161,'2012-09-09',3,1,1,'4907',90.00,''),(244,161,'2012-09-09',3,2,1,'4907',15.00,'Youth L - pickup'),(245,150,'2012-09-09',3,1,2,'2784',90.00,''),(246,65,'2012-09-09',3,1,1,'4906',160.00,''),(247,65,'2012-09-09',3,2,1,'4906',15.00,'Youth S'),(248,65,'2012-09-09',3,2,1,'4906',15.00,'Youth S'),(249,65,'2012-09-09',3,2,1,'4906',15.00,'Youth XL'),(250,65,'2012-09-09',3,2,1,'4906',15.00,'Youth XL'),(251,133,'2012-09-09',3,1,2,'692',90.00,''),(252,288,'2012-09-09',3,1,2,'1476',90.00,''),(253,235,'2012-09-09',3,1,2,'2073',160.00,''),(254,289,'2012-09-09',3,1,2,'1162',160.00,''),(255,289,'2012-09-09',3,2,2,'1164',15.00,'Youth M - pickup'),(256,289,'2012-09-09',3,2,2,'1164',15.00,'Youth S'),(257,22,'2012-09-09',3,1,2,'104',210.00,'Em Hoan: GL-1 VN-3 ** Short $20 **'),(258,22,'2012-09-09',3,2,2,'104',15.00,'Youth M - delivered'),(259,248,'2012-09-09',3,1,2,'1661',160.00,''),(260,27,'2012-09-09',3,1,2,'6261',160.00,''),(261,9,'2012-09-09',3,1,2,'1117',300.00,''),(262,152,'2012-09-09',3,1,2,'1340',160.00,''),(263,152,'2012-09-09',3,2,2,'1340',20.00,'Adult M - pickup'),(264,152,'2012-09-09',3,2,2,'1340',15.00,'Youth M - pickup'),(265,290,'2012-09-09',3,1,2,'564',160.00,'Missing registration for Nguyễn Hoàng Eric'),(266,141,'2012-09-09',3,1,2,'4058',70.00,'Sibling: Jason Pham - 8th'),(267,141,'2012-09-30',3,2,1,'',15.00,'pickup'),(268,287,'2012-09-09',3,1,2,'1410',90.00,''),(269,23,'2012-09-09',3,1,2,'218',300.00,'pd 4'),(271,290,'2012-09-09',3,2,2,'564',15.00,'Youth M - pickup'),(272,290,'2012-09-09',3,2,2,'564',15.00,'Adult S'),(273,263,'2015-01-11',3,1,1,'',120.00,'Late registration'),(274,89,'2012-09-16',3,1,2,'3658',90.00,''),(275,291,'2012-09-16',3,1,1,'',90.00,''),(276,292,'2012-09-16',3,1,1,'',90.00,''),(277,292,'2012-09-16',3,2,1,'',0.00,'Youth L ** UNPAID **'),(278,291,'2012-09-16',3,2,1,'',0.00,'Youth M ** UNPAID **'),(279,293,'2012-09-16',3,1,1,'',90.00,''),(280,294,'2012-09-16',3,1,1,'',160.00,'pd 2'),(281,294,'2012-09-16',3,2,1,'',15.00,'Youth M'),(282,294,'2012-09-16',3,2,1,'',15.00,'Adult M'),(283,295,'2012-09-16',3,1,2,'7072',160.00,'pd 2'),(284,295,'2012-09-16',3,2,2,'7072',15.00,'Youth M'),(285,295,'2012-09-16',3,2,2,'7072',15.00,'Youth S'),(286,296,'2012-09-16',3,1,2,'449',90.00,''),(287,296,'2012-09-16',3,2,2,'499',15.00,'Youth M - pickup'),(288,297,'2012-09-16',3,1,2,'1135',90.00,''),(289,297,'2012-09-16',3,2,2,'1135',15.00,'Youth S - pickup'),(290,299,'2012-09-16',3,1,1,'',90.00,''),(291,299,'2012-09-16',3,2,1,'',15.00,'Youth Small'),(293,301,'2012-09-23',3,1,2,'2593',160.00,'pd 2'),(294,301,'2012-09-23',3,2,2,'2593',30.00,'pickup already'),(295,223,'2012-09-23',3,1,1,'',160.00,'pd 2'),(296,305,'2012-09-23',3,1,2,'1007',230.00,'pd 3'),(297,305,'2012-09-23',3,2,2,'1007',15.00,'Youth M - pickup'),(298,305,'2012-09-23',3,2,2,'1007',15.00,'Youth L - pickup'),(299,305,'2012-09-23',3,2,2,'1007',15.00,'Youth L - pickup'),(300,134,'2012-09-23',3,1,2,'1169',230.00,'pd 3'),(301,134,'2012-09-23',3,2,2,'1169',45.00,'pd 3'),(302,167,'2012-09-23',3,2,2,'1913',30.00,'pd 2 - bank closed pd cash'),(303,300,'2012-09-23',3,1,2,'1265',160.00,'pd 2'),(304,300,'2012-09-23',3,2,2,'1265',15.00,'Youth M - pickup'),(305,300,'2012-09-23',3,2,2,'1265',15.00,'Youth M - pickup'),(306,306,'2012-09-23',3,1,2,'1350',160.00,'pd 2 **Tiffany Le for TA**'),(307,306,'2012-09-30',3,2,1,'',15.00,'Youth S'),(308,307,'2012-09-23',3,1,2,'148',90.00,'pd 1'),(309,303,'2012-09-23',3,1,1,'',70.00,'pd 1'),(310,303,'2012-09-23',3,2,1,'',15.00,'Youth L'),(311,302,'2012-09-23',3,1,1,'',90.00,'pd 1'),(312,308,'2012-09-23',3,1,1,'',90.00,'pd 1'),(313,308,'2012-09-23',3,2,1,'',15.00,'Youth L'),(314,265,'2012-09-23',3,2,1,'',-30.00,'Refunds'),(315,302,'2012-09-23',3,2,1,'',15.00,'** Pickup Already **'),(316,309,'2012-09-23',3,1,2,'1001',90.00,''),(317,310,'2012-09-23',3,1,1,'3232',90.00,''),(318,310,'2012-09-23',3,2,1,'3232',15.00,'Youth M - pickup'),(319,209,'2012-09-23',3,1,2,'4736',90.00,''),(320,306,'2012-09-30',3,1,2,'1350',-160.00,'returned check to parent'),(321,306,'2012-09-30',3,1,1,'',90.00,'pd 1'),(322,126,'2012-09-30',3,1,2,'1261',90.00,'pd 1'),(323,260,'2012-09-30',3,2,1,'',15.00,'pickup'),(324,279,'2012-09-23',3,1,1,'',-90.00,'Withdraw - REFUND'),(325,279,'2012-09-23',3,2,1,'',-15.00,'Withdraw - REFUND'),(326,302,'2012-09-30',3,1,1,'',-90.00,'Age under 5 refund'),(327,289,'2012-09-30',3,1,1,'',-70.00,'Age under 5 refund'),(328,289,'2012-09-30',3,2,1,'',-15.00,'Age under 5 refund'),(329,11,'2012-09-30',3,1,1,'',-70.00,'Age under 5 refund'),(330,304,'2012-09-23',3,1,1,'',70.00,''),(331,209,'2012-09-30',3,1,1,'',-90.00,'Refund TA'),(332,167,'2012-10-21',3,1,1,'',160.00,'pd 2'),(333,167,'2012-10-21',3,2,1,'',30.00,'pd 2 - pickup'),(334,167,'2012-10-21',3,1,2,'1905',-160.00,'bank closed'),(335,167,'2012-10-21',3,2,2,'1913',-30.00,'bank closed'),(336,74,'2012-10-21',3,2,1,'',15.00,'Youth L - Pickup'),(337,21,'2012-10-21',3,1,1,'',15.00,'Youth L - pickup'),(338,248,'2012-10-21',3,2,1,'',30.00,'Youth L - pickup 2'),(339,296,'2013-06-23',4,1,1,'',0.00,''),(340,21,'2013-06-23',4,1,1,'',70.00,'Lily Dinh'),(341,273,'2013-06-23',4,1,2,'1627',90.00,''),(342,185,'2013-06-23',4,1,1,'',90.00,''),(343,116,'2013-06-23',4,1,1,'407',160.00,'pd 2'),(344,267,'2013-06-23',4,1,2,'2346',90.00,''),(345,306,'2013-06-23',4,1,1,'',90.00,''),(346,270,'2013-06-23',4,1,2,'1620',90.00,''),(347,163,'2013-06-23',4,1,1,'2651',230.00,'Veronica & Tien & Ngoc'),(348,274,'2013-06-23',4,1,2,'1021',90.00,''),(349,297,'2013-06-23',4,1,2,'1345',90.00,''),(350,276,'2013-06-23',4,1,1,'510',90.00,''),(351,271,'2013-06-23',4,1,2,'1464',90.00,''),(352,141,'2013-06-23',4,1,1,'1309',70.00,'Jonathan'),(353,301,'2013-06-23',4,1,1,'2466',160.00,''),(354,269,'2013-06-23',4,1,1,'2898',160.00,'pd 2'),(355,29,'2013-06-23',4,1,1,'3019',160.00,'pd 2'),(356,268,'2013-06-23',4,1,1,'2268',160.00,'pd 2'),(357,272,'2013-06-23',4,1,1,'362',90.00,'Angelina'),(358,272,'2013-06-23',4,1,1,'362',70.00,'Sophia'),(359,5,'2013-06-23',4,1,1,'',0.00,''),(360,234,'2013-06-23',4,1,2,'1148',160.00,''),(361,5,'2013-06-23',4,1,1,'',0.00,''),(362,7,'2013-06-23',4,1,1,'2364',370.00,'pd 4'),(363,15,'2013-06-23',4,1,1,'',0.00,''),(364,4,'2013-06-23',4,1,1,'',0.00,''),(365,237,'2013-06-23',4,1,1,'',90.00,''),(366,13,'2013-06-23',4,1,1,'',300.00,''),(367,14,'2013-06-23',4,1,1,'',90.00,''),(368,282,'2013-06-23',4,1,2,'1513',90.00,''),(369,9,'2013-06-23',4,1,1,'',230.00,'pd 3'),(370,20,'2013-06-23',4,1,2,'2277',90.00,''),(371,266,'2013-06-23',4,1,1,'',90.00,''),(372,1,'2013-06-23',4,1,1,'',160.00,''),(373,143,'2013-06-23',4,1,2,'2166',160.00,''),(374,12,'2013-06-23',4,1,2,'2922',90.00,''),(375,281,'2013-06-23',4,1,1,'',90.00,''),(376,265,'2013-06-23',4,1,2,'3230',90.00,''),(377,286,'2013-06-23',4,1,1,'',90.00,''),(378,222,'2013-06-23',4,1,1,'',0.00,''),(379,65,'2013-06-23',4,1,2,'1007',160.00,'pd 2'),(380,260,'2013-06-23',4,1,2,'2516',90.00,''),(381,10,'2013-06-23',4,1,1,'',160.00,'pd 2'),(382,289,'2013-06-23',4,1,2,'1193',160.00,''),(383,152,'2013-06-23',4,1,2,'2008',160.00,'pd 2'),(384,238,'2013-06-23',4,1,2,'201',160.00,'pd 2'),(385,312,'2013-06-23',4,1,1,'',0.00,''),(386,312,'2013-06-23',4,1,2,'2365',160.00,'pd 2'),(387,11,'2013-06-23',4,1,2,'312',160.00,'pd 2'),(388,280,'2013-06-23',4,1,1,'',90.00,''),(389,120,'2013-06-23',4,1,1,'3240',90.00,'Angela'),(390,99,'2013-06-23',4,1,2,'517',90.00,'pd 1'),(391,93,'2013-06-23',4,1,2,'1447',160.00,'pd 2'),(392,278,'2013-06-23',4,1,2,'2204',90.00,''),(393,235,'2013-06-23',4,1,2,'',160.00,'pd 2'),(394,303,'2013-06-23',4,1,1,'',90.00,''),(395,3,'2013-06-23',4,1,1,'',90.00,''),(396,277,'2013-06-23',4,1,1,'',160.00,'pd 2'),(397,262,'2013-06-23',4,1,1,'1357',70.00,'Thao Bui'),(398,230,'2013-06-23',4,1,1,'',90.00,''),(399,262,'2013-06-23',4,1,1,'1360',70.00,'Tien Bui'),(400,17,'2013-06-23',4,1,2,'1598',160.00,'pd 2'),(401,261,'2013-06-23',4,1,1,'',90.00,''),(402,144,'2013-06-23',4,1,2,'576',160.00,'pd 2'),(403,6,'2013-06-23',4,1,2,'113',160.00,'pd 2'),(404,67,'2013-06-23',4,1,1,'',90.00,''),(405,6,'2013-06-23',4,1,1,'',0.00,''),(406,53,'2013-06-23',4,1,2,'4956',90.00,''),(407,18,'2013-06-23',4,1,2,'0128',160.00,'pd 2'),(408,58,'2013-06-23',4,1,2,'491',160.00,''),(409,56,'2013-06-23',4,1,1,'',90.00,''),(410,77,'2013-06-23',4,1,1,'',90.00,''),(411,55,'2013-06-23',4,1,2,'1554',160.00,'pd 2'),(412,73,'2013-06-23',4,1,1,'',90.00,''),(413,57,'2013-06-23',4,1,1,'',0.00,''),(414,50,'2013-06-23',4,1,2,'3015',160.00,'pd 2'),(415,313,'2013-06-23',4,1,1,'',0.00,''),(416,79,'2013-06-23',4,1,1,'',90.00,''),(417,64,'2013-06-23',4,1,1,'',160.00,'pd 2'),(418,245,'2013-06-23',4,1,1,'',160.00,'pd 2'),(419,57,'2013-06-23',4,1,1,'',0.00,''),(420,75,'2013-06-23',4,1,2,'3723',160.00,'pd 2'),(421,57,'2013-06-23',4,1,1,'',230.00,'pd 3'),(422,76,'2013-06-23',4,1,1,'',90.00,''),(423,313,'2013-06-23',4,1,1,'',230.00,'pd 3'),(424,314,'2013-06-23',4,1,1,'',90.00,'pd 1'),(425,5,'2013-07-07',4,1,2,'2168',230.00,'pd 3'),(426,7,'2013-07-07',4,1,1,'',0.00,''),(427,15,'2013-07-07',4,1,1,'',90.00,'pd 1'),(428,4,'2013-07-07',4,1,2,'2594',90.00,'pd 1'),(429,252,'2013-07-07',4,1,1,'',90.00,''),(430,88,'2013-07-07',4,1,2,'3136',160.00,'pd 2'),(431,90,'2013-07-07',4,1,2,'1219',160.00,'pd 2'),(432,82,'2013-07-07',4,1,1,'',90.00,''),(433,286,'2013-07-07',4,1,1,'',70.00,'Kevin Nguyen'),(434,87,'2013-07-07',4,1,1,'2387',90.00,'Jenny Nguyen'),(435,31,'2013-07-07',4,1,2,'2339',160.00,'pd 2'),(436,231,'2013-07-07',4,1,1,'',90.00,'Frank'),(437,44,'2013-07-07',4,1,1,'3157',160.00,'pd 2'),(438,28,'2013-07-07',4,1,1,'3137',160.00,'pd 2'),(439,52,'2013-07-07',4,1,1,'2373',160.00,'pd 2'),(440,83,'2013-07-07',4,1,1,'',90.00,''),(441,99,'2013-07-07',4,1,2,'517',70.00,'Peter'),(442,84,'2013-07-07',4,1,1,'',90.00,''),(443,85,'2013-07-07',4,1,1,'2379',90.00,'Brigitt Johnson'),(444,42,'2013-07-07',4,1,2,'2860',160.00,'pd 2'),(445,21,'2013-07-07',4,1,1,'',70.00,'Michael Dinh'),(446,133,'2013-07-07',4,1,2,'2046',90.00,''),(447,37,'2013-07-07',4,1,1,'',90.00,''),(448,34,'2013-07-07',4,1,2,'1099',160.00,'20 cash, pd 2'),(449,41,'2013-08-11',4,1,1,'437',90.00,''),(450,108,'2013-07-07',4,1,1,'750',160.00,'pd 2'),(451,33,'2013-07-07',4,1,1,'',160.00,''),(452,25,'2013-07-07',4,1,1,'2135',90.00,''),(453,262,'2013-07-07',4,1,1,'1356',90.00,'Annie Bui'),(454,71,'2013-07-07',4,1,1,'',90.00,''),(455,40,'2013-07-07',4,1,2,'1173',90.00,''),(456,286,'2013-07-21',4,1,1,'',70.00,'Paul'),(457,131,'2013-07-21',4,1,1,'',90.00,'Nhi'),(458,225,'2013-07-21',4,1,1,'1810',90.00,'He will Comfirm at Catholic Schơol'),(459,121,'2013-07-21',4,1,1,'',90.00,'Thomas'),(460,120,'2013-07-21',4,1,2,'3240',70.00,'Paul'),(461,255,'2013-07-21',4,1,2,'3230',90.00,'Hilton'),(462,118,'2013-07-21',4,1,2,'7478',90.00,''),(463,190,'2013-07-21',4,1,2,'',90.00,'Trisha'),(464,23,'2013-07-21',4,1,2,'319',300.00,'pd 4'),(465,123,'2013-07-21',4,1,1,'',90.00,'Jennifer'),(466,132,'2013-07-21',4,1,2,'2441',90.00,'Anthony'),(467,148,'2013-07-21',4,1,2,'1211',160.00,'pd 2'),(468,165,'2013-07-21',4,1,2,'1082',90.00,''),(469,316,'2013-07-21',4,1,1,'1597',300.00,'pd 4'),(470,157,'2013-07-21',4,1,1,'',90.00,''),(471,124,'2013-07-21',4,1,2,'3535',90.00,''),(472,127,'2013-07-21',4,1,1,'',90.00,''),(473,125,'2013-07-21',4,1,1,'',90.00,''),(474,155,'2013-07-21',4,1,2,'1068',90.00,''),(475,222,'2013-07-21',4,1,1,'1038',160.00,'Need baptism Cert.'),(476,222,'2013-07-21',4,1,1,'',0.00,''),(477,106,'2013-07-21',4,1,2,'0910',140.00,''),(478,106,'2013-07-21',4,1,1,'',20.00,''),(479,159,'2013-07-21',4,1,2,'741',160.00,'pd 2'),(480,87,'2013-07-21',4,1,2,'2391',70.00,'Tina Nguyen'),(481,21,'2013-07-21',4,1,1,'',90.00,'Tony Nguyen'),(482,102,'2013-07-21',4,1,1,'',90.00,''),(483,114,'2013-07-21',4,1,2,'1779',160.00,'pd 2'),(484,111,'2013-07-21',4,1,1,'',90.00,''),(485,113,'2013-07-21',4,1,2,'2436',90.00,''),(486,117,'2013-07-21',4,1,1,'',90.00,''),(487,147,'2013-07-21',4,1,1,'',70.00,'Camila'),(488,197,'2013-07-21',4,1,1,'',160.00,'pd 2'),(489,101,'2013-07-21',4,1,1,'1827',90.00,'Tú-Mi'),(490,35,'2013-07-21',4,1,2,'2594',160.00,'pd 2'),(491,153,'2013-07-21',4,1,2,'347',90.00,''),(492,141,'2013-07-21',4,1,2,'1309',90.00,'Jason'),(493,135,'2013-07-21',4,1,1,'',90.00,''),(494,138,'2013-07-21',4,1,2,'2148',90.00,''),(495,254,'2013-07-21',4,1,2,'276',160.00,'pd 2'),(496,119,'2013-07-21',4,1,2,'1682',90.00,''),(497,141,'2013-07-21',4,1,2,'5430',90.00,'Josephine'),(498,137,'2013-07-21',4,1,1,'',90.00,'Trinh'),(499,146,'2013-07-21',4,1,1,'',90.00,''),(500,66,'2013-07-21',4,1,2,'3194',140.00,''),(501,66,'2013-07-21',4,1,1,'',20.00,''),(502,151,'2013-07-21',4,1,2,'2105',90.00,''),(503,123,'2013-07-21',4,1,1,'',70.00,'Anh Nguyễn'),(504,130,'2013-07-21',4,1,2,'3472',90.00,'pd1'),(505,130,'2013-07-28',4,1,1,'',0.00,'TA'),(506,214,'2013-07-28',4,1,1,'',160.00,'pd 2'),(507,104,'2013-07-28',4,1,1,'',160.00,'pd 2'),(508,296,'2013-07-28',4,1,2,'410',90.00,''),(509,318,'2013-07-28',4,1,1,'',90.00,'pd 1'),(510,317,'2013-07-28',NULL,1,1,'881',230.00,''),(511,319,'2013-07-28',4,1,1,'',90.00,'pd 1'),(512,321,'2013-07-28',4,1,1,'',90.00,''),(513,231,'2013-07-28',4,1,1,'',70.00,'Catherine'),(514,322,'2013-07-28',4,1,1,'',90.00,'không Công Giáo, Thầy Nghĩa approved'),(515,323,'2013-07-28',4,1,2,'2106',90.00,''),(516,325,'2013-07-28',4,1,1,'',90.00,''),(517,263,'2013-07-28',4,1,1,'',160.00,'pd 2'),(518,326,'2013-07-28',4,1,2,'2379',70.00,'sister Brigitt is under parent# 85'),(519,327,'2013-07-28',4,1,2,'1228',160.00,'Briney & Norman'),(520,329,'2013-07-28',4,1,2,'1108',90.00,''),(521,331,'2013-07-28',4,1,2,'1200',90.00,''),(522,330,'2013-07-28',4,1,1,'',90.00,''),(523,332,'2013-07-28',NULL,1,1,'2300',90.00,''),(524,333,'2013-07-28',NULL,1,1,'108',90.00,''),(525,199,'2013-07-28',4,1,1,'',90.00,''),(526,228,'2013-07-28',4,1,2,'1616',160.00,'pd 2'),(527,149,'2013-08-11',4,1,2,'2573',90.00,'Kimberly'),(528,103,'2013-08-11',4,1,1,'',160.00,'Julia Randy'),(529,334,'2013-08-11',NULL,1,1,'9486',90.00,'Hieu'),(530,101,'2013-08-11',4,1,1,'',70.00,'Aaron'),(531,120,'2013-08-17',NULL,1,1,'3240',70.00,'Simon'),(532,147,'2013-08-17',4,1,1,'',160.00,'Emily  & Alexander 9 missing Baptism'),(533,140,'2013-08-17',4,1,2,'1349',160.00,'Jason & Morgan'),(534,132,'2013-08-18',4,1,1,'2495',30.00,'adult small, youthXL'),(535,166,'2013-08-18',4,1,1,'',230.00,''),(536,7,'2013-08-18',4,2,1,'',15.00,'1 polo'),(537,59,'2013-08-18',4,1,1,'',90.00,''),(538,22,'2013-08-18',4,1,1,'',160.00,'Duc Anh, Dan Anh'),(539,22,'2013-08-18',4,2,1,'',30.00,'2 polo shirts - delivered'),(540,179,'2013-08-18',4,1,1,'',15.00,'1 polo'),(541,43,'2013-08-18',4,1,2,'2317',160.00,''),(542,39,'2013-08-18',4,1,2,'2428',160.00,''),(543,60,'2013-08-18',4,1,2,'2427',160.00,''),(544,223,'2013-08-18',4,1,1,'',160.00,'Vincent & Steven'),(545,335,'2013-08-17',4,1,2,'2445',90.00,'Allergic All Nut'),(546,30,'2013-08-18',4,1,1,'',90.00,''),(547,30,'2013-08-18',4,2,1,'',15.00,'Youth L'),(548,114,'2013-08-18',4,2,1,'',30.00,'2 Adult S'),(549,336,'2013-08-18',4,1,2,'218',90.00,''),(550,336,'2013-08-18',4,2,2,'219',15.00,'1 polo'),(551,337,'2013-08-18',4,1,2,'1009',160.00,'pd 2'),(552,339,'2013-08-18',4,2,2,'1009',30.00,'2 Adult S'),(553,337,'2013-08-18',4,2,2,'1009',30.00,'2 Adult S'),(554,108,'2013-07-07',NULL,2,1,'750',30.00,'2 Youth M'),(555,300,'2013-08-18',4,1,1,'',160.00,'Victor & Vivian'),(556,107,'2013-08-18',4,1,2,'7014',230.00,'Dinh Phong Bao'),(557,179,'2013-08-18',4,1,2,'2097',160.00,'Alex- Kevin Nicholas'),(558,94,'2013-08-22',4,1,2,'1234',160.00,'will pay in Sat 24 aug'),(559,94,'2013-08-22',4,1,2,'1234',160.00,'will pay on Sat 24 Aug'),(560,338,'2013-08-22',4,1,1,'',160.00,'Gilbert & Julia'),(561,236,'2013-08-18',4,1,1,'',160.00,'Ashley & Angelina'),(562,62,'2013-08-22',4,1,2,'1352',160.00,'Minh & Nhat'),(563,349,'2013-08-22',4,1,1,'',90.00,'Tran'),(564,94,'2013-08-23',4,1,1,'',160.00,'Trinitie & Sydnie'),(565,27,'2013-08-25',4,1,1,'',160.00,''),(566,74,'2013-08-25',4,1,1,'',160.00,'Thien Khanh'),(567,47,'2013-08-25',4,1,1,'',160.00,''),(568,150,'2013-08-25',4,1,1,'5197',90.00,''),(569,341,'2013-08-25',4,1,1,'',160.00,'Chloe & Brody'),(570,100,'2013-08-25',4,1,1,'',90.00,''),(571,342,'2013-08-25',4,1,1,'',90.00,''),(572,343,'2013-08-25',4,1,1,'',160.00,'Jason Tamery'),(573,126,'2013-09-01',4,1,1,'1398',90.00,'Diepnhi'),(574,344,'2013-09-01',4,1,2,'136',160.00,'Abby & Matthew'),(575,345,'2013-09-01',4,1,2,'278',160.00,'Vivian & Victoria'),(576,312,'2013-09-01',4,1,2,'2209',70.00,'Austin'),(577,112,'2013-09-08',4,1,1,'',90.00,''),(578,61,'2013-09-08',4,1,1,'',160.00,''),(579,278,'2013-09-08',4,1,1,'2226',90.00,''),(580,285,'2013-09-08',4,1,1,'',160.00,'Jeffrey & Elise'),(581,346,'2013-09-08',4,1,1,'',90.00,''),(582,347,'2013-09-08',4,1,1,'',90.00,''),(583,348,'2013-09-08',4,1,2,'6250',90.00,''),(584,91,'2013-09-08',4,1,1,'',90.00,''),(585,140,'2013-09-15',4,1,1,'',70.00,'Kevin 10th Grade'),(586,353,'2013-09-21',4,1,1,'',90.00,''),(587,139,'2013-09-22',4,1,1,'1648',90.00,'Nguyen John Bryan'),(588,319,'2014-06-07',5,1,2,'106',120.00,'Y-M'),(589,314,'2014-06-07',5,1,1,'',120.00,'Y-M'),(590,297,'2014-06-07',5,1,2,'1435',120.00,'Y-M'),(591,107,'2014-06-07',5,1,2,'7189',310.00,'Y-M, Y-M, A-S'),(592,271,'2014-06-07',5,1,1,'',220.00,'Y-S, Y-S'),(594,140,'2014-06-07',5,1,2,'1442',220.00,'Y-S, A-L'),(595,355,'2014-06-07',5,1,2,'3219',210.00,'A-S,Y-L,Y-M, paid 3, VN Only'),(596,93,'2014-06-07',5,1,2,'1591',140.00,'Y-M, Y-L'),(597,306,'2014-06-07',5,1,1,'',150.00,'Y-M'),(598,272,'2014-06-07',5,1,2,'332',220.00,'Y-M, Y-L'),(599,269,'2014-06-07',5,1,2,'3002',150.00,'Y-M'),(601,356,'2014-06-07',5,1,1,'',120.00,'Y-S'),(602,21,'2014-06-07',5,1,2,'3602',420.00,'Y-M, Y-S, Y-L, A-M'),(603,327,'2014-06-07',5,1,2,'1301',220.00,'Y-M, Y-L'),(604,267,'2014-06-07',5,1,2,'2447',150.00,'Y-M'),(605,260,'2014-06-07',5,1,2,'2644',120.00,'Y-L'),(606,235,'2014-06-07',5,1,2,'2293',120.00,'Y-M, paid 1'),(607,262,'2014-06-07',5,1,2,'1471',120.00,'Y-M'),(608,270,'2014-06-07',5,1,2,'1536',280.00,'Y-M, Y-S'),(609,273,'2014-06-07',5,1,2,'112',220.00,'Y-S, Y-M'),(610,10,'2014-06-07',5,1,1,'',220.00,'Y-M, Y-L'),(611,144,'2014-06-07',5,1,1,'',300.00,'Y-M, A-L'),(612,274,'2014-06-07',5,1,2,'1342',120.00,'Y-M'),(613,58,'2014-06-07',5,1,1,'',-20.00,'$20 cash refund from $120 check'),(614,58,'2014-06-07',5,1,2,'751',120.00,'Y-M'),(615,234,'2014-06-07',5,1,2,'1367',280.00,'Y-S, Y-M'),(616,268,'2014-06-07',5,1,2,'2395',220.00,'Y-M, Y-XL'),(617,318,'2014-06-07',5,1,1,'',120.00,'Y-S'),(618,324,'2014-06-07',5,1,1,'',120.00,'Y-M'),(619,185,'2014-06-07',5,1,1,'',120.00,'Y-M'),(620,11,'2014-06-07',5,1,2,'352',280.00,'Y-M, Y-L'),(621,335,'2014-06-07',5,1,2,'2474',120.00,'Y-M'),(622,357,'2014-06-07',5,1,2,'5065',120.00,'Y-S'),(623,323,'2014-06-07',5,1,2,'1957',150.00,'Y-S'),(624,330,'2014-06-07',5,1,2,'1023',120.00,'Y-S'),(625,276,'2014-06-07',5,1,2,'585',120.00,'Y-M'),(626,289,'2014-06-07',5,1,2,'1223',280.00,'Y-S, Y-M'),(627,265,'2014-06-07',5,1,2,'1864',320.00,'Y-M, Y-L, Y-M'),(628,346,'2014-06-07',5,1,2,'4071',120.00,'Y-S'),(629,228,'2014-06-07',5,1,2,'1632',280.00,'Y-S, Y-M'),(630,18,'2014-06-07',5,1,2,'0247',150.00,'Y-M, only register 1 kid'),(631,197,'2014-06-07',5,1,1,'',220.00,'Y-L, Y-L'),(632,190,'2014-06-07',5,1,2,'1501',120.00,'A-S'),(633,118,'2014-06-07',5,1,2,'7569',120.00,'A-S'),(634,328,'2014-06-07',5,1,2,'1196',240.00,'Y-S, Y-S'),(635,358,'2014-06-07',5,1,2,'181',70.00,'Y-S, VN Only'),(636,101,'2014-06-07',5,1,2,'1916',220.00,'Y-L, Y-S'),(637,131,'2014-06-07',5,1,1,'',150.00,'Y-L'),(638,100,'2014-06-07',5,1,1,'',120.00,'A-S'),(639,124,'2014-06-07',5,1,2,'3737',120.00,'A-M'),(640,121,'2014-06-07',5,1,1,'',150.00,'Y-L'),(641,91,'2014-06-07',5,1,1,'',120.00,'Y-L'),(642,6,'2014-06-07',5,1,2,'123',280.00,'Y-M, Y-L'),(643,316,'2014-06-07',5,1,2,'1618',540.00,'A-M, Y-M, A-M, Y-L'),(644,166,'2014-06-07',5,1,1,'',220.00,'Y-M,Y-S'),(645,331,'2014-06-07',5,1,2,'1262',120.00,'Y-M'),(646,302,'2014-06-07',5,1,2,'1466',70.00,'Y-M'),(647,88,'2014-06-07',5,1,2,'3386',280.00,'Y-L,Y-XL'),(648,354,'2014-06-07',5,1,1,'',280.00,'Y-L, Y-L'),(649,163,'2014-06-07',5,1,2,'1066',310.00,'Y-S,Y-M,Y-M'),(650,163,'2014-06-07',5,1,1,'',10.00,'Additional cash to check 1066'),(651,130,'2014-06-07',5,1,2,'3544',120.00,'A-S'),(652,18,'2014-06-07',5,1,2,'0246',150.00,'Y-L'),(653,29,'2014-06-07',5,1,2,'3122',220.00,'Y-L, Y-M'),(654,108,'2014-06-07',5,1,2,'746/747',300.00,'Y-L, Y-L'),(655,77,'2014-06-07',5,1,2,'1590',150.00,'Y-L'),(656,50,'2014-06-07',5,1,2,'3048',220.00,'Y-XL, Y-XL'),(657,359,'2014-06-07',5,1,2,'1214',150.00,'A-M'),(658,23,'2014-06-07',5,1,1,'',420.00,'A-L, A-S, Y-L,Y-M'),(659,352,'2014-06-07',5,1,2,'1129',120.00,'Y-S'),(660,132,'2014-06-07',5,1,2,'2657',100.00,'Y-S, 2nd child'),(661,7,'2014-06-07',5,1,2,'1596',300.00,'Y-M, Y-L, Y-XL,'),(662,41,'2014-06-07',5,1,2,'446/447',150.00,'Y-L'),(663,46,'2014-06-07',5,1,2,'1229',120.00,'Y-L'),(664,254,'2014-06-07',5,1,2,'304',150.00,'A-M'),(665,325,'2014-06-07',5,1,2,'1193',120.00,'Y-M'),(666,325,'2014-06-07',5,1,2,'1194',30.00,''),(667,27,'2014-06-07',5,1,2,'6397',240.00,'Y-M, Y-XL'),(668,236,'2014-06-07',5,1,2,'1358',280.00,'Y-L, Y-M'),(669,360,'2014-06-07',5,1,2,'1169',50.00,'A-L, VN Only'),(670,40,'2014-06-07',5,1,2,'1278',120.00,'Y-XL'),(671,333,'2014-06-07',5,1,1,'',120.00,'Y-S'),(672,103,'2014-06-07',5,1,1,'',220.00,'A-S, Y-L'),(673,71,'2014-06-07',5,1,1,'',150.00,'Y-M'),(674,42,'2014-06-07',5,1,2,'3035',120.00,'Y-M'),(675,35,'2014-06-07',5,1,2,'2685',120.00,'Y-M'),(676,361,'2014-06-07',5,1,1,'',120.00,'Y-M'),(677,37,'2014-06-07',5,1,1,'',120.00,'Y-L'),(678,57,'2014-06-07',5,1,1,'',320.00,'Y-S, Y-L, A-S'),(679,44,'2014-06-07',5,1,2,'1153',140.00,'Y-L, Y-L'),(680,340,'2014-06-07',5,1,1,'',120.00,'Y-M'),(681,353,'2014-06-07',5,1,2,'1521',120.00,'Y-S'),(682,350,'2014-06-07',5,1,2,'1784',320.00,'Y-S,Y-L,Y-L, paid 3'),(683,75,'2014-06-07',5,1,2,'3821',300.00,'Y-L, Y-L'),(684,214,'2014-06-07',5,1,2,'3217',280.00,'Y-M, Y-L'),(685,25,'2014-06-07',5,1,1,'',150.00,'Y-M'),(686,362,'2014-06-07',5,1,1,'',120.00,'Y-S'),(687,5,'2014-06-07',5,1,2,'2181',230.00,'Y-M, Y-M, Y-L (aproved by T. nghia and Cha)'),(688,34,'2014-06-07',5,1,2,'1268',280.00,'Y-M, Y-L'),(689,22,'2014-06-07',5,1,2,'1636',280.00,'Y-M, A-M'),(690,33,'2014-06-07',5,1,1,'',220.00,'Y-L, Y-XL'),(691,76,'2014-06-07',5,1,1,'',150.00,'Y-M'),(692,282,'2014-06-07',5,1,2,'1042',250.00,'Y-S, Y-L, paid 2 + 1 TNTT'),(693,141,'2014-06-07',5,1,1,'',120.00,'Y-M'),(694,84,'2014-06-07',5,1,1,'',150.00,'A-S'),(695,3,'2014-06-07',5,1,1,'',220.00,'A-S, Y-S'),(696,83,'2014-06-07',5,1,1,'',120.00,'Y-L'),(697,99,'2014-06-07',5,1,2,'308',280.00,'A-M, Y-L'),(698,149,'2014-06-07',5,1,2,'2628',120.00,'Y-M'),(699,85,'2014-06-07',5,1,2,'2472',150.00,'A-L'),(700,326,'2014-06-07',5,1,2,'2472',100.00,'Y-S'),(701,15,'2014-06-07',5,1,1,'',250.00,'Y-L, Y-S'),(702,52,'2014-06-07',5,1,2,'2443',280.00,'A-S, Y-L'),(703,1,'2014-06-07',5,1,1,'',220.00,'Y-L, Y-L'),(704,20,'2014-06-07',5,1,2,'2335',120.00,'Y-M'),(705,288,'2014-06-07',5,1,2,'1569',120.00,'Y-M'),(706,321,'2014-06-07',5,1,1,'',220.00,'Y-M,Y-M'),(707,262,'2014-06-07',5,1,2,'1470, 1469',240.00,'Y-L, Y-L'),(708,252,'2014-06-07',5,1,1,'',120.00,'Y-L'),(709,363,'2014-06-07',5,1,2,'1090',120.00,'Y-S'),(710,303,'2014-06-07',5,1,1,'',220.00,'Y-L,Y-S'),(711,225,'2014-06-07',5,1,1,'',120.00,'A-XL'),(712,66,'2014-06-07',5,1,1,'',280.00,'Y-L, A-M'),(713,120,'2014-06-07',5,1,1,'',410.00,'A-XL, A-L, Y-M'),(714,364,'2014-06-07',5,1,1,'',120.00,'Y-S'),(715,266,'2014-06-07',5,1,1,'',220.00,'Y-M, Y-S'),(716,28,'2014-06-07',5,1,2,'3216',220.00,'Y-L, Y-L'),(717,87,'2014-06-07',5,1,2,'2342',120.00,'Y-L'),(718,143,'2014-06-07',5,1,2,'903',280.00,'A-M, Y-L'),(719,143,'2014-06-07',5,1,1,'',30.00,''),(720,17,'2014-06-07',5,1,1,'',280.00,'Y-M, Y-S'),(721,119,'2014-06-07',5,1,1,'',150.00,'A-M'),(722,62,'2014-06-07',5,1,2,'1366',280.00,'A-S, Y-L'),(723,365,'2014-06-07',5,1,1,'',50.00,'Y-M, VN Only'),(724,286,'2014-06-07',5,1,1,'',320.00,'Y-XL, Y-L, A-M'),(725,153,'2014-06-07',5,1,1,'',150.00,'Y-L'),(726,12,'2014-06-07',5,1,1,'',150.00,'Y-M'),(727,269,'2014-06-07',5,1,2,'3001',150.00,'Y-L'),(728,281,'2014-06-07',5,1,1,'',120.00,'Y-L'),(729,53,'2014-06-07',5,1,2,'5027',30.00,''),(730,14,'2014-06-07',5,1,1,'',120.00,'Y-M'),(732,67,'2014-06-07',5,1,2,'1085',120.00,'Y-L'),(733,4,'2014-06-07',5,1,2,'2606',150.00,'Y-L'),(734,366,'2014-06-07',5,1,2,'1049',230.00,'Y-L,Y-M'),(735,60,'2014-06-07',5,1,2,'2524',220.00,'Y-XL, A-L'),(736,360,'2014-06-07',5,1,1,'',50.00,'Y-XL, 2nd child VN only'),(737,9,'2014-06-07',5,1,1,'',230.00,'Y-M, Y-M, Y-L'),(738,43,'2014-06-07',5,1,2,'2350',280.00,'Y-L, Y-M'),(739,311,'2014-06-07',5,1,2,'157',220.00,'A-S,Y-M, paid 2'),(740,245,'2014-06-07',5,1,1,'',320.00,'Y-M, Y-L, Y-S'),(741,94,'2014-06-07',5,1,2,'3203',220.00,'A-S, Y-XL'),(742,53,'2014-06-07',5,1,2,'5026',150.00,'Y-M'),(743,55,'2014-06-07',5,1,2,'1700',220.00,'Y-L, A-M'),(744,104,'2014-06-07',5,1,2,'2884',180.00,'Y-L'),(745,31,'2014-06-07',5,1,2,'1734',220.00,'A-M, A-S'),(746,63,'2014-06-07',5,1,2,'422',120.00,'A-S'),(747,13,'2014-06-07',5,1,1,'',420.00,'Y-L, Y-M,Y-L,Y-M'),(749,39,'2014-06-07',5,1,2,'1150',220.00,'A-S, Y-L'),(750,73,'2014-06-07',5,1,1,'',120.00,'Y-M'),(751,254,'2014-06-07',5,1,1,'',150.00,'Y-L'),(752,113,'2014-06-07',5,1,2,'2483',120.00,'Y-L'),(753,179,'2014-06-07',5,1,2,'2124',120.00,'Y-M'),(754,117,'2014-06-07',5,1,1,'',150.00,'A-S'),(755,56,'2014-06-07',5,1,1,'',120.00,'Y-M'),(756,106,'2014-06-07',5,1,2,'1108',120.00,'Y-L'),(757,114,'2014-06-07',5,1,2,'1942',220.00,'Y-XL, Y-XL'),(758,367,'2014-06-07',5,1,2,'2010',280.00,'Y-M,Y-M, paid 2 + 2 TNTT'),(759,47,'2014-06-07',5,1,1,'',380.00,'A-S, Y-L, Y-M'),(760,123,'2014-06-07',5,1,1,'',140.00,'A-S'),(761,368,'2014-06-07',5,1,1,'',0.00,'Fee Waived per Cha for both GLVN & TNTT'),(762,328,'2014-06-07',5,1,1,'',-20.00,'$20 refund from $240 check'),(763,93,'2014-08-23',5,1,2,'1631',120.00,'Add 2 students to VN'),(764,64,'2014-08-23',5,1,1,'',260.00,'A-M Y-M'),(765,159,'2014-08-23',5,1,2,'906',140.00,'Y-M'),(766,261,'2014-08-23',5,1,2,'1240',140.00,'Y-M'),(767,320,'2014-08-23',5,1,1,'',140.00,'Y-S'),(768,300,'2014-08-23',5,1,2,'1341',320.00,'Y-L Y-L'),(769,146,'2014-08-23',5,1,1,'',140.00,'Y-L'),(770,147,'2014-08-23',5,1,1,'',380.00,'Y-M, Y-XL, A-S'),(771,59,'2014-08-23',5,1,1,'',140.00,'A-S'),(772,125,'2014-08-23',5,1,1,'',120.00,'Y-L'),(773,280,'2014-08-23',5,1,1,'',140.00,'Y-L'),(774,237,'2014-08-23',5,1,2,'1407',140.00,'Y-M'),(775,152,'2014-08-23',5,1,2,'1470',240.00,'Y-L, A-M'),(776,127,'2014-08-23',5,1,1,'',140.00,'A-S'),(777,317,'2014-08-23',5,1,1,'',140.00,'Y-L'),(778,223,'2014-08-23',5,1,1,'',320.00,'Y-XL, Y-XL'),(779,35,'2014-08-23',5,1,2,'2711',120.00,'Y-L, 2nd child'),(780,339,'2014-08-23',5,1,1,'',260.00,'Y-M, Y-S'),(781,111,'2014-08-23',5,1,1,'',140.00,'Y-XL'),(782,116,'2014-08-23',5,1,2,'359',260.00,'Y-M, Y-L'),(783,315,'2014-08-23',5,1,1,'',140.00,'Y-M'),(784,199,'2014-08-23',5,1,1,'',140.00,'Y-M (Travis), Lauren (TA-No fee)'),(785,65,'2014-08-23',5,1,1,'',260.00,'Y-M, A-S'),(786,334,'2014-08-23',5,1,2,'9609',140.00,'Y-M'),(787,341,'2014-08-23',5,1,2,'3190',260.00,'Y-M, Y-M'),(788,369,'2014-08-23',5,1,2,'1210',180.00,'Y-L, A-M, A-L, VN Only - 3 Students'),(789,332,'2014-08-23',5,1,1,'',0.00,'Cô Lily\'s Credit'),(790,370,'2014-08-23',5,1,1,'',140.00,'Y-S'),(791,371,'2014-08-23',5,1,1,'',140.00,'Y-M'),(792,372,'2014-08-23',5,1,1,'',0.00,'Y-M, Y-S, Y-M, Fee Waived per Cha'),(793,373,'2014-08-23',5,1,1,'',170.00,'Y-S, Y-L, Y-M, VN Only - 3 Students'),(794,374,'2014-08-23',5,1,1,'',0.00,'A-S, Y-S, Fee Waived and Approved by Cha'),(795,375,'2014-08-23',5,1,2,'580',140.00,'Y-S'),(796,376,'2014-08-23',5,1,1,'',140.00,'Y-M'),(797,377,'2014-08-23',5,1,1,'',140.00,'Y-S (Pickup shirt already)'),(798,378,'2014-08-23',5,1,1,'',60.00,'VN Only-Cancel'),(799,379,'2014-08-23',5,1,2,'890',140.00,'Y-S'),(800,379,'2014-08-23',5,2,1,'',10.00,'Blue Shirt'),(801,380,'2014-08-23',5,1,2,'424',60.00,'Y-XL'),(802,157,'2014-08-23',5,1,1,'',190.00,'A-S'),(803,102,'2014-08-23',5,1,2,'3086',190.00,'A-M'),(804,79,'2014-08-23',5,1,1,'',160.00,'A-L'),(805,338,'2014-08-23',5,1,1,'',330.00,'Y-L, Y-M'),(806,243,'2014-08-23',5,1,1,'',160.00,'Y-XL'),(807,315,'2014-08-23',5,1,1,'',-140.00,'Cancellation - Refund'),(808,30,'2014-08-23',5,1,1,'',160.00,'Y-XL'),(809,337,'2014-08-23',5,1,2,'1043',300.00,'A-M,A-M'),(810,381,'2014-08-23',5,1,2,'983',160.00,'Y-S'),(811,382,'2014-08-23',5,1,1,'',140.00,'No Shirt Sizze'),(812,383,'2014-08-23',5,1,2,'2236',70.00,'Shirt Pickup Already, VN Only'),(813,205,'2014-08-23',5,1,1,'',30.00,'TNTT Only'),(814,64,'2014-08-23',5,1,1,'',60.00,'Paid 2 TNTT'),(815,103,'2014-08-24',5,1,1,'',60.00,'Paid 2 TNTT'),(816,56,'2014-08-24',5,1,1,'',30.00,'TNTT'),(817,62,'2014-08-24',5,1,1,'',60.00,'Paid 2 TNTT'),(818,384,'2014-08-24',5,1,1,'',190.00,'Y-S'),(819,385,'2014-08-24',5,1,1,'',0.00,'Pending for Cha Fee Waiver'),(820,336,'2014-09-06',5,1,1,'',120.00,''),(821,316,'2014-09-07',5,1,1,'',-120.00,'Refund 4 x TNTT'),(822,313,'2014-09-07',5,1,2,'',580.00,''),(823,351,'2014-09-14',5,1,1,'',300.00,'owed $140'),(824,228,'2014-09-14',5,1,1,'',-30.00,'Refund TNTT'),(825,166,'2014-09-14',5,1,1,'',-220.00,'Refund GLVN'),(826,301,'2014-09-07',5,1,1,'',300.00,'2 uniforms pickup'),(827,222,'2014-09-07',5,1,1,'',300.00,''),(828,112,'2014-09-28',5,1,2,'5402',160.00,'Late register'),(829,225,'2014-09-28',5,1,2,'3025',80.00,''),(830,255,'2014-09-28',5,1,1,'3025',80.00,'GL only'),(831,112,'2014-09-28',5,1,1,'',0.00,'void'),(832,389,'2014-09-28',5,1,2,'1004',240.00,'father approval'),(833,263,'2012-08-11',5,1,1,'',90.00,''),(834,101,'2015-06-21',6,1,2,'2047',220.00,''),(835,141,'2015-07-12',5,1,1,'',120.00,''),(836,71,'2015-07-12',5,1,1,'',150.00,''),(837,286,'2015-07-13',6,1,1,'',220.00,'John Kevin'),(838,286,'2015-07-14',6,1,1,'',220.00,'John Kevin'),(839,286,'2015-07-14',6,1,1,'',220.00,'John Kevin'),(840,71,'2015-07-14',6,1,1,'',220.00,'John Kevin'),(841,71,'2015-07-14',6,1,1,'',220.00,'John Kevin'),(842,71,'2015-07-14',6,1,1,'',220.00,'John Kevin'),(843,71,'2015-07-14',6,1,1,'',150.00,''),(844,141,'2015-07-14',6,1,1,'',150.00,''),(845,35,'2015-07-16',6,1,1,'',120.00,''),(846,67,'2015-07-16',6,1,1,'',120.00,''),(847,33,'2015-07-17',6,1,1,'',220.00,''),(848,338,'2015-07-28',6,1,1,'1631',220.00,''),(849,269,'2015-07-28',6,1,2,'3133',180.00,''),(850,379,'2015-07-28',6,1,2,'927',120.00,''),(851,379,'2015-07-28',6,1,1,'927',0.00,''),(852,260,'2015-07-28',6,1,2,'2710',220.00,''),(853,50,'2015-07-28',6,1,2,'1068',220.00,''),(854,144,'2015-07-28',6,1,2,'1428',150.00,''),(855,179,'2015-07-28',6,1,2,'2156',120.00,''),(856,60,'2015-07-28',6,1,2,'2658',120.00,''),(857,106,'2015-07-28',6,1,2,'986',120.00,''),(858,39,'2015-07-28',6,1,2,'2657',220.00,''),(859,18,'2015-07-28',6,1,2,'0358',150.00,''),(860,302,'2015-07-28',6,1,2,'1525',270.00,'Refund 30 for TNTT'),(861,113,'2015-07-28',6,1,1,'2534',120.00,''),(862,75,'2015-07-28',6,1,1,'3929',300.00,''),(863,43,'2015-07-28',6,1,2,'2435',280.00,''),(864,77,'2015-07-28',6,1,2,'150',293.00,''),(865,90,'2015-07-28',6,1,2,'1002',120.00,''),(866,357,'2015-07-28',6,1,1,'5148',120.00,''),(867,236,'2015-07-28',6,1,2,'',280.00,''),(868,53,'2015-07-28',6,1,2,'5110',150.00,''),(869,108,'2015-07-28',6,1,2,'1373',220.00,''),(870,88,'2015-07-28',6,1,2,'3591',280.00,''),(871,332,'2015-07-28',6,1,2,'199',60.00,''),(872,358,'2015-07-28',6,1,2,'200',60.00,''),(873,41,'2015-07-28',6,1,2,'459',120.00,''),(874,41,'2015-07-28',6,1,2,'',120.00,''),(875,29,'2015-07-28',6,1,2,'',250.00,''),(876,28,'2015-07-28',6,1,2,'3283',280.00,''),(877,120,'2015-07-28',6,1,2,'3195',280.00,''),(878,143,'2015-07-28',6,1,2,'2277',210.00,''),(879,270,'2015-07-28',6,1,2,'1680',270.00,''),(880,27,'2015-07-28',6,1,2,'6560',380.00,''),(881,269,'2015-07-30',6,1,1,'3132',280.00,''),(882,185,'2015-07-30',6,1,1,'',120.00,''),(883,314,'2015-07-30',6,1,2,'1189',120.00,''),(884,337,'2015-07-30',6,1,1,'2015',220.00,''),(885,63,'2015-07-30',6,1,2,'520',120.00,''),(886,288,'2015-07-30',6,1,2,'1617',120.00,''),(887,313,'2015-07-30',6,1,2,'1333',510.00,''),(888,289,'2015-07-30',6,1,2,'1132',280.00,''),(889,339,'2015-07-30',6,1,2,'1390',220.00,''),(890,18,'2015-07-30',6,1,2,'357',150.00,''),(891,25,'2015-07-30',6,1,2,'2445',120.00,''),(892,52,'2015-07-30',6,1,2,'2489',220.00,''),(893,266,'2015-07-30',6,1,2,'3252',220.00,''),(894,360,'2015-07-30',6,1,2,'4088',60.00,'Vn Only'),(895,335,'2015-07-30',6,1,2,'2553',120.00,''),(896,31,'2015-07-30',6,1,2,'1771',120.00,'Bible only'),(897,374,'2015-07-30',6,1,1,'',200.00,'cha special case'),(898,300,'2015-07-30',6,1,1,'1378',220.00,''),(899,267,'2015-07-30',6,1,2,'2540',150.00,''),(900,5,'2015-07-30',6,1,2,'2194',320.00,''),(901,20,'2015-07-30',6,1,2,'2394',120.00,''),(902,326,'2015-07-30',6,1,2,'2534',280.00,''),(903,44,'2015-07-30',6,1,2,'1197',140.00,'Bible only'),(904,65,'2015-07-30',6,1,2,'',220.00,''),(905,273,'2015-07-30',6,1,2,'121',280.00,''),(906,363,'2015-07-30',6,1,2,'1277',150.00,''),(907,235,'2015-07-30',6,1,2,'2405',120.00,''),(908,311,'2015-07-30',6,1,2,'241',220.00,''),(909,268,'2015-07-30',6,1,2,'2539',220.00,''),(910,327,'2015-07-30',6,1,2,'1388',120.00,''),(911,12,'2015-07-30',6,1,2,'',150.00,''),(912,149,'2015-07-30',6,1,1,'',120.00,''),(913,340,'2015-07-30',6,1,1,'',120.00,''),(914,364,'2015-07-30',6,1,2,'',120.00,''),(915,214,'2015-07-31',6,1,2,'3260',220.00,''),(916,23,'2015-07-31',6,1,2,'452',510.00,''),(917,101,'2015-07-31',6,1,2,'2047',220.00,''),(918,7,'2015-07-31',6,1,2,'701',270.00,''),(919,362,'2015-07-31',6,1,1,'',0.00,''),(920,362,'2015-07-31',6,1,2,'188',100.00,''),(921,333,'2015-07-31',6,1,2,'188',220.00,''),(922,159,'2015-07-31',6,1,2,'1039',120.00,''),(923,17,'2015-07-31',6,1,2,'1702',280.00,''),(924,228,'2015-07-31',6,1,2,'1683',280.00,''),(925,93,'2015-07-31',6,1,2,'1653',270.00,'tntt'),(926,392,'2015-07-31',6,1,2,'',420.00,''),(927,376,'2015-07-31',6,1,2,'142',220.00,''),(928,323,'2015-07-31',6,1,2,'2015',250.00,''),(929,55,'2015-07-31',6,1,2,'2006',120.00,'refunded'),(930,132,'2015-07-31',6,1,2,'2858',120.00,''),(931,255,'2015-07-31',6,1,2,'3054',60.00,''),(932,328,'2015-07-31',6,1,2,'1069',280.00,''),(933,265,'2015-07-31',6,1,2,'1066',320.00,''),(934,393,'2015-07-31',6,1,2,'1686',120.00,''),(935,21,'2015-07-31',6,1,2,'3741',420.00,''),(936,4,'2015-07-31',6,1,2,'2616',150.00,''),(937,124,'2015-07-31',6,1,2,'3903',150.00,''),(938,252,'2015-07-31',6,1,2,'466',120.00,''),(939,328,'2015-07-31',6,1,2,'1069',280.00,''),(940,87,'2015-07-31',6,1,2,'2525',120.00,''),(941,274,'2015-07-31',6,1,2,'1426',150.00,''),(942,11,'2015-07-31',6,1,2,'380',280.00,''),(943,67,'2015-07-31',6,1,1,'',120.00,''),(944,147,'2015-07-31',6,1,2,'2028',320.00,'Refund $200, - $100 donate to school'),(945,35,'2015-07-31',6,1,2,'',120.00,''),(946,276,'2015-07-31',6,1,2,'556',120.00,''),(947,118,'2015-07-31',6,1,2,'7636',150.00,''),(948,140,'2015-07-31',6,1,2,'1350',120.00,''),(949,286,'2015-07-31',6,1,1,'',120.00,''),(950,84,'2015-07-31',6,1,2,'',120.00,''),(951,56,'2015-07-31',6,1,1,'',150.00,''),(952,382,'2015-07-31',6,1,1,'',120.00,''),(953,116,'2015-07-31',6,1,1,'',120.00,''),(954,396,'2015-07-31',6,1,1,'',120.00,''),(955,397,'2015-07-31',6,1,1,'',90.00,'only Teen first period'),(956,318,'2015-07-31',6,1,2,'1069',220.00,''),(957,94,'2015-07-31',6,1,1,'',280.00,''),(958,281,'2015-08-01',6,1,1,'',220.00,''),(959,73,'2015-08-01',6,1,1,'',150.00,''),(960,368,'2015-08-01',6,1,1,'',320.00,''),(961,353,'2015-08-01',6,1,1,'',220.00,''),(962,131,'2015-08-01',6,1,1,'',150.00,''),(963,121,'2015-08-01',6,1,1,'',150.00,''),(964,398,'2015-08-01',6,1,2,'2200',280.00,''),(965,10,'2015-08-01',6,1,1,'',220.00,''),(966,254,'2015-08-01',6,1,1,'',150.00,''),(967,99,'2015-08-01',6,1,1,'',280.00,''),(968,331,'2015-08-01',6,1,1,'',150.00,''),(969,58,'2015-08-01',6,1,1,'',220.00,''),(970,306,'2015-08-01',6,1,1,'',150.00,''),(971,325,'2015-08-01',6,1,1,'',120.00,''),(972,14,'2015-08-01',6,1,1,'',120.00,''),(973,352,'2015-08-01',6,1,1,'',120.00,''),(974,46,'2015-08-01',6,1,1,'',120.00,''),(975,303,'2015-08-01',6,1,1,'',250.00,''),(976,117,'2015-08-01',6,1,1,'',150.00,''),(977,64,'2015-08-01',6,1,1,'',120.00,''),(978,15,'2015-08-01',6,1,1,'',250.00,''),(979,152,'2015-08-01',6,1,1,'',120.00,''),(980,319,'2015-08-01',6,1,1,'',120.00,''),(981,1,'2015-08-01',6,1,1,'',220.00,''),(982,103,'2015-08-01',6,1,1,'',280.00,''),(983,91,'2015-08-01',6,1,1,'',120.00,''),(984,399,'2015-08-01',6,1,1,'',120.00,''),(985,22,'2015-08-01',6,1,1,'',120.00,''),(986,400,'2015-08-01',6,1,1,'',150.00,''),(987,346,'2015-08-01',6,1,1,'4087',220.00,''),(988,401,'2015-08-01',6,1,1,'',120.00,''),(989,384,'2015-08-01',6,1,1,'',150.00,''),(990,66,'2015-08-01',6,1,1,'',150.00,''),(991,336,'2015-08-01',6,1,1,'',120.00,'Lop Them Suc approved by T Buu'),(992,367,'2015-08-01',6,1,1,'',280.00,''),(993,114,'2015-08-01',6,1,1,'',120.00,''),(994,375,'2015-08-01',6,1,2,'590',220.00,''),(995,245,'2015-08-01',6,1,1,'',420.00,''),(996,402,'2015-08-01',6,1,1,'',120.00,''),(997,403,'2015-08-01',6,1,1,'',150.00,''),(998,354,'2015-08-01',6,1,1,'',120.00,''),(999,341,'2015-08-01',6,1,2,'3271',320.00,''),(1000,47,'2015-08-01',6,1,1,'',310.00,''),(1001,40,'2015-08-01',6,1,1,'',120.00,''),(1002,370,'2015-08-01',6,1,1,'',120.00,''),(1003,199,'2015-08-01',6,1,1,'',120.00,''),(1004,3,'2015-08-01',6,1,1,'',220.00,''),(1005,57,'2015-08-01',6,1,1,'',410.00,''),(1006,111,'2015-08-02',6,1,1,'',120.00,''),(1007,6,'2015-08-02',6,1,1,'',220.00,''),(1008,59,'2015-08-02',6,1,2,'',220.00,''),(1009,354,'2015-08-02',6,1,1,'',120.00,''),(1010,340,'2015-08-02',6,1,1,'',120.00,''),(1011,361,'2015-08-02',6,1,1,'',120.00,''),(1012,330,'2015-08-02',6,1,1,'',220.00,'Parents ask to change Daniel to Lop 3'),(1013,66,'2015-08-02',6,1,1,'',120.00,''),(1014,321,'2015-08-02',6,1,1,'',220.00,''),(1015,405,'2015-08-02',6,1,1,'',120.00,''),(1016,366,'2015-08-02',6,1,1,'',120.00,''),(1017,397,'2015-08-02',6,1,1,'',90.00,'need recommendation from Sr Van'),(1018,406,'2015-08-02',6,1,1,'',150.00,''),(1019,407,'2015-08-02',6,1,2,'1128',120.00,''),(1020,408,'2015-08-02',6,1,1,'',120.00,''),(1021,409,'2015-08-02',6,1,2,'',220.00,'don\'t see check #'),(1022,410,'2015-08-02',6,1,1,'',120.00,''),(1023,237,'2015-08-02',6,1,2,'1429',220.00,''),(1024,334,'2015-08-02',6,1,1,'',220.00,''),(1025,411,'2015-08-02',6,1,2,'104',280.00,''),(1026,412,'2015-08-02',6,1,1,'98',120.00,''),(1027,269,'2015-08-02',6,1,2,'3132',120.00,''),(1028,280,'2015-08-23',6,1,1,'',140.00,''),(1029,414,'2015-08-23',6,1,1,'',70.00,''),(1030,100,'2015-08-23',6,1,1,'',140.00,''),(1031,386,'2015-08-23',6,1,2,'1006',150.00,''),(1032,243,'2015-08-23',6,1,2,'1178',140.00,''),(1033,34,'2015-08-23',6,1,2,'1431',260.00,''),(1034,34,'2015-08-23',6,1,1,'',60.00,'TNTT'),(1035,317,'2015-08-23',6,1,1,'',140.00,''),(1036,415,'2015-08-23',6,1,1,'',140.00,''),(1037,416,'2015-08-23',6,1,2,'1056',140.00,''),(1038,123,'2015-08-23',6,1,1,'',170.00,''),(1039,337,'2015-08-23',6,1,1,'',60.00,'TNTT'),(1040,197,'2015-08-23',6,1,1,'',290.00,'2 GLVN + 2 shirts'),(1041,330,'2015-08-23',6,2,1,'',15.00,'shirt'),(1043,263,'2015-08-23',6,1,2,'1950',140.00,''),(1044,417,'2015-08-23',6,1,1,'',290.00,'2 kids + 2 shirts'),(1045,30,'2015-08-23',6,1,1,'',140.00,''),(1046,320,'2015-08-23',6,1,1,'',140.00,''),(1047,271,'2015-08-23',6,1,1,'',300.00,'2 kids + TNTT'),(1048,163,'2015-08-23',6,1,2,'1379',320.00,''),(1049,371,'2015-08-23',6,1,1,'',140.00,''),(1050,74,'2015-08-23',6,1,1,'',260.00,''),(1051,418,'2015-08-23',6,1,1,'',185.00,'already paid TNTT'),(1052,419,'2015-08-23',6,1,1,'',155.00,'+1 shirt'),(1053,420,'2015-08-23',6,1,2,'1014',260.00,''),(1054,420,'2015-08-23',6,2,2,'1014',30.00,''),(1055,421,'2015-08-23',6,1,1,'',120.00,''),(1056,107,'2015-08-23',6,1,2,'8566',380.00,''),(1057,107,'2015-08-23',6,2,2,'1566',30.00,''),(1058,13,'2015-08-23',6,1,2,'1300',500.00,''),(1059,282,'2015-08-23',6,1,2,'1411',260.00,''),(1060,83,'2015-08-23',6,1,1,'',120.00,''),(1061,42,'2015-08-23',6,1,2,'3290',120.00,''),(1062,62,'2015-08-23',6,1,1,'',200.00,''),(1063,205,'2015-08-23',6,1,1,'',30.00,''),(1064,422,'2015-08-23',6,1,1,'',260.00,''),(1065,261,'2015-08-23',6,1,1,'',140.00,''),(1066,423,'2015-08-23',6,1,1,'',120.00,''),(1067,423,'2015-08-23',6,2,1,'',30.00,''),(1068,381,'2015-08-23',6,1,1,'',140.00,''),(1069,119,'2015-08-23',6,1,1,'',120.00,''),(1070,274,'2015-08-23',6,1,2,'1412',140.00,''),(1071,222,'2015-08-23',6,1,2,'1091',170.00,''),(1072,425,'2015-08-23',6,1,1,'',220.00,''),(1073,426,'2015-08-23',6,1,1,'',140.00,''),(1074,102,'2015-08-23',6,1,2,'2977',140.00,''),(1075,356,'2015-09-01',6,1,1,'',120.00,''),(1076,104,'2015-09-01',6,1,2,'3033',150.00,'TNTT-ID#130'),(1077,369,'2015-09-01',6,1,2,'1072',210.00,'VN Only - 3 students'),(1078,223,'2015-09-01',6,1,1,'',300.00,''),(1079,130,'2015-09-01',6,1,2,'3716',140.00,''),(1080,427,'2015-09-01',6,1,1,'',140.00,''),(1081,428,'2015-09-01',6,1,2,'101',70.00,'GL Only'),(1082,429,'2015-09-01',6,1,2,'1811',70.00,'GL Only'),(1083,430,'2015-09-01',6,1,1,'',260.00,''),(1084,105,'2015-09-03',6,1,1,'',140.00,'Registered for 9th but out of school since 6th'),(1085,47,'2015-09-03',6,1,1,'',240.00,'1 student, previous owed $100 on other 3 std.'),(1086,424,'2015-08-23',6,1,2,'1218',155.00,'+1 shirt'),(1087,389,'2015-09-06',6,1,1,'',300.00,'late registration'),(1088,125,'2015-09-06',6,1,1,'',160.00,'late registration'),(1089,280,'2015-09-13',6,3,1,'',30.00,'TNTT'),(1090,432,'2015-09-13',6,1,1,'',155.00,'+shirt'),(1091,9,'2015-09-19',6,1,1,'',0.00,'Approve by Thay Hao'),(1092,3,'2015-09-20',6,3,1,'',60.00,'2 TNTT'),(1093,21,'2015-09-20',6,3,2,'3833',90.00,''),(1094,265,'2015-09-20',6,3,1,'',90.00,'TNTT 3 kids'),(1095,37,'2015-09-20',6,1,1,'',170.00,'plus TNTT'),(1096,434,'2015-09-20',6,1,2,'611',140.00,''),(1097,434,'2015-09-20',6,1,1,'',160.00,''),(1098,364,'2015-09-20',6,3,1,'',30.00,'TNTT'),(1099,435,'2015-09-20',6,3,1,'',30.00,'TNTT only'),(1100,55,'2015-09-27',6,3,2,'2106',30.00,'TNTT'),(1101,64,'2015-09-27',6,3,1,'',30.00,'TNTT'),(1102,439,'2015-10-11',6,3,1,'',30.00,'TNTT'),(1103,23,'2015-10-11',6,3,1,'',30.00,'TNTT'),(1105,425,'2016-06-26',7,1,2,'8469',280.00,''),(1106,412,'2016-06-26',7,1,1,'',120.00,''),(1107,346,'2016-06-26',7,1,2,'4111',220.00,''),(1108,399,'2016-06-26',7,1,1,'',120.00,''),(1110,405,'2016-06-26',7,1,1,'',120.00,''),(1112,56,'2016-06-26',7,1,1,'',150.00,''),(1116,85,'2016-06-26',7,1,2,'2563',250.00,''),(1117,159,'2016-06-26',7,1,1,'',150.00,''),(1118,306,'2016-06-26',7,1,1,'',150.00,''),(1119,328,'2016-06-26',7,1,2,'1281',280.00,''),(1123,6,'2016-06-26',7,1,2,'2634',220.00,''),(1124,352,'2016-06-26',7,1,1,'',220.00,''),(1125,149,'2016-06-26',7,1,1,'',120.00,''),(1126,338,'2016-06-26',7,1,2,'1621',280.00,''),(1128,117,'2016-06-26',7,1,1,'',150.00,''),(1130,367,'2016-06-26',7,1,1,'',280.00,''),(1131,10,'2016-06-26',7,1,1,'',120.00,''),(1132,88,'2016-06-26',7,1,2,'3618',220.00,''),(1133,107,'2016-06-26',7,1,1,'',220.00,''),(1134,25,'2016-06-26',7,1,2,'2365',120.00,''),(1135,228,'2016-06-26',7,1,2,'1736',280.00,''),(1136,99,'2016-06-26',7,1,1,'',280.00,''),(1137,112,'2016-06-26',7,1,2,'1095',150.00,''),(1138,144,'2016-06-26',7,1,2,'781',150.00,''),(1139,271,'2016-06-26',7,1,1,'',120.00,''),(1141,12,'2016-06-26',7,1,2,'3091',150.00,''),(1142,375,'2016-06-26',7,1,1,'',220.00,''),(1143,5,'2016-06-26',7,1,2,'2308',320.00,''),(1144,376,'2016-06-26',7,1,1,'',220.00,''),(1145,143,'2016-06-26',7,1,2,'2324',120.00,''),(1146,197,'2016-06-26',7,1,1,'',220.00,''),(1147,358,'2016-06-26',7,1,2,'241',70.00,'viet ngu only'),(1148,353,'2016-06-26',7,1,2,'1704',320.00,'Paid 3'),(1149,140,'2016-06-26',7,1,2,'1453',120.00,''),(1150,330,'2016-06-26',7,1,1,'',220.00,''),(1151,303,'2016-06-26',7,1,2,'615',280.00,''),(1152,132,'2016-06-26',7,1,2,'2968',120.00,''),(1153,300,'2016-06-26',7,1,1,'',220.00,''),(1154,31,'2016-06-26',7,1,2,'2635',70.00,'giao ly only'),(1155,407,'2016-06-26',7,1,2,'1186',120.00,''),(1156,245,'2016-06-26',7,1,1,'',420.00,''),(1157,59,'2016-06-26',7,1,1,'',220.00,''),(1158,327,'2016-06-26',7,1,2,'1432',280.00,''),(1159,91,'2016-06-26',7,1,1,'',120.00,''),(1160,90,'2016-06-26',7,1,1,'',120.00,''),(1161,302,'2016-06-26',7,1,2,'1569',220.00,''),(1162,28,'2016-06-26',7,1,2,'3333',280.00,''),(1163,289,'2016-06-26',7,1,2,'1219',280.00,''),(1164,43,'2016-06-26',7,1,1,'',180.00,''),(1165,83,'2016-06-26',7,1,1,'',70.00,'giao ly only'),(1166,116,'2016-06-26',7,1,1,'',120.00,''),(1167,417,'2016-06-26',7,1,1,'',220.00,''),(1168,50,'2016-06-26',7,1,2,'3232',150.00,''),(1169,364,'2016-06-26',7,1,1,'',150.00,''),(1170,263,'2016-06-26',7,1,1,'',220.00,''),(1171,73,'2016-06-26',7,1,1,'',120.00,''),(1172,340,'2016-06-26',7,1,1,'',150.00,''),(1173,421,'2016-06-26',7,1,1,'',150.00,''),(1174,314,'2016-06-26',7,1,1,'',120.00,''),(1175,276,'2016-06-26',7,1,1,'',120.00,''),(1176,361,'2016-06-26',7,1,1,'',220.00,'pay cash and check no check #'),(1177,317,'2016-06-26',7,1,1,'',120.00,''),(1178,331,'2016-06-26',7,1,1,'',150.00,''),(1179,147,'2016-06-26',7,1,1,'',150.00,''),(1180,402,'2016-06-26',7,1,1,'',140.00,'viet ngu only'),(1181,57,'2016-06-26',7,1,1,'',410.00,''),(1183,185,'2016-06-26',7,1,1,'',120.00,''),(1184,18,'2016-06-26',7,1,2,'0454',410.00,''),(1186,67,'2016-06-26',7,1,1,'',120.00,''),(1187,106,'2016-06-26',7,1,1,'',120.00,''),(1188,14,'2016-06-26',7,1,1,'',120.00,''),(1189,27,'2016-06-26',7,1,2,'6615',380.00,''),(1190,123,'2016-06-26',7,1,1,'',150.00,''),(1191,39,'2016-06-26',7,1,2,'1023',220.00,''),(1192,62,'2016-06-26',7,1,1,'',120.00,''),(1193,152,'2016-06-26',7,1,1,'',120.00,''),(1194,64,'2016-06-26',7,1,1,'',150.00,''),(1195,87,'2016-06-26',7,1,2,'2583',120.00,''),(1196,286,'2016-06-26',7,1,1,'',220.00,''),(1197,15,'2016-06-26',7,1,1,'',280.00,''),(1198,408,'2016-06-26',7,1,2,'1373',140.00,''),(1199,396,'2016-06-26',7,1,2,'184',120.00,''),(1200,267,'2016-06-26',7,1,2,'2631',150.00,''),(1201,363,'2016-06-26',7,1,2,'1372',150.00,''),(1202,66,'2016-06-26',7,1,2,'1427',150.00,''),(1203,332,'2016-06-26',7,1,2,'738',100.00,''),(1204,4,'2016-06-26',7,1,2,'2625',150.00,''),(1205,316,'2016-06-26',7,1,2,'1748',220.00,''),(1207,419,'2016-06-26',7,1,2,'1369',120.00,''),(1208,255,'2016-06-26',7,1,1,'',0.00,'TA'),(1209,141,'2016-06-26',7,1,1,'',150.00,''),(1211,398,'2016-06-26',7,1,2,'',0.00,''),(1212,21,'2016-06-26',7,1,2,'3922',410.00,''),(1213,63,'2016-06-26',7,1,2,'593',120.00,''),(1214,270,'2016-06-26',7,1,1,'',280.00,''),(1215,429,'2016-06-26',7,1,2,'1826',120.00,''),(1216,252,'2016-06-26',7,1,2,'490',70.00,'giao ly only'),(1217,269,'2016-06-26',7,1,2,'3229',380.00,'3 x GLVN 2 x TNTT'),(1218,313,'2016-06-26',7,1,2,'1106',420.00,''),(1219,274,'2016-06-26',7,1,2,'1428',150.00,''),(1220,334,'2016-06-26',7,1,2,'1058',320.00,''),(1221,341,'2016-06-26',7,1,2,'3764',320.00,''),(1222,29,'2016-06-26',7,1,2,'3370',250.00,''),(1223,236,'2016-06-26',7,1,2,'1184',280.00,''),(1224,77,'2016-06-26',7,1,2,'325',150.00,''),(1225,101,'2016-06-26',7,1,1,'',120.00,''),(1226,268,'2016-06-26',7,1,2,'2677',220.00,''),(1227,120,'2016-06-26',7,1,1,'',150.00,''),(1228,108,'2016-06-26',7,1,2,'862',120.00,''),(1230,360,'2016-06-26',7,1,2,'1444',70.00,'viet ngu only'),(1231,414,'2016-06-26',7,1,2,'4628',70.00,''),(1232,410,'2016-06-26',7,1,2,'101',150.00,''),(1233,273,'2016-06-26',7,1,2,'140',280.00,''),(1234,339,'2016-06-26',7,1,2,'131',220.00,''),(1235,362,'2016-06-26',7,1,2,'1083',120.00,''),(1236,75,'2016-06-26',7,1,2,'4018',300.00,''),(1237,104,'2016-06-26',7,1,2,'',130.00,''),(1238,17,'2016-06-26',7,1,2,'1764',280.00,''),(1239,443,'2016-06-26',7,1,2,'1401',220.00,'Paid 2 - Both not baptisted'),(1240,71,'2016-06-26',7,1,2,'291',150.00,''),(1241,42,'2016-06-26',7,1,2,'3458',120.00,''),(1242,333,'2016-06-26',7,1,2,'2213',220.00,''),(1243,311,'2016-06-26',7,1,2,'268',220.00,''),(1244,199,'2016-06-26',7,1,1,'',150.00,''),(1245,392,'2016-06-26',7,1,2,'1725',220.00,''),(1246,288,'2016-06-26',7,1,2,'1680',150.00,''),(1247,3,'2016-06-26',7,1,1,'',280.00,''),(1248,11,'2016-06-26',7,1,2,'7',280.00,''),(1249,416,'2016-06-26',7,1,2,'1049',120.00,''),(1250,23,'2016-06-26',7,1,2,'464',420.00,''),(1251,260,'2016-06-26',7,1,1,'',140.00,''),(1252,83,'2016-06-26',7,1,1,'',70.00,''),(1253,40,'2016-06-26',7,1,1,'',120.00,''),(1254,21,'2016-06-26',7,1,2,'3923',100.00,''),(1255,265,'2016-06-26',7,1,2,'120',410.00,''),(1256,65,'2016-06-26',7,1,2,'1017',220.00,''),(1257,93,'2016-06-26',7,1,2,'1678',280.00,''),(1258,321,'2016-06-26',7,1,1,'',220.00,''),(1259,41,'2016-06-26',7,1,2,'460',120.00,''),(1260,19,'2016-06-26',7,1,2,'928',180.00,'Paid 3 Refund Vn only $140'),(1261,55,'2016-06-26',7,1,1,'',120.00,''),(1262,411,'2016-06-26',7,1,1,'',30.00,''),(1263,34,'2016-06-26',7,1,1,'',280.00,''),(1264,411,'2016-06-26',7,1,1,'',150.00,''),(1265,424,'2016-06-26',7,1,2,'1242',140.00,'GL only'),(1266,84,'2016-06-26',7,1,1,'',120.00,''),(1267,52,'2016-06-26',7,1,2,'2534',280.00,''),(1268,403,'2016-06-26',7,1,1,'',100.00,'vn/tntt'),(1269,437,'2016-06-26',7,1,1,'',140.00,'VN only'),(1270,422,'2016-06-26',7,1,1,'',220.00,''),(1271,335,'2016-06-26',7,1,2,'2544',120.00,''),(1272,237,'2016-06-26',7,1,1,'',220.00,''),(1273,60,'2016-06-26',7,1,2,'2634',120.00,''),(1274,319,'2016-06-26',7,1,1,'',120.00,''),(1275,20,'2016-06-26',7,1,2,'2454',120.00,''),(1276,35,'2016-06-26',7,1,1,'',120.00,''),(1277,444,'2016-06-26',7,1,2,'2154',120.00,'Paid 1'),(1278,445,'2016-06-26',7,1,2,'192',280.00,'2 x GLVN 2 x TNTT'),(1279,446,'2016-06-26',7,1,1,'',120.00,''),(1280,449,'2016-06-26',7,1,1,'',120.00,''),(1281,44,'2016-06-26',7,1,2,'2636',140.00,'GL only'),(1282,112,'2016-06-26',7,1,2,'1099',100.00,'paid 2nd child'),(1283,447,'2016-06-26',7,1,2,'2636',70.00,'GL only'),(1284,448,'2016-06-26',7,1,2,'2636',70.00,'GL only'),(1285,450,'2016-06-26',7,1,2,'714',120.00,''),(1286,451,'2016-06-26',7,1,1,'',120.00,''),(1287,389,'2016-06-26',7,1,2,'1038',220.00,''),(1289,452,'2016-06-26',7,1,1,'',220.00,''),(1290,94,'2016-06-26',7,1,1,'',280.00,''),(1291,22,'2016-06-26',7,1,1,'',120.00,''),(1292,140,'2016-07-02',7,1,2,'1453',120.00,''),(1293,398,'2016-06-19',8,1,1,'',280.00,''),(1294,53,'2016-07-31',7,1,2,'5238',170.00,''),(1295,1,'2016-07-31',7,1,1,'',260.00,''),(1296,354,'2016-07-31',7,1,1,'',140.00,''),(1297,316,'2016-07-31',7,1,2,'1763',90.00,''),(1298,401,'2016-07-31',7,1,1,'',170.00,''),(1299,441,'2016-07-31',7,1,1,'',170.00,''),(1300,10,'2016-06-26',7,1,1,'',100.00,''),(1301,271,'2016-06-26',7,1,1,'',160.00,'2 TNTT'),(1302,179,'2016-07-31',7,1,1,'',140.00,''),(1303,47,'2016-08-01',7,1,1,'',590.00,''),(1304,47,'2016-06-26',8,1,1,'',30.00,''),(1305,323,'2016-08-02',7,1,2,'1042',290.00,''),(1306,368,'2016-08-02',7,1,2,'157',470.00,'3 kids only'),(1307,163,'2016-08-02',7,1,2,'321',380.00,''),(1308,370,'2016-08-02',7,1,1,'',140.00,''),(1309,415,'2016-08-02',7,1,1,'',140.00,''),(1310,3,'2016-06-26',7,1,1,'',0.00,''),(1311,317,'2016-08-02',7,1,1,'',140.00,''),(1312,384,'2016-08-02',7,1,1,'',140.00,''),(1313,43,'2016-08-02',7,1,1,'',120.00,''),(1314,280,'2016-08-02',7,1,1,'',140.00,''),(1315,281,'2016-08-02',7,1,1,'',260.00,''),(1316,58,'2016-08-02',7,1,1,'',260.00,''),(1317,214,'2016-08-02',7,1,2,'3285',260.00,''),(1318,318,'2016-08-02',7,1,2,'1154',260.00,''),(1319,382,'2016-08-02',7,1,1,'',140.00,''),(1320,76,'2016-08-02',7,1,1,'',140.00,''),(1321,426,'2016-08-02',7,1,1,'',140.00,''),(1322,55,'2016-08-02',7,1,2,'2330',140.00,''),(1323,33,'2016-08-02',7,1,1,'',140.00,''),(1324,418,'2016-08-02',7,1,1,'',170.00,''),(1325,427,'2016-08-02',7,1,2,'2009',260.00,''),(1326,37,'2016-08-02',7,1,1,'',290.00,''),(1327,456,'2016-08-02',7,1,1,'',170.00,''),(1328,373,'2016-08-02',7,1,1,'',250.00,'Special Case'),(1329,457,'2016-08-02',7,1,1,'',260.00,''),(1330,458,'2016-08-02',7,1,1,'',140.00,''),(1331,459,'2016-08-02',7,1,1,'',140.00,''),(1332,460,'2016-08-02',7,1,1,'',380.00,''),(1333,391,'2016-08-11',7,1,1,'',0.00,'Cha Approval 100% 3 Kids'),(1334,462,'2016-08-15',7,1,1,'',120.00,''),(1335,261,'2016-08-15',7,1,1,'',160.00,''),(1336,420,'2016-08-15',7,1,1,'',300.00,''),(1337,131,'2016-08-15',7,1,1,'',30.00,''),(1338,74,'2016-08-15',7,1,1,'',190.00,'tntt'),(1339,282,'2016-08-15',7,1,1,'195',300.00,''),(1340,105,'2016-08-15',7,1,1,'',160.00,''),(1341,13,'2016-08-15',7,1,2,'1923',580.00,''),(1342,430,'2016-08-15',7,1,1,'',300.00,''),(1343,400,'2016-08-15',7,1,1,'',160.00,''),(1344,243,'2016-08-15',7,1,1,'',160.00,''),(1345,320,'2016-08-15',7,1,1,'',160.00,''),(1346,432,'2016-08-15',7,1,2,'4646',160.00,''),(1347,102,'2016-07-31',7,1,1,'',140.00,''),(1348,464,'2016-08-15',7,1,1,'',160.00,''),(1349,463,'2016-08-15',7,1,1,'',160.00,''),(1350,465,'2016-07-31',7,1,2,'1135',260.00,''),(1351,163,'2016-08-21',7,1,2,'138',90.00,''),(1352,223,'2016-08-24',7,1,1,'',360.00,''),(1353,381,'2016-08-24',7,1,1,'',160.00,''),(1354,356,'2016-08-24',7,1,1,'',190.00,''),(1355,371,'2016-08-24',7,1,1,'',190.00,''),(1356,433,'2016-08-24',7,1,1,'',160.00,''),(1357,222,'2016-08-24',7,1,1,'',190.00,''),(1358,357,'2016-08-24',7,1,2,'5253',160.00,''),(1359,467,'2016-08-24',7,1,1,'',0.00,'refund $ 530 3 students + 3 TNTT'),(1360,472,'2016-08-24',7,1,1,'',190.00,''),(1361,474,'2016-08-24',7,1,2,'248',0.00,'2 students 1 tntt'),(1362,476,'2016-08-24',7,1,2,'379',315.00,'2 students'),(1363,433,'2016-08-28',7,1,1,'',30.00,'tnttn add'),(1364,397,'2016-08-28',7,1,1,'',60.00,'tntt'),(1365,346,'2016-08-28',7,1,1,'',60.00,'tntt'),(1366,30,'2016-08-28',7,1,1,'',160.00,''),(1367,360,'2016-08-28',7,1,2,'4042',30.00,'TNTT'),(1368,479,'2016-08-28',7,1,2,'1094',80.00,'VN Only - 7th'),(1369,480,'2016-08-28',7,1,1,'',140.00,''),(1370,293,'2016-08-28',7,1,1,'',140.00,''),(1371,481,'2016-08-28',7,1,1,'',80.00,'VN Only - 8th'),(1372,144,'2016-08-28',7,1,1,'',30.00,''),(1373,7,'2016-08-29',7,1,1,'590',150.00,'vn only for 1 angel & 3tntt'),(1374,315,'2016-08-29',7,1,1,'',160.00,''),(1375,428,'2016-08-29',7,1,1,'',160.00,''),(1376,482,'2016-08-29',7,1,1,'',300.00,''),(1377,473,'2016-08-29',7,1,1,'',140.00,''),(1378,475,'2016-08-26',7,1,1,'',70.00,''),(1379,477,'2016-06-26',7,1,1,'',70.00,''),(1380,478,'2016-06-26',7,1,1,'',70.00,''),(1381,471,'2016-06-26',7,1,1,'',70.00,''),(1382,470,'2016-06-26',7,1,1,'',70.00,''),(1383,469,'2016-06-26',7,1,1,'',140.00,''),(1384,468,'2016-08-29',7,1,1,'',140.00,''),(1385,346,'2016-08-29',7,1,1,'',30.00,''),(1386,484,'2016-08-29',7,1,1,'',170.00,'TNTT'),(1387,487,'2016-08-29',7,1,2,'',190.00,'TNTT'),(1388,488,'2016-08-29',7,1,2,'384',170.00,'TNTT'),(1389,486,'2016-08-29',7,1,2,'1090',140.00,''),(1390,102,'2016-08-29',7,1,1,'',30.00,'tntt'),(1391,325,'2016-09-11',7,1,1,'',160.00,''),(1392,354,'2016-09-11',7,1,1,'',30.00,'tntt'),(1393,491,'2016-09-11',7,1,1,'',80.00,''),(1394,491,'2016-09-11',7,1,1,'',80.00,''),(1395,492,'2016-09-11',7,1,1,'',80.00,''),(1396,493,'2016-09-11',7,1,1,'',120.00,'Paid: $120 tntt'),(1397,494,'2016-09-11',7,1,2,'417',160.00,''),(1398,495,'2016-09-11',7,1,1,'',160.00,''),(1399,490,'2016-09-11',7,1,2,'274',300.00,''),(1400,360,'2016-09-11',7,1,2,'4044',140.00,'VN and GL'),(1401,74,'2016-09-12',7,1,1,'',30.00,'tntt for Khanh Phan'),(1402,496,'2016-09-12',7,1,1,'',0.00,'Tntt'),(1403,497,'2016-09-12',7,1,1,'',30.00,'tntt'),(1404,464,'2016-09-12',7,1,1,'',0.00,'tntt - refund'),(1405,325,'2016-09-17',7,1,1,'',160.00,'Need to be baptise'),(1406,454,'2016-09-18',7,1,1,'',175.00,'$160 for class fee and 15 for shirt'),(1407,358,'2016-09-18',7,1,1,'',30.00,'tntt'),(1408,499,'2016-09-18',7,1,1,'',205.00,'160 tuition/tntt 30.00/uniform 15.00'),(1409,379,'2016-09-25',7,1,1,'',160.00,''),(1410,474,'2016-09-28',7,1,1,'',0.00,'refund $330 for 2 students 1 tntt'),(1411,502,'2016-10-17',7,1,1,'',120.00,''),(1412,503,'2016-10-30',7,1,2,'2179',160.00,'80 for VN and 80 for GL'),(1413,503,'2016-10-30',7,1,2,'2178',140.00,'70 for VN and 70 for GL (2nd child discount)'),(1414,471,'2016-11-06',7,1,1,'',70.00,'on September 11'),(1415,504,'2016-11-13',7,1,1,'',80.00,'Giao Ly'),(1416,419,'2017-04-09',8,1,1,'',140.00,''),(1417,144,'2017-04-09',8,1,2,'896',170.00,''),(1418,63,'2017-04-09',8,1,2,'487',140.00,''),(1419,152,'2017-04-09',8,1,1,'',140.00,''),(1420,286,'2017-04-09',8,1,1,'',140.00,''),(1421,319,'2017-04-09',8,1,1,'',140.00,''),(1422,197,'2017-04-09',8,1,1,'',140.00,''),(1423,335,'2017-04-09',8,1,2,'2625',140.00,''),(1424,364,'2017-04-09',8,1,2,'1049',170.00,''),(1425,116,'2017-04-09',8,1,2,'1253',140.00,''),(1426,20,'2017-04-09',8,1,2,'2520',140.00,''),(1427,197,'2017-04-09',8,1,1,'',140.00,''),(1428,67,'2017-04-09',8,1,1,'',140.00,''),(1429,199,'2017-04-09',8,1,2,'1092',170.00,''),(1430,418,'2017-04-09',8,1,1,'',170.00,''),(1431,56,'2017-04-09',8,1,1,'',170.00,''),(1432,302,'2017-04-09',8,1,1,'',170.00,'sid 692'),(1433,302,'2017-04-09',8,1,1,'',170.00,'sid 474'),(1434,346,'2017-04-09',8,1,2,'4134',170.00,'sid 706'),(1435,346,'2017-04-09',8,1,2,'4135',170.00,'sid 585'),(1436,411,'2017-04-09',8,1,2,'201',170.00,''),(1437,465,'2017-04-09',8,1,2,'1148',280.00,'sid 812 & 811'),(1438,334,'2017-04-09',8,1,2,'1133',420.00,'sid 773, 727, 564'),(1439,399,'2017-04-09',8,1,1,'',140.00,''),(1440,306,'2017-04-09',8,1,2,'1840',170.00,''),(1441,421,'2017-04-09',8,1,2,'163',170.00,''),(1442,487,'2017-04-09',8,1,2,'1813',170.00,''),(1443,58,'2017-04-09',8,1,2,'1276',340.00,'sid 63, 545'),(1444,147,'2017-04-09',8,1,1,'',140.00,''),(1445,108,'2017-04-09',8,1,2,'910',140.00,'sid 302'),(1446,317,'2017-04-09',8,1,1,'',140.00,''),(1447,64,'2017-04-09',8,1,1,'',140.00,'sid 71'),(1448,270,'2017-04-09',8,1,2,'1760',340.00,'sid 430, 614'),(1449,316,'2017-04-09',8,1,2,'1688',370.00,''),(1450,112,'2017-04-09',8,1,2,'1227',170.00,'Victoria TNTT only, Dalena GL-VN'),(1451,368,'2017-04-09',8,1,2,'194',510.00,'sid 645, 646, 647'),(1452,237,'2017-04-09',8,1,2,'1487',280.00,'sid 340, 725'),(1453,341,'2017-04-09',8,1,2,'3479',420.00,'sid 575, 576, 713'),(1454,260,'2017-04-09',8,1,1,'',280.00,''),(1455,417,'2017-04-09',8,1,1,'',280.00,''),(1456,3,'2017-04-09',8,1,1,'',340.00,'sid 3, 628'),(1457,376,'2017-04-09',8,1,2,'1127',340.00,''),(1458,376,'2017-04-09',8,2,2,'1127',50.00,''),(1459,7,'2017-04-09',8,1,2,'2064',200.00,'sid 7, 61 . VN & TNTT only'),(1460,353,'2017-04-09',8,1,2,'1800',450.00,''),(1461,52,'2017-06-10',8,1,2,'2581',140.00,''),(1462,332,'2017-06-10',8,1,2,'360',170.00,'2 students VN only TNTT (1)'),(1463,75,'2017-06-10',8,1,2,'4125',200.00,''),(1464,331,'2017-06-10',8,1,1,'',140.00,'New student 1st grade'),(1465,405,'2017-06-10',8,1,1,'',140.00,''),(1466,410,'2017-06-10',8,1,2,'167',140.00,''),(1467,363,'2017-06-10',8,1,2,'1470',170.00,''),(1468,363,'2017-06-10',8,1,2,'1471',140.00,''),(1469,323,'2017-06-10',8,1,2,'1112',480.00,''),(1470,276,'2017-06-10',8,1,1,'',170.00,''),(1471,371,'2017-06-10',8,1,1,'',140.00,''),(1472,357,'2017-06-10',8,1,2,'5189',140.00,''),(1473,451,'2017-06-10',8,1,1,'',170.00,''),(1474,149,'2017-06-10',8,1,1,'',140.00,''),(1475,370,'2017-06-10',8,1,1,'',140.00,''),(1476,362,'2017-06-10',8,1,2,'1106',140.00,''),(1477,85,'2017-06-10',8,1,2,'2653',140.00,''),(1478,326,'2017-06-10',8,1,2,'2653',170.00,''),(1479,477,'2017-06-10',8,1,1,'',70.00,'VN only'),(1480,143,'2017-06-10',8,1,2,'2417',140.00,''),(1481,459,'2017-06-10',8,1,1,'',140.00,'VN only'),(1482,21,'2017-06-10',8,1,2,'4037',420.00,''),(1483,425,'2017-06-10',8,1,1,'',340.00,''),(1484,361,'2017-07-10',8,1,1,'',280.00,''),(1485,228,'2017-07-10',8,1,2,'1766',340.00,''),(1486,282,'2017-07-10',8,1,2,'329',280.00,''),(1487,269,'2017-07-10',8,1,2,'3361',650.00,''),(1488,463,'2017-07-10',8,1,1,'',140.00,''),(1489,492,'2017-07-10',8,1,1,'',70.00,'VN only'),(1490,510,'2017-07-10',8,1,2,'380',140.00,'GL only'),(1491,491,'2017-07-10',8,1,1,'',170.00,'no GL, why $170  all Three class 9-17-2017'),(1492,73,'2017-07-10',8,1,2,'1422',140.00,''),(1493,245,'2017-07-10',8,1,1,'',420.00,''),(1494,360,'2017-07-10',8,1,2,'4061',170.00,''),(1495,35,'2017-07-10',8,1,2,'2959',140.00,''),(1496,214,'2017-07-10',8,1,2,'3344',280.00,''),(1497,453,'2017-07-10',8,1,1,'',140.00,''),(1498,511,'2017-07-10',8,1,1,'',140.00,''),(1499,328,'2017-07-10',8,1,2,'0848',340.00,''),(1500,31,'2017-07-10',8,1,2,'1820',70.00,'GL only'),(1501,33,'2017-07-10',8,1,1,'',140.00,''),(1502,268,'2017-07-10',8,1,2,'2850',280.00,''),(1503,340,'2017-07-10',8,1,1,'',170.00,''),(1504,66,'2017-07-10',8,1,1,'',140.00,''),(1505,407,'2017-07-10',8,1,2,'3212',140.00,''),(1506,132,'2017-07-10',8,1,2,'3212',140.00,''),(1507,60,'2017-07-10',8,1,2,'2929',140.00,'Sẽ Thêm Sức với nhà The MIS'),(1508,327,'2017-07-10',8,1,2,'150',340.00,''),(1509,17,'2017-07-10',8,1,1,'',340.00,''),(1510,274,'2017-07-10',8,1,1,'',170.00,''),(1511,432,'2017-07-10',8,1,2,'4601',170.00,''),(1512,6,'2017-07-10',8,1,2,'1039',280.00,''),(1513,179,'2017-07-10',8,1,2,'2231',70.00,'GL only'),(1514,40,'2017-07-10',8,1,1,'',140.00,''),(1515,367,'2017-07-10',8,1,2,'1982',340.00,''),(1516,14,'2017-07-10',8,1,1,'',140.00,''),(1517,42,'2017-07-10',8,1,2,'3564',140.00,''),(1518,55,'2017-07-10',8,1,2,'2549',140.00,''),(1519,331,'2017-07-10',8,1,1,'',170.00,''),(1520,375,'2017-07-10',8,1,2,'627',280.00,''),(1521,381,'2017-07-10',8,1,1,'',140.00,''),(1522,77,'2017-07-10',8,1,2,'434',170.00,''),(1523,486,'2017-07-10',8,1,1,'',0.00,'TA / Teen'),(1524,447,'2017-07-10',8,1,1,'',0.00,'TA / Teen'),(1525,352,'2017-07-10',8,1,1,'',310.00,''),(1526,44,'2017-07-10',8,1,2,'1276',140.00,'GL only'),(1527,448,'2017-07-10',8,1,2,'1276',70.00,'GL only'),(1528,267,'2017-07-10',8,1,1,'',170.00,''),(1529,480,'2017-07-10',8,1,1,'',170.00,''),(1530,293,'2017-07-10',8,1,1,'',170.00,''),(1531,461,'2017-07-10',8,1,2,'1288',70.00,'VN only'),(1532,384,'2017-07-10',8,1,1,'',170.00,''),(1533,12,'2017-07-10',8,1,2,'3167',170.00,''),(1534,101,'2017-07-10',8,1,1,'',140.00,''),(1535,444,'2017-07-10',8,1,1,'',140.00,''),(1536,25,'2017-07-10',8,1,2,'2695',140.00,''),(1537,34,'2017-07-10',8,1,2,'1684',340.00,''),(1538,88,'2017-07-10',8,1,2,'3911',280.00,'paid 1 uniform $15'),(1539,88,'2017-07-10',8,2,2,'3911',15.00,''),(1540,185,'2017-07-10',8,1,1,'',140.00,''),(1541,29,'2017-07-10',8,1,2,'3527',310.00,''),(1542,512,'2017-07-10',8,1,2,'453',140.00,''),(1543,59,'2017-07-10',8,1,2,'1534',280.00,''),(1544,358,'2017-07-10',8,1,2,'217',170.00,'VN only, no Baptism required'),(1545,120,'2017-07-10',8,1,1,'',310.00,''),(1546,430,'2017-07-10',8,1,1,'',140.00,''),(1547,497,'2017-07-10',8,1,1,'',140.00,''),(1548,57,'2017-07-10',8,1,2,'216',650.00,''),(1549,57,'2017-07-10',8,2,2,'216',15.00,'Viktoria uniform'),(1550,338,'2017-07-10',8,1,2,'1575',340.00,'RICA students'),(1551,356,'2017-07-10',8,1,1,'',140.00,''),(1552,509,'2017-07-10',8,1,1,'',170.00,''),(1553,508,'2017-07-10',8,1,2,'928',140.00,''),(1554,9,'2017-07-23',8,1,1,'',0.00,'Cha waived tuition'),(1555,163,'2017-07-23',8,1,2,'1206',510.00,''),(1556,46,'2017-07-23',8,1,1,'',70.00,''),(1557,482,'2017-07-23',8,1,1,'',280.00,''),(1558,27,'2017-07-23',8,1,2,'6715',480.00,''),(1559,472,'2017-07-23',8,1,1,'',140.00,''),(1560,159,'2017-07-23',8,1,1,'',170.00,''),(1561,195,'2017-07-23',8,2,1,'',0.00,'entry mistake'),(1562,311,'2017-07-23',8,1,1,'',280.00,''),(1563,159,'2017-07-23',8,2,1,'',25.00,'TNTT uniform'),(1564,415,'2017-07-23',8,1,1,'',140.00,''),(1565,450,'2017-07-23',8,1,1,'',310.00,''),(1566,450,'2017-07-23',8,2,1,'',40.00,'TNTT uniform & new student uniform'),(1567,513,'2017-07-23',8,1,2,'',140.00,''),(1568,513,'2017-07-23',8,2,2,'',15.00,'kindergarten'),(1569,5,'2017-07-23',8,1,2,'2329',200.00,'Cha Phúc discount tuition'),(1570,371,'2017-07-23',8,1,1,'',140.00,''),(1571,371,'2017-07-23',8,2,1,'',15.00,''),(1572,320,'2017-07-23',8,1,1,'',140.00,''),(1573,501,'2017-07-24',8,1,1,'',0.00,'Cha waived tuition'),(1574,515,'2017-07-24',8,1,2,'7005',340.00,''),(1575,464,'2017-07-24',8,1,1,'',170.00,''),(1576,462,'2017-07-24',8,1,2,'3008',140.00,''),(1577,372,'2017-07-24',8,1,1,'',200.00,'GL & TNTT only'),(1578,266,'2017-07-25',8,1,1,'',280.00,''),(1579,456,'2017-07-25',8,1,1,'',170.00,''),(1580,458,'2017-07-25',8,1,1,'',140.00,''),(1581,273,'2017-07-25',8,1,2,'158',340.00,''),(1582,141,'2017-07-30',8,1,2,'5099',140.00,''),(1583,433,'2017-07-25',8,1,1,'',170.00,''),(1584,403,'2017-07-25',8,1,1,'',100.00,'GL & TNTT'),(1585,516,'2017-07-25',8,1,2,'1648',140.00,''),(1586,516,'2017-07-25',8,2,2,'1648',15.00,'Adult S'),(1587,517,'2017-07-25',8,1,2,'2190',140.00,''),(1588,517,'2017-07-25',8,2,2,'2190',15.00,''),(1589,354,'2017-07-25',8,1,1,'',140.00,''),(1590,354,'2017-07-25',8,2,1,'',15.00,''),(1591,271,'2017-07-25',8,1,1,'',340.00,''),(1592,243,'2017-07-25',8,1,1,'',140.00,''),(1593,303,'2017-07-25',8,1,2,'651',340.00,''),(1594,4,'2017-07-25',8,1,2,'2654',170.00,''),(1595,469,'2017-07-25',8,1,2,'173',170.00,''),(1596,441,'2017-07-25',8,1,1,'',170.00,''),(1597,10,'2017-07-25',8,1,1,'',280.00,''),(1598,518,'2017-07-25',8,1,1,'',140.00,''),(1599,518,'2017-07-25',8,2,1,'',15.00,''),(1600,519,'2017-07-30',8,1,2,'1005',70.00,''),(1601,28,'2017-07-30',8,1,2,'3414',340.00,''),(1602,445,'2017-07-30',8,1,2,'135',140.00,''),(1603,15,'2017-07-30',8,1,1,'',340.00,''),(1604,281,'2017-07-30',8,1,1,'',280.00,''),(1605,373,'2017-07-30',8,1,1,'',200.00,'Cha approved $200 total 4 students'),(1606,53,'2017-07-30',8,1,2,'5265',170.00,''),(1607,408,'2017-07-30',8,1,2,'1414',140.00,''),(1608,265,'2017-07-30',8,1,2,'107',510.00,''),(1609,50,'2017-07-30',8,1,2,'108',170.00,''),(1610,318,'2017-07-30',8,1,1,'',340.00,''),(1611,261,'2017-07-30',8,1,1,'',280.00,''),(1612,140,'2017-07-30',8,1,2,'1700',140.00,''),(1613,289,'2017-07-30',8,1,2,'1253',340.00,''),(1614,289,'2017-07-30',8,2,2,'1253',25.00,'TNTT uniform'),(1615,43,'2017-07-30',8,1,1,'',200.00,''),(1616,402,'2017-07-30',8,1,2,'1078',140.00,''),(1617,437,'2017-07-30',8,1,1,'',140.00,''),(1618,422,'2017-07-30',8,1,2,'',280.00,''),(1619,22,'2017-07-30',8,1,1,'',170.00,''),(1620,521,'2017-07-30',8,1,2,'204',140.00,''),(1621,522,'2017-07-30',8,1,1,'',70.00,''),(1622,523,'2017-07-30',8,1,1,'',140.00,''),(1623,524,'2017-07-30',8,1,1,'',170.00,''),(1624,524,'2017-07-30',8,2,1,'',25.00,'TNTT'),(1625,525,'2017-07-30',8,1,1,'',70.00,''),(1626,526,'2017-07-30',8,1,1,'',280.00,''),(1627,527,'2017-07-30',8,1,1,'',70.00,''),(1628,520,'2017-07-25',8,1,1,'',140.00,''),(1629,520,'2017-07-25',8,2,1,'',15.00,''),(1630,62,'2017-08-01',8,1,1,'',170.00,''),(1631,379,'2017-08-01',8,1,1,'',70.00,''),(1632,18,'2017-08-01',8,1,2,'0547',480.00,''),(1633,11,'2017-08-01',8,1,2,'69',280.00,''),(1634,1,'2017-08-01',8,1,1,'',140.00,''),(1635,141,'2017-08-01',8,1,1,'',30.00,''),(1636,47,'2017-08-01',8,1,1,'',420.00,'1 RCIA student# 643'),(1637,446,'2017-08-01',8,1,1,'',140.00,''),(1638,416,'2017-08-01',8,1,2,'2006',140.00,''),(1639,65,'2017-08-01',8,1,1,'',280.00,''),(1640,382,'2017-08-01',8,1,1,'',170.00,''),(1641,455,'2017-08-01',8,1,2,'771',140.00,''),(1642,426,'2017-08-01',8,1,2,'2501',140.00,''),(1643,300,'2017-08-01',8,1,2,'1538',140.00,''),(1644,454,'2017-08-01',8,1,1,'',280.00,''),(1645,288,'2017-08-01',8,1,2,'1839',170.00,''),(1646,468,'2017-08-01',8,1,1,'',170.00,''),(1647,412,'2017-08-01',8,1,1,'',170.00,''),(1648,13,'2017-08-01',8,1,2,'2969',420.00,''),(1649,76,'2017-08-01',8,1,2,'1227',140.00,''),(1650,401,'2017-08-01',8,1,1,'',140.00,''),(1651,449,'2017-08-01',8,1,1,'',140.00,''),(1652,427,'2017-08-01',8,1,2,'2055',280.00,''),(1653,398,'2017-08-01',8,1,1,'',340.00,''),(1654,490,'2017-08-01',8,1,2,'1063',140.00,''),(1655,99,'2017-08-01',8,1,1,'',340.00,''),(1656,123,'2017-08-01',8,1,1,'',30.00,'TA & TNTT'),(1657,389,'2017-08-01',8,1,2,'1093',280.00,''),(1658,321,'2017-08-01',8,1,1,'',280.00,'RCIA'),(1659,484,'2017-08-01',8,1,1,'',70.00,'GL only'),(1660,37,'2017-08-01',8,1,1,'',210.00,'sid 38 Tiffany GL only'),(1661,19,'2017-08-01',8,1,2,'765',210.00,'3 students GL only'),(1662,39,'2017-08-01',8,1,2,'3007',280.00,'Teen - Refund $140 ?'),(1663,330,'2017-08-01',8,1,1,'',280.00,''),(1664,280,'2017-08-01',8,1,1,'',170.00,''),(1665,414,'2017-08-01',8,1,1,'',70.00,'VN only'),(1666,223,'2017-08-01',8,1,1,'',340.00,''),(1667,452,'2017-08-01',8,1,1,'',280.00,'sid 788 Anthony - VN ?'),(1668,41,'2017-08-01',8,1,2,'490',70.00,''),(1669,528,'2017-08-03',8,1,1,'',140.00,''),(1670,529,'2017-08-03',8,1,1,'',140.00,''),(1671,530,'2017-08-03',8,1,2,'2603',70.00,'GL only'),(1672,531,'2017-08-04',8,1,1,'',70.00,'VN only'),(1673,532,'2017-08-04',8,1,1,'',140.00,'GL only'),(1674,533,'2017-08-03',8,1,2,'472',140.00,''),(1675,534,'2017-08-04',8,1,1,'',340.00,''),(1676,534,'2017-08-04',8,2,1,'',50.00,'2 TNTT'),(1677,71,'2017-08-04',8,1,2,'420',170.00,''),(1678,535,'2017-08-04',8,1,2,'1758',140.00,''),(1679,536,'2017-08-04',8,1,2,'4281',140.00,''),(1680,536,'2017-08-04',8,2,2,'4281',15.00,''),(1681,537,'2017-08-04',8,1,2,'1352',140.00,''),(1682,537,'2017-08-04',8,2,2,'1352',15.00,''),(1683,236,'2017-08-26',8,1,2,'1260',340.00,''),(1684,424,'2017-08-26',8,1,2,'1148',160.00,''),(1685,337,'2017-08-26',8,1,1,'',60.00,''),(1686,333,'2017-08-26',8,1,2,'345',280.00,''),(1687,93,'2017-08-26',8,1,2,'1723',70.00,''),(1688,30,'2017-08-26',8,1,1,'',160.00,''),(1689,94,'2017-08-26',8,1,2,'3530',200.00,''),(1690,466,'2017-08-26',8,1,2,'3530',140.00,''),(1691,466,'2017-08-26',8,1,2,'1722',140.00,''),(1692,466,'2017-08-26',8,2,2,'1722',15.00,''),(1693,107,'2017-08-26',8,1,1,'',160.00,''),(1694,47,'2017-08-26',8,1,1,'',190.00,''),(1695,538,'2017-08-26',8,1,2,'290',160.00,''),(1696,539,'2017-08-26',8,1,1,'',160.00,''),(1697,540,'2017-08-26',8,1,1,'',80.00,''),(1698,541,'2017-08-26',8,1,1,'',160.00,''),(1699,314,'2017-08-27',8,1,1,'',160.00,''),(1700,314,'2017-08-27',8,1,1,'Isabelle',160.00,'Second Child'),(1701,222,'2017-09-09',8,1,1,'',160.00,''),(1702,74,'2017-09-09',8,1,1,'',160.00,''),(1703,449,'2017-09-09',8,1,2,'193',30.00,''),(1704,449,'2017-09-09',8,2,2,'193',25.00,'tntt uniform'),(1705,498,'2017-09-09',8,1,2,'108 &107',160.00,''),(1706,495,'2017-09-09',8,1,2,'294',160.00,''),(1707,429,'2017-09-10',8,1,2,'1855',160.00,''),(1708,392,'2017-09-10',8,1,2,'1828',320.00,''),(1709,481,'2017-09-10',8,1,2,'1035',160.00,'RCIA'),(1710,23,'2017-09-10',8,1,1,'',160.00,'Veronica & Vanessa = GL only'),(1711,391,'2017-09-10',8,1,1,'',0.00,'free cha approve'),(1712,245,'2017-09-10',8,1,1,'',80.00,'gl only'),(1713,43,'2017-09-10',8,1,1,'',30.00,'tntt'),(1714,543,'2017-09-10',8,1,1,'',80.00,''),(1715,245,'2017-09-10',8,1,1,'',80.00,'gl only'),(1716,478,'2017-09-10',8,1,1,'',80.00,''),(1717,396,'2017-09-10',8,1,2,'1204',190.00,'glvn&tntt'),(1718,396,'2017-09-10',8,2,2,'1204',30.00,'tntt uniform'),(1719,544,'2017-09-10',8,1,1,'',160.00,''),(1720,545,'2017-09-10',8,1,2,'608',160.00,''),(1721,545,'2017-09-10',8,2,2,'608',15.00,''),(1722,531,'2017-09-10',8,1,1,'',30.00,'TNTT'),(1723,528,'2017-09-17',8,1,1,'',30.00,'tntt'),(1724,126,'2017-09-17',8,1,2,'1857',30.00,''),(1725,52,'2017-09-17',8,1,2,'1857',60.00,''),(1726,263,'2017-10-01',8,1,1,'',0.00,'Cha Exception'),(1727,546,'2017-10-01',8,1,2,'169',80.00,''),(1728,546,'2017-10-01',8,2,2,'169',15.00,''),(1729,547,'2017-11-05',8,1,1,'',320.00,''),(1730,549,'2018-01-21',8,1,1,'',60.00,''),(1731,550,'2018-01-21',8,1,1,'',30.00,'TNTT'),(1732,550,'2018-01-21',8,2,1,'',25.00,'TNTT uniform'),(1733,549,'2018-01-21',8,2,1,'',50.00,'2 TNTT uniform'),(1734,551,'2018-02-25',8,1,1,'',140.00,'2nd semester registration, half tuition'),(1735,152,'2018-07-15',9,1,1,'',70.00,''),(1736,53,'2018-07-15',9,1,2,'5285',170.00,''),(1737,47,'2018-07-15',9,1,1,'',170.00,''),(1738,28,'2018-07-15',9,1,1,'3460',170.00,''),(1739,282,'2018-07-15',9,1,2,'477',140.00,''),(1740,450,'2018-07-15',9,1,1,'',140.00,'1 week on 1 week off'),(1741,450,'2018-07-15',9,1,1,'',140.00,''),(1742,10,'2018-07-15',9,1,1,'',140.00,''),(1743,426,'2018-07-15',9,1,1,'1620',140.00,''),(1744,12,'2018-07-15',9,1,2,'3232',170.00,''),(1745,516,'2018-07-15',9,1,1,'1730',140.00,''),(1746,42,'2018-07-15',9,1,2,'3688',140.00,''),(1747,65,'2018-07-15',9,1,2,'1039',140.00,''),(1748,335,'2018-07-15',9,1,1,'2688',140.00,''),(1749,522,'2018-07-15',9,1,1,'',70.00,'VN Only'),(1750,540,'2018-07-15',9,1,1,'',70.00,'VN Only'),(1751,410,'2018-07-15',9,1,2,'214',140.00,''),(1752,319,'2018-07-15',9,1,1,'',140.00,''),(1753,267,'2018-07-15',9,1,1,'',170.00,''),(1754,332,'2018-07-15',9,1,2,'192',170.00,'VN+TNNT+VN'),(1755,112,'2018-07-15',9,1,2,'1318',170.00,''),(1756,286,'2018-07-15',9,1,1,'',140.00,''),(1757,358,'2018-07-15',9,1,2,'1009',170.00,'VN+TNTT+VN'),(1758,327,'2018-07-15',9,1,2,'140',170.00,'1st child'),(1759,327,'2018-07-15',9,1,2,'140',170.00,'2nd child'),(1760,421,'2018-07-15',9,1,2,'227',170.00,''),(1761,271,'2018-07-15',9,1,1,'',170.00,''),(1762,271,'2018-07-15',9,1,1,'',170.00,''),(1763,462,'2018-07-15',9,1,1,'',140.00,''),(1764,414,'2018-07-15',9,1,2,'4720',70.00,'VN Only'),(1765,407,'2018-07-15',9,1,2,'3474',140.00,'Same check with pid 132'),(1766,132,'2018-07-15',9,1,2,'3474',140.00,'same check with pid 407'),(1767,289,'2018-07-15',9,1,2,'1246',340.00,''),(1768,303,'2018-07-15',9,1,1,'',340.00,''),(1769,14,'2018-07-15',9,1,1,'',140.00,''),(1770,328,'2018-07-15',9,1,2,'1008',340.00,''),(1771,538,'2018-07-15',9,1,2,'297',140.00,'2 x VN Only'),(1772,306,'2018-07-15',9,1,1,'',170.00,''),(1773,57,'2018-07-15',9,1,2,'251',540.00,'3 x (GLVN + TNTT) + 1 x TNTT'),(1774,66,'2018-07-15',9,1,1,'',140.00,''),(1775,263,'2018-07-15',9,1,1,'',140.00,'2 x VN Only'),(1776,375,'2018-07-15',9,1,2,'660',140.00,'2 x VN Only'),(1777,31,'2018-07-15',9,1,2,'2836',70.00,'GL Only'),(1778,197,'2018-07-15',9,1,1,'',140.00,''),(1779,331,'2018-07-15',9,1,2,'1415',340.00,'2 x GLVN + TNTT'),(1780,317,'2018-07-15',9,1,2,'531',140.00,''),(1781,401,'2018-07-15',9,1,1,'',140.00,''),(1782,197,'2018-07-15',9,1,1,'',140.00,''),(1783,352,'2018-07-15',9,1,1,'',280.00,'2 x GLVN'),(1784,367,'2018-07-15',9,1,2,'1985',200.00,'1 x GLVN+TNTT + 1 x TNTT Only'),(1785,521,'2018-07-15',9,1,2,'208',140.00,'2 x VN Only'),(1786,108,'2018-07-15',9,1,2,'994',140.00,''),(1787,551,'2018-07-15',9,1,1,'',280.00,'2 x GLVN'),(1788,56,'2018-07-15',9,1,1,'',170.00,''),(1789,33,'2018-07-15',9,1,2,'537',140.00,''),(1790,376,'2018-07-15',9,1,2,'1219',280.00,'2 x GLVN'),(1791,425,'2018-07-15',9,1,2,'8514',340.00,'2 x GLVN+TNTT'),(1792,280,'2018-07-15',9,1,1,'',170.00,''),(1793,429,'2018-07-15',9,1,2,'1877',140.00,''),(1794,408,'2018-07-15',9,1,2,'1430',140.00,'2 x VN only'),(1795,143,'2018-07-15',9,1,2,'2480',140.00,''),(1796,143,'2018-07-15',9,1,1,'',30.00,'TNTT was paid in cash for Caitlyn'),(1797,326,'2018-07-15',9,1,2,'2713',170.00,''),(1798,261,'2018-07-15',9,1,1,'',140.00,''),(1799,364,'2018-07-15',9,1,1,'',310.00,'1 x GVLN+TNTT + 1 x GLVN'),(1800,214,'2018-07-15',9,1,2,'3424',280.00,'2 x GLVN'),(1801,412,'2018-07-15',9,1,1,'',70.00,'GL Only'),(1802,149,'2018-07-15',9,1,1,'',140.00,''),(1803,37,'2018-07-15',9,1,1,'',70.00,'GL Only'),(1804,458,'2018-07-15',9,1,1,'',140.00,''),(1805,185,'2018-07-15',9,1,2,'3509',140.00,''),(1806,4,'2018-07-15',9,1,2,'2660',140.00,''),(1807,511,'2018-07-15',9,1,1,'',280.00,'2 x GLVN'),(1808,354,'2018-07-15',9,1,1,'',140.00,''),(1809,10,'2018-07-15',9,1,1,'',140.00,''),(1810,40,'2018-07-15',9,1,1,'',140.00,''),(1811,491,'2018-07-15',9,1,2,'1068',140.00,''),(1812,537,'2018-07-15',9,1,2,'1359',140.00,''),(1813,293,'2018-07-15',9,1,1,'',140.00,''),(1814,58,'2018-07-15',9,1,1,'',280.00,'2 x GLVN'),(1815,340,'2018-07-15',9,1,1,'',170.00,''),(1816,419,'2018-07-15',9,1,1,'',140.00,''),(1817,517,'2018-07-15',9,1,2,'2300',140.00,''),(1818,159,'2018-07-15',9,1,2,'1221',170.00,''),(1819,274,'2018-07-15',9,1,2,'1534',170.00,''),(1820,11,'2018-07-15',9,1,2,'117',280.00,'2 x GLVN'),(1821,23,'2018-07-15',9,1,2,'601',70.00,'GL ONLY'),(1822,389,'2018-07-15',9,1,2,'185',140.00,'2 x GL ONLY'),(1823,519,'2018-07-15',9,1,2,'1010',70.00,'VN Only'),(1824,452,'2018-07-15',9,1,2,'1369',280.00,'2 x GLVN'),(1825,52,'2018-07-15',9,1,2,'2622',30.00,'TNTT Only'),(1826,52,'2018-07-15',9,1,2,'2621',170.00,'GLVN + TNTT'),(1827,266,'2018-07-15',9,1,2,'3306',280.00,'2 x GLVN'),(1828,372,'2018-07-15',9,1,1,'',160.00,'1 x GL Only + 3 x TNTT'),(1829,334,'2018-07-15',9,1,2,'2753',560.00,'4 x GLVN'),(1830,316,'2018-07-15',9,1,2,'107',270.00,'1 x GLVN + 1 x VN + 2 TNTT'),(1831,22,'2018-07-15',9,1,1,'',170.00,''),(1832,437,'2018-07-15',9,1,1,'',140.00,'2 x VN Only'),(1833,346,'2018-07-15',9,1,2,'107',340.00,'same check with pid 360'),(1834,360,'2018-07-15',9,1,2,'107',170.00,'same check with pid 346'),(1835,199,'2018-07-15',9,1,2,'1679',170.00,''),(1836,509,'2018-07-15',9,1,1,'',170.00,''),(1837,405,'2018-07-15',9,1,1,'',170.00,''),(1838,465,'2018-07-15',9,1,2,'1152',420.00,'3 x GLVN'),(1839,363,'2018-07-15',9,1,2,'1090',310.00,'2 x GLVN + 1 x TNTT'),(1840,261,'2018-07-15',9,1,1,'',140.00,'2nd child'),(1841,268,'2018-07-15',9,1,2,'',280.00,'check with no check # written form'),(1842,370,'2018-07-15',9,1,1,'',140.00,''),(1843,260,'2018-07-15',9,1,2,'2546',280.00,'2 x GLVN'),(1844,523,'2018-07-15',9,1,1,'',140.00,''),(1845,520,'2018-07-15',9,1,2,'1732',280.00,'same check with pid 518, 2 x GLVN'),(1846,518,'2018-07-15',9,1,2,'1732',140.00,'Same check with pid 520, 1 x GLVN'),(1847,330,'2018-07-15',9,1,1,'',280.00,'2 x GLVN'),(1848,282,'2018-07-15',9,1,2,'478',140.00,''),(1849,15,'2018-07-15',9,1,1,'',340.00,'2 x GLVN + 2 x TNTT'),(1850,1,'2018-07-15',9,1,1,'',140.00,''),(1851,341,'2018-07-15',9,1,2,'3527',420.00,'3 x GLVN'),(1852,487,'2018-07-15',9,1,2,'1858',170.00,''),(1853,99,'2018-07-15',9,1,1,'',170.00,''),(1854,5,'2018-07-15',9,1,2,'1031',280.00,'2 x GLVN'),(1855,536,'2018-07-15',9,1,2,'4398',140.00,''),(1856,273,'2018-07-15',9,1,2,'161',340.00,'2 x (GLVN+TNTT)'),(1857,392,'2018-07-15',9,1,2,'1814',140.00,''),(1858,20,'2018-07-15',9,1,2,'2569',140.00,''),(1859,228,'2018-07-15',9,1,2,'1813',280.00,'2 x GLVN'),(1860,59,'2018-07-15',9,1,2,'307',280.00,'2 x GLVN'),(1861,302,'2018-07-15',9,1,1,'',280.00,'2 x GLVN'),(1862,21,'2018-07-15',9,1,2,'4140',420.00,'3 x GLVN'),(1863,7,'2018-07-15',9,1,2,'191',100.00,'2 (VN+TNTT) - 50% Discount Voucher'),(1864,321,'2018-07-15',9,1,1,'',280.00,'2 x GLVN'),(1865,35,'2018-07-15',9,1,2,'3027',140.00,''),(1866,446,'2018-07-15',9,1,1,'',170.00,''),(1867,492,'2018-07-15',9,1,2,'1660',70.00,'VN Only'),(1868,29,'2018-07-15',9,1,2,'3619',310.00,'2 x GLVN + 1 TNTT'),(1869,120,'2018-07-15',9,1,2,'166',310.00,'2 x GLVN + 1 x TNTT'),(1870,44,'2018-07-15',9,1,2,'1252',70.00,'VN Only'),(1871,528,'2018-07-15',9,1,1,'',170.00,''),(1872,497,'2018-07-15',9,1,1,'',140.00,''),(1873,552,'2018-07-15',9,1,1,'',140.00,''),(1874,37,'2018-07-15',9,1,1,'',140.00,''),(1875,508,'2018-07-15',9,1,1,'',140.00,''),(1876,446,'2018-07-15',9,1,1,'',140.00,'2nd child'),(1877,553,'2018-07-15',9,1,1,'',140.00,''),(1878,554,'2018-07-15',9,1,2,'112',280.00,'2 x GLVN'),(1879,555,'2018-07-15',9,1,2,'1573',155.00,'GLVN + 1 uniform'),(1880,272,'2018-07-15',9,1,1,'',280.00,'2 x GLVN'),(1881,556,'2018-07-15',9,1,2,'135',155.00,'GVLN + Uniform'),(1882,557,'2018-07-15',9,1,1,'',55.00,'TNTT Only + TNT UniformT'),(1883,281,'2018-08-05',9,1,2,'1040',420.00,'3 x GLVN'),(1884,503,'2018-08-05',9,1,2,'2441',140.00,'2 x VN Only'),(1885,398,'2018-08-05',9,1,1,'',340.00,'2 x (GLVN + TNTT)'),(1886,270,'2018-08-05',9,1,2,'1813',340.00,'2 x (GLVN + TNTT)'),(1887,288,'2018-08-05',9,1,2,'1911',170.00,'GLVN + TNTT'),(1888,144,'2018-08-05',9,1,1,'',170.00,'GLVN + TNTT'),(1889,3,'2018-08-05',9,1,1,'',340.00,'2 x (GLVN + TNTT)'),(1890,333,'2018-08-05',9,1,2,'329',280.00,'2 x GLVN'),(1891,480,'2018-08-05',9,1,1,'',140.00,''),(1892,71,'2018-08-05',9,1,1,'',170.00,'GLVN + TNTT'),(1893,141,'2018-08-05',9,1,1,'',170.00,'GLVN + TNTT'),(1894,18,'2018-08-05',9,1,2,'201',510.00,'3 x (GLVN + TNTT)'),(1895,361,'2018-08-05',9,1,1,'',280.00,'2 x GLVN'),(1896,541,'2018-08-05',9,1,1,'',140.00,''),(1897,484,'2018-08-05',9,1,1,'',170.00,'GLVN + TNTT'),(1898,237,'2018-08-05',9,1,2,'1515',280.00,'2 x GLVN'),(1899,546,'2018-08-05',9,1,1,'',70.00,'VN Only'),(1900,73,'2018-08-05',9,1,1,'',140.00,''),(1901,269,'2018-08-05',9,1,2,'3549',580.00,'2x(GLVN+TNTT)+(GLVN)+(VN+TNTT)'),(1902,441,'2018-08-05',9,1,1,'',170.00,'GLVN + TNTT'),(1903,265,'2018-08-05',9,1,2,'124',510.00,'3 x (GLVN+TNTT)'),(1904,314,'2018-08-05',9,1,1,'',280.00,'2 x GLVN'),(1905,245,'2018-08-05',9,1,1,'',280.00,''),(1906,60,'2018-08-05',9,1,2,'3113',140.00,''),(1907,451,'2018-08-05',9,1,1,'',170.00,'GLVN + TNTT'),(1908,512,'2018-08-05',9,1,1,'',140.00,''),(1909,371,'2018-08-05',9,1,1,'',280.00,'2 x GLVN'),(1910,260,'2018-08-05',9,1,1,'',30.00,'Paid 1st Session, additional payment for TNTT'),(1911,524,'2018-08-05',9,1,1,'',170.00,'GLVN + TNTT'),(1912,433,'2018-08-05',9,1,1,'',170.00,'GLVN + TNTT'),(1913,17,'2018-08-05',9,1,2,'1906',280.00,'2 x GLVN'),(1914,422,'2018-08-05',9,1,2,'1062',280.00,''),(1915,101,'2018-08-05',9,1,1,'',70.00,'GL Only'),(1916,41,'2018-08-05',9,1,2,'686',70.00,'GL Only'),(1917,223,'2018-08-05',9,1,1,'',140.00,'Assumed cash payment'),(1918,529,'2018-08-05',9,1,1,'',70.00,'GL Only'),(1919,402,'2018-08-05',9,1,2,'1086',140.00,'2 x VN'),(1920,320,'2018-08-05',9,1,1,'',140.00,''),(1921,76,'2018-08-05',9,1,1,'',140.00,''),(1922,179,'2018-08-05',9,1,2,'2276',70.00,'GL Only'),(1923,75,'2018-08-05',9,1,1,'',130.00,'1xGL + 2xTNTT'),(1924,77,'2018-08-05',9,1,1,'',100.00,'GL Only + TNTT'),(1925,368,'2018-08-05',9,1,2,'212',340.00,'2 x (GLVN + TNTT)'),(1926,463,'2018-08-05',9,1,1,'',170.00,'GLVN + TNTT'),(1927,449,'2018-08-05',9,1,2,'2552',280.00,'2 x GLVN'),(1928,30,'2018-08-05',9,1,1,'',140.00,''),(1929,13,'2018-08-05',9,1,1,'',280.00,'2 x GLVN'),(1930,27,'2018-08-05',9,1,1,'',340.00,'2 x (GLVN + TNTT)'),(1931,432,'2018-08-05',9,1,2,'4745',170.00,'GLVN + TNTT'),(1932,34,'2018-08-05',9,1,1,'',340.00,''),(1933,464,'2018-08-05',9,1,1,'',170.00,'GLVN + TNTT'),(1934,531,'2018-08-05',9,1,1,'',170.00,''),(1935,140,'2018-08-05',9,1,2,'188',140.00,''),(1936,515,'2018-08-05',9,1,2,'2299',340.00,'2 x (GLVN + TNTT)'),(1937,163,'2018-08-05',9,1,2,'249',510.00,'3 x (GLVN + TNTT)'),(1938,382,'2018-08-05',9,1,1,'',170.00,'GLVN + TNTT'),(1939,533,'2018-08-05',9,1,2,'126',140.00,''),(1940,356,'2018-08-05',9,1,1,'',170.00,'GLVN + TNTT'),(1941,9,'2018-08-05',9,1,1,'',0.00,'Fee waived per Cha'),(1942,391,'2018-08-05',9,1,1,'',0.00,'Fee waived per Cha'),(1943,93,'2018-08-05',9,1,2,'412',76.00,'GL Only, Donate $6'),(1944,534,'2018-08-05',9,1,1,'',340.00,'2 x (GLVN + TNTT)'),(1945,530,'2018-08-05',9,1,2,'2617',140.00,'2 x VN Only'),(1946,415,'2018-08-05',9,1,1,'',280.00,'2 x GLVN'),(1947,547,'2018-08-05',9,1,1,'',140.00,'2 x VN Only'),(1948,517,'2018-08-05',9,1,2,'2320',140.00,'2nd child'),(1949,357,'2018-08-05',9,1,2,'5276',280.00,'2 x GLVN'),(1950,513,'2018-08-05',9,1,2,'736',280.00,'2 x GLVN'),(1951,384,'2018-08-05',9,1,1,'',170.00,'GLVN + TNTT'),(1952,549,'2018-08-05',9,1,1,'',60.00,'2 x TNTT'),(1953,549,'2018-08-05',9,2,1,'',50.00,'2 x TNTT Uniform'),(1954,550,'2018-08-05',9,1,1,'',30.00,'TNTT Only'),(1955,550,'2018-08-05',9,2,1,'',25.00,'TNTT Uniform'),(1956,558,'2018-08-05',9,1,1,'',140.00,''),(1957,559,'2018-08-05',9,1,1,'',170.00,'GLVN + TNTT'),(1958,560,'2018-08-05',9,1,1,'',140.00,'2 x VN Only'),(1959,561,'2018-08-05',9,1,2,'326',140.00,''),(1960,562,'2018-08-05',9,1,1,'',340.00,'2 x (GLVN + TNTT)'),(1961,563,'2018-08-05',9,1,2,'206',140.00,''),(1962,564,'2018-08-05',9,1,2,'1803',140.00,''),(1963,565,'2018-08-05',9,1,2,'1427',140.00,'2 x GLVN, but paid for 1 ?'),(1964,185,'2018-08-05',9,1,1,'',140.00,'Paid in 1st Session, possible double payment'),(1965,489,'2018-08-05',9,1,1,'',140.00,''),(1966,458,'2018-08-05',9,1,2,'1087',170.00,'Paid $140 in 1st  session already'),(1967,147,'2018-08-19',9,1,2,'134',160.00,'GLVN + Late'),(1968,427,'2018-08-19',9,1,1,'2133',320.00,'Same check with PID 455: 3 x (GLVN+Late)'),(1969,455,'2018-08-19',9,1,1,'2133',160.00,'Same check with PID 427: 3 x (GLVN+Late)'),(1970,318,'2018-08-19',9,1,1,'',380.00,'2 x (GLNV+TNTT+Late)'),(1971,424,'2018-08-19',9,1,1,'',180.00,'2 x (VN+Late)'),(1972,25,'2018-08-19',9,1,2,'',160.00,'GLVN + Late (No check #)'),(1973,6,'2018-08-19',9,1,1,'',320.00,'2 x (GLVN + Late)'),(1974,6,'2018-08-19',9,2,1,'',15.00,''),(1975,466,'2018-08-19',9,1,2,'1549',280.00,'2 x GLVN'),(1976,490,'2018-08-19',9,1,2,'1089',160.00,'GLVN + Late'),(1977,74,'2018-08-19',9,1,1,'',160.00,'GLVN + Late'),(1978,482,'2018-08-19',9,1,1,'',280.00,'2 x GLVN'),(1979,46,'2018-08-19',9,1,1,'',70.00,'GL Only'),(1980,223,'2018-08-19',9,1,1,'',60.00,'2 x TNTT'),(1981,526,'2018-08-19',9,1,1,'',280.00,'2 x GLVN'),(1982,373,'2018-08-19',9,1,1,'',200.00,'3 x GLVN (Discount approved by Cha)'),(1983,236,'2018-08-19',9,1,2,'1325',340.00,'2 x (GLVN + TNTT)'),(1984,454,'2018-08-19',9,1,1,'',160.00,'GLVN + Late (need to paid for Jasmine)'),(1985,324,'2018-08-19',9,1,1,'',160.00,'GLVN + Late'),(1986,445,'2018-08-19',9,1,2,'',160.00,'GLVN (No check #)'),(1987,512,'2018-08-19',9,1,1,'',160.00,'GLVN + Late'),(1988,566,'2018-08-19',9,1,1,'',160.00,'GLVN + Late'),(1989,567,'2018-08-19',9,1,1,'',90.00,'GL Only + Late'),(1990,469,'2018-08-19',9,1,2,'1003',320.00,'2 x (GLVN + Late)'),(1991,568,'2018-08-19',9,1,1,'',160.00,'2 x GL + 1 Late'),(1992,569,'2018-08-19',9,1,1,'',160.00,'GLVN + Late'),(1993,323,'2018-08-19',9,1,2,'1801',380.00,'3 GLVN + 2 TNTT (Still owed $100 per MH)'),(1994,11,'2018-08-26',9,1,1,'',60.00,'2 x TNTT'),(1995,338,'2018-08-26',9,1,2,'1673',340.00,'2 x (GLVN+TNTT)'),(1996,39,'2018-08-26',9,1,2,'1058',160.00,'GLNV + Late'),(1997,418,'2018-08-26',9,1,1,'',170.00,'GLVN + TNTT'),(1998,353,'2018-08-26',9,1,2,'2021',180.00,'2 x (GL Only + Late)'),(1999,62,'2018-08-26',9,1,1,'',160.00,'GLVN + Late'),(2000,311,'2018-08-26',9,1,2,'575',320.00,'2 x (GLVN + Late)'),(2001,428,'2018-08-26',9,1,2,'129',160.00,'GLVN + Late'),(2002,454,'2018-08-26',9,1,1,'',160.00,'GLVN + Late'),(2003,495,'2018-08-26',9,1,2,'308',90.00,'GL Only + Late'),(2004,116,'2018-08-26',9,1,2,'581',160.00,'GLVN + Late'),(2005,411,'2018-08-26',9,1,2,'194',190.00,'GLVN + TNTT + Late'),(2006,453,'2018-08-26',9,1,1,'',190.00,'GLVN + TNTT + Late'),(2007,99,'2018-04-15',9,1,2,'1086',170.00,'GLVN + TNTT'),(2008,568,'2018-08-26',9,1,1,'',240.00,'Add 2 x (VN + TNTT)'),(2009,570,'2018-08-26',9,1,2,'581',90.00,'GL Only + Late'),(2010,571,'2018-09-26',9,1,1,'',90.00,'GL Only + Late'),(2011,571,'2018-08-26',9,2,1,'',15.00,''),(2012,572,'2018-08-26',9,1,2,'2256',160.00,'GLVN + Late'),(2013,502,'2018-08-26',9,1,1,'',30.00,'TNTT'),(2014,573,'2018-08-26',9,1,1,'',350.00,'2 (GLVN + Late) + 1 TNTT'),(2015,574,'2018-08-26',9,1,1,'',230.00,'2 (VN Only + TNTT) - need to refund TNTT'),(2016,19,'2018-09-08',9,1,2,'',140.00,'2xGL'),(2017,501,'2018-08-26',9,1,1,'',0.00,'Fee waiver - will check with cha'),(2018,565,'2018-09-08',9,1,1,'',140.00,'Not sure check or cash, paid 2nd child'),(2019,323,'2018-09-08',9,1,1,'',100.00,'Paid $100 owed from previous reg session'),(2020,529,'2018-09-09',9,1,1,'',70.00,'Add Megan to VN'),(2021,544,'2018-09-09',9,1,1,'',160.00,'GLVN+Late'),(2022,498,'2018-09-16',9,1,2,'119',160.00,'GLVN + Fee'),(2023,498,'2018-09-16',9,2,2,'119',15.00,'same check w/ reg.'),(2024,412,'2018-10-14',9,1,1,'',80.00,'Add VN + $10 Late'),(2025,43,'2018-10-14',9,1,2,'1232',60.00,'2 x TNTT Only'),(2026,502,'2018-10-14',9,1,1,'',30.00,'Add TNTT'),(2027,502,'2018-10-14',9,2,1,'',25.00,'TNTT Uniform'),(2028,536,'2018-10-14',9,1,1,'',30.00,'Add TNTT'),(2029,536,'2018-10-14',9,2,1,'',25.00,'TNTT Uniform'),(2030,575,'2018-10-14',9,1,2,'',175.00,'GLVN + Late + $15 uniform'),(2031,576,'2018-10-14',9,1,2,'434',175.00,'GLVN + Late + $15 Uniform'),(2032,276,'2018-10-21',9,1,1,'',0.00,'Waived by Cha'),(2033,450,'2019-06-11',10,1,1,'',280.00,'2xGLVN'),(2034,268,'2019-06-11',10,1,2,'3107',280.00,'2xGLVN'),(2035,537,'2019-06-11',10,1,2,'1581',70.00,'GL Only'),(2036,371,'2019-06-11',10,1,1,'',140.00,''),(2037,419,'2019-06-11',10,1,1,'',140.00,''),(2038,319,'2019-06-11',10,1,1,'',140.00,''),(2039,346,'2019-06-11',10,1,2,'104',340.00,'2x(GLVN+TNTT)'),(2040,333,'2019-06-11',10,1,2,'418',280.00,'2xGLVN'),(2041,544,'2019-06-11',10,1,2,'802',140.00,''),(2042,20,'2019-06-11',10,1,2,'2636',140.00,''),(2043,376,'2019-06-11',10,1,2,'1326',280.00,'2xGLVN'),(2044,491,'2019-06-11',10,1,2,'1078',170.00,'GLVN+TNTT'),(2045,357,'2019-06-11',10,1,2,'5313',280.00,'2xGLVN'),(2046,537,'2019-06-11',10,1,2,'1580',70.00,'Added VN'),(2047,316,'2019-06-11',10,1,2,'1172',70.00,'GL Only'),(2048,371,'2019-06-11',10,1,1,'',140.00,'2nd child'),(2049,267,'2019-06-11',10,1,2,'32??',170.00,'GL+TNTT - check wrote as $170'),(2050,267,'2019-06-11',10,1,1,'',-70.00,'refund $70 cash on written check'),(2051,306,'2019-06-11',10,1,1,'',170.00,'GLVN+TNTT'),(2052,236,'2019-06-11',10,1,1,'',170.00,'1GLVN+1TNTT'),(2053,465,'2019-06-11',10,1,2,'1156',420.00,'3xGLVN'),(2054,573,'2019-06-11',10,1,2,'400',310.00,'2GLVN+1TNTT'),(2055,28,'2019-06-11',10,1,2,'3495',170.00,'GLVN+TNTT'),(2056,364,'2019-06-11',10,1,2,'1065',340.00,'2x(GLVN+TNTT)'),(2057,360,'2019-06-11',10,1,1,'',140.00,''),(2058,511,'2019-06-11',10,1,2,'2627',280.00,''),(2059,5,'2019-06-11',10,1,2,'2360',140.00,''),(2060,452,'2019-06-11',10,1,2,'1468',280.00,'2xGLVN'),(2061,197,'2019-06-11',10,1,1,'',210.00,'GLVN+GL Only'),(2062,112,'2019-06-11',10,1,2,'1479',170.00,'GLVN+TNTT'),(2063,516,'2019-06-11',10,1,2,'1749',140.00,''),(2064,536,'2019-06-11',10,1,2,'4564',170.00,'GLVN+TNTT'),(2065,576,'2019-06-11',10,1,2,'454',140.00,''),(2066,405,'2019-06-11',10,1,1,'',140.00,''),(2067,370,'2019-06-11',10,1,1,'',140.00,''),(2068,56,'2019-06-11',10,1,1,'',30.00,'TNTT Only'),(2069,6,'2019-06-11',10,1,1,'',140.00,'2xGLOnly'),(2070,561,'2019-06-11',10,1,1,'',140.00,''),(2071,509,'2019-06-11',10,1,1,'',170.00,'GLVN+TNTT'),(2072,425,'2019-06-11',10,1,2,'424',340.00,'2x(GLVN+TNTT)'),(2073,554,'2019-06-11',10,1,2,'138',280.00,'2xGLVN'),(2074,334,'2019-06-11',10,1,2,'1366',560.00,'4xGLVN'),(2075,302,'2019-06-11',10,1,2,'423',280.00,'2xGLVN'),(2076,15,'2019-06-11',10,1,2,'1490',340.00,'2x(GLVN+TNTT)'),(2077,152,'2019-06-11',10,1,1,'',70.00,'GL Only'),(2078,214,'2019-06-11',10,1,2,'3453',280.00,'2xGLVN'),(2079,314,'2019-06-11',10,1,1,'',280.00,'2xGLVN'),(2080,567,'2019-06-11',10,1,1,'',140.00,''),(2081,57,'2019-06-11',10,1,2,'244',400.00,'2x(GLVN+TNTT)+2xTNTTOnly'),(2082,441,'2019-06-11',10,1,1,'',170.00,'GLVN+TNTT'),(2083,120,'2019-06-11',10,1,2,'324',340.00,'2x(GLVN+TNTT)'),(2084,269,'2019-06-11',10,1,2,'3685',510.00,'3x(GLVN+TNTT)'),(2085,521,'2019-06-11',10,1,2,'358',140.00,'2xVNOnly'),(2086,433,'2019-06-11',10,1,1,'',170.00,'GLVN+TNTT'),(2087,99,'2019-06-11',10,1,1,'',140.00,''),(2088,529,'2019-06-11',10,1,2,'367',140.00,''),(2089,143,'2019-06-11',10,1,2,'2537',100.00,'GL Only+TNTT'),(2090,526,'2019-06-11',10,1,1,'',280.00,'2xGLVN'),(2091,199,'2019-06-11',10,1,1,'',140.00,''),(2092,512,'2019-06-11',10,1,1,'',280.00,'2xGLVN'),(2093,508,'2019-06-11',10,1,2,'1001',140.00,''),(2094,228,'2019-06-11',10,1,2,'1838',280.00,'2xGLVN'),(2095,446,'2019-06-11',10,1,1,'',310.00,'2xGLVN+TNTT'),(2096,528,'2019-06-11',10,1,1,'',140.00,''),(2097,330,'2019-06-11',10,1,1,'',280.00,''),(2098,12,'2019-06-11',10,1,1,'',170.00,'GLVN+TNTT'),(2099,273,'2019-06-11',10,1,2,'171',340.00,'2x(GLVN+TNTT)'),(2100,149,'2019-06-11',10,1,1,'',140.00,''),(2101,356,'2019-06-11',10,1,2,'470',170.00,'GLVN+TNTT'),(2102,323,'2019-06-11',10,1,2,'1148',510.00,'3x(GLVN+TNTT)'),(2103,14,'2019-06-11',10,1,1,'',140.00,''),(2104,185,'2019-06-11',10,1,1,'',140.00,''),(2105,274,'2019-06-11',10,1,1,'',170.00,'GLVN+TNTT'),(2106,358,'2019-06-11',10,1,2,'103',200.00,'2x(VNOnly+TNTT)'),(2107,384,'2019-06-11',10,1,1,'',70.00,'GL Only'),(2108,463,'2019-06-11',10,1,1,'',170.00,'GLVN+TNTT'),(2109,517,'2019-06-11',10,1,2,'2411',140.00,''),(2110,328,'2019-06-11',10,1,2,'377',340.00,'2x(GLVN+TNTT)'),(2111,270,'2019-06-11',10,1,1,'',340.00,'2x(GLVN+TNTT)'),(2112,132,'2019-06-11',10,1,2,'3707',140.00,''),(2113,407,'2019-06-11',10,1,2,'1443',140.00,''),(2114,58,'2019-06-11',10,1,1,'',140.00,''),(2115,421,'2019-06-11',10,1,1,'',170.00,'GLVN+TNTT'),(2116,517,'2019-06-11',10,1,2,'2412',140.00,'2nd child'),(2117,341,'2019-06-11',10,1,2,'3585',560.00,'4xGLVN'),(2118,303,'2019-06-11',10,1,1,'',340.00,'2x(GLVN+TNTT)'),(2119,10,'2019-06-11',10,1,1,'',140.00,''),(2120,53,'2019-06-11',10,1,2,'????',30.00,'Check # not provided'),(2121,432,'2019-06-11',10,1,2,'????',170.00,'Check # not provided'),(2122,289,'2019-06-11',10,1,2,'1270',340.00,'2x(GLVN+TNTT)'),(2123,66,'2019-06-11',10,1,1,'',0.00,'TA Only - $0 to update parent status'),(2124,271,'2019-06-11',10,1,2,'3167',480.00,'2(GLVN+TNTT) + GLVN'),(2125,464,'2019-06-11',10,1,1,'',310.00,'2xGLVN+1TNTT'),(2126,574,'2019-06-11',10,1,2,'2294',420.00,'3xGLVN'),(2127,574,'2019-06-11',10,2,2,'2294',15.00,'GLVN Uniform'),(2128,578,'2019-06-11',10,1,1,'',70.00,'Payment grouped with PID 520'),(2129,520,'2019-06-11',10,1,1,'',280.00,'2xGLVN'),(2130,518,'2019-06-11',10,1,1,'',140.00,'Payment grouped with PID 520'),(2132,529,'2019-06-11',10,1,2,'368',140.00,'2nd child'),(2133,579,'2019-06-11',10,1,1,'',170.00,'GLVN+TNTT'),(2134,332,'2019-06-11',10,1,2,'378',270.00,'3xVNOnly+2xTNTT'),(2135,580,'2019-06-11',10,1,1,'',140.00,''),(2136,581,'2019-06-11',10,1,1,'',70.00,'VN Only'),(2137,582,'2019-06-11',10,1,1,'',140.00,''),(2138,59,'2019-06-11',10,1,2,'327',140.00,''),(2139,553,'2019-06-11',10,1,1,'',70.00,'GL Only'),(2140,361,'2019-06-11',10,1,1,'',280.00,'2xGLVN'),(2141,282,'2019-06-11',10,1,2,'613',280.00,'2xGLVN'),(2142,583,'2019-06-11',10,1,1,'',280.00,'2xGLVN'),(2143,583,'2019-06-11',10,2,1,'',30.00,'2xUniform'),(2144,584,'2019-06-11',10,1,1,'',0.00,'Waived by Cha'),(2145,547,'2019-06-30',10,1,1,'',140.00,''),(2146,237,'2019-06-30',10,1,2,'1533',210.00,'1xGLVN+1xVNOnly'),(2147,245,'2019-06-30',10,1,1,'',140.00,''),(2148,462,'2019-06-30',10,1,2,'2645',140.00,''),(2149,245,'2019-06-30',10,1,1,'',140.00,'2nd child'),(2150,556,'2019-06-30',10,1,2,'149',140.00,''),(2151,327,'2019-06-30',10,1,1,'',170.00,''),(2152,558,'2019-06-30',10,1,2,'324',140.00,''),(2153,398,'2019-06-30',10,1,2,'2176',280.00,'2xGLVN'),(2154,327,'2019-06-30',10,1,1,'',170.00,'2nd child'),(2155,71,'2019-06-30',10,1,1,'',30.00,'TNTT Only'),(2156,415,'2019-06-30',10,1,1,'',140.00,''),(2157,415,'2019-06-30',10,1,1,'',140.00,'2nd child'),(2158,524,'2019-06-30',10,1,1,'',170.00,'GLVN+TNTT'),(2159,141,'2019-06-30',10,1,1,'',140.00,''),(2160,458,'2019-06-30',10,1,1,'',140.00,''),(2161,4,'2019-06-30',10,1,2,'2671',140.00,''),(2162,564,'2019-06-30',10,1,1,'',140.00,''),(2163,320,'2019-06-30',10,1,1,'',140.00,''),(2164,37,'2019-06-30',10,1,1,'',140.00,''),(2165,37,'2019-06-30',10,1,1,'',70.00,'2nd-child-GLOnly'),(2166,497,'2019-06-30',10,1,1,'',140.00,''),(2167,531,'2019-06-30',10,1,1,'',100.00,'VNOnly+TNTT'),(2168,260,'2019-06-30',10,1,2,'2558',170.00,'GLVN+TNTT'),(2169,260,'2019-06-30',10,1,2,'2559',140.00,'2nd child'),(2170,484,'2019-06-30',10,1,1,'',170.00,''),(2171,534,'2019-06-30',10,1,1,'',140.00,''),(2172,424,'2019-06-30',10,1,2,'1525',140.00,'2xGLOnly'),(2173,534,'2019-06-30',10,1,1,'',140.00,'2nd child'),(2174,286,'2019-06-30',10,1,1,'',140.00,''),(2175,566,'2019-06-30',10,1,1,'',140.00,''),(2176,389,'2019-06-30',10,1,1,'',140.00,'2xGLOnly'),(2177,585,'2019-06-30',10,1,2,'108',140.00,''),(2178,309,'2019-06-30',10,1,1,'',170.00,'GLVN+TNTT'),(2179,17,'2019-06-30',10,1,1,'',280.00,'2xGLVN'),(2180,116,'2019-06-30',10,1,1,'',140.00,''),(2181,280,'2019-06-30',10,1,1,'',170.00,'GLVN+TNTT'),(2182,317,'2019-06-30',10,1,1,'',70.00,'GLOnly'),(2183,321,'2019-06-30',10,1,1,'',280.00,'2xGLVN'),(2184,265,'2019-06-30',10,1,2,'172',340.00,'2xGLVN'),(2185,572,'2019-06-30',10,1,2,'208',140.00,''),(2186,437,'2019-06-30',10,1,1,'',140.00,'2xVNOnly'),(2187,101,'2019-06-30',10,1,2,'2458',70.00,''),(2188,430,'2019-06-30',10,1,2,'1189',140.00,''),(2189,382,'2019-06-30',10,1,1,'',170.00,'GLVN+TNTT'),(2190,456,'2019-06-30',10,1,1,'',70.00,''),(2191,469,'2019-06-30',10,1,2,'1022',140.00,''),(2192,44,'2019-06-30',10,1,2,'2899',70.00,'GLOnly- paid under acct#31'),(2193,31,'2019-06-30',10,1,2,'2899',70.00,'GLOnly'),(2194,31,'2019-06-30',10,1,2,'2900',30.00,'TNTT'),(2195,31,'2019-06-30',10,2,2,'2900',25.00,'TNTT Uniform'),(2196,331,'2019-06-30',10,1,2,'1527',280.00,''),(2197,570,'2019-06-30',10,1,1,'',70.00,'GLOnly'),(2198,353,'2019-06-30',10,1,1,'',70.00,'GLOnly'),(2199,11,'2019-06-30',10,1,1,'',280.00,'2xGLVN'),(2200,353,'2019-06-30',10,1,1,'',70.00,'2nd Child - GLOnly'),(2201,523,'2019-06-30',10,1,1,'',140.00,''),(2202,22,'2019-06-30',10,1,1,'',100.00,'GLOnly+TNTT'),(2203,318,'2019-06-30',10,1,2,'1218',280.00,'2xGLVN'),(2204,368,'2019-06-30',10,1,1,'',340.00,'2x(GLVN+TNTT)'),(2205,159,'2019-06-30',10,1,2,'1304',140.00,''),(2206,144,'2019-06-30',10,1,2,'1005',170.00,'GLVN+TNTT'),(2207,426,'2019-06-30',10,1,2,'109',140.00,''),(2208,324,'2019-06-30',10,1,1,'',140.00,''),(2209,266,'2019-06-30',10,1,1,'',280.00,''),(2210,1,'2019-06-30',10,1,1,'',140.00,''),(2211,411,'2019-06-30',10,1,1,'',100.00,'GLOnly + TNTT'),(2212,482,'2019-06-30',10,1,1,'',140.00,''),(2213,482,'2019-06-30',10,1,1,'',140.00,'2nd Child'),(2214,402,'2019-06-30',10,1,2,'1113',140.00,'2xGLOnly'),(2215,586,'2019-06-30',10,1,2,'5238',140.00,''),(2216,381,'2019-06-30',10,1,2,'1354',140.00,'2xGLOnly'),(2217,587,'2019-06-30',10,1,1,'',140.00,''),(2218,541,'2019-06-30',10,1,1,'',140.00,''),(2219,589,'2019-06-30',10,1,1,'',70.00,'VNOnly'),(2220,588,'2019-06-30',10,1,2,'1607',140.00,''),(2221,590,'2019-06-30',10,1,2,'1607',140.00,'paid same check acct #588'),(2222,577,'2019-06-30',10,1,1,'',0.00,'Waived by Cha Phuc'),(2223,9,'2019-06-30',10,1,1,'',0.00,'Waived by Cha Phuc'),(2224,591,'2019-06-30',10,1,1,'',0.00,'Waived by Cha Phuc'),(2225,373,'2019-07-14',10,1,1,'',140.00,'2xGLOnly'),(2226,503,'2019-07-14',10,1,2,'117',280.00,'2xGLVN'),(2227,261,'2019-07-14',10,1,2,'661',280.00,'2xGLVN'),(2228,354,'2019-07-14',10,1,1,'',70.00,'GL Only'),(2229,281,'2019-07-14',10,1,1,'',420.00,'3xGLVN'),(2230,555,'2019-07-14',10,1,2,'1669',140.00,''),(2231,140,'2019-07-14',10,1,1,'',140.00,''),(2232,515,'2019-07-14',10,1,2,'1125',340.00,'2x(GLVN+TNTT)'),(2233,3,'2019-07-14',10,1,1,'',170.00,'GLVN+TNTT'),(2234,3,'2019-07-14',10,1,1,'',170.00,'2nd Child- GLVN+TNTT'),(2235,513,'2019-07-14',10,1,2,'770',280.00,'2xGLVN'),(2236,422,'2019-07-14',10,1,1,'',280.00,''),(2237,34,'2019-07-14',10,1,1,'',140.00,''),(2238,27,'2019-07-14',10,1,2,'6829',170.00,'GLVN+TNTT'),(2239,18,'2019-07-14',10,1,2,'423',340.00,'2x(GLVN+TNTT)'),(2240,490,'2019-07-14',10,1,1,'',70.00,'GL Only'),(2241,163,'2019-07-14',10,1,2,'203',510.00,'3x(GLVN+TNTT)'),(2242,480,'2019-07-14',10,1,1,'',140.00,''),(2243,276,'2019-07-14',10,1,2,'644',140.00,''),(2244,540,'2019-07-14',10,1,1,'',70.00,'GL Only'),(2245,569,'2019-07-14',10,1,2,'2207',140.00,''),(2246,551,'2019-07-14',10,1,1,'',280.00,'2xGLVN'),(2247,562,'2019-07-14',10,1,1,'',340.00,'2x(GLVN+TNTT)'),(2248,326,'2019-07-14',10,1,2,'',185.00,'GLVN+TNTT+GLVN Uniform'),(2249,288,'2019-07-14',10,1,2,'1996',170.00,'GLVN+TNTT'),(2250,466,'2019-07-14',10,1,1,'',280.00,'2xGLVN'),(2251,592,'2019-07-14',10,1,2,'',280.00,'2xGLVN'),(2252,593,'2019-07-14',10,1,1,'',70.00,'GL Only'),(2253,594,'2019-07-14',10,1,2,'170',280.00,''),(2254,43,'2019-07-14',10,1,1,'',60.00,'2xTNTT'),(2255,595,'2019-06-30',10,1,1,'',70.00,'GL Only'),(2256,372,'2019-07-14',10,1,1,'',60.00,'2xTNTT'),(2257,107,'2019-07-14',10,1,2,'8926',70.00,'GL Only'),(2258,5,'2019-07-14',10,1,1,'',0.00,'Cha Approved - Waived fee for Megan'),(2259,466,'2019-07-14',10,1,2,'3664',140.00,''),(2260,495,'2019-08-25',10,1,1,'',160.00,'GLVN+ Late'),(2261,414,'2019-08-25',10,1,1,'',90.00,'VNOnly + Late'),(2262,454,'2019-08-25',10,1,1,'',320.00,'2 x (GLVN+Late)'),(2263,39,'2019-08-25',10,1,2,'1150',90.00,'GLOnly + Late'),(2264,360,'2019-08-25',10,1,1,'',30.00,'TNTT'),(2265,65,'2019-08-25',10,1,1,'',160.00,'GLVN + Late'),(2266,352,'2019-08-25',10,1,1,'',180.00,'2x (GLOnly + Late)'),(2267,489,'2019-08-25',10,1,1,'',160.00,'GLVN + Late'),(2268,367,'2019-08-25',10,1,1,'',60.00,'2 x TNTT'),(2269,13,'2019-08-25',10,1,1,'',320.00,'2 x (GLVN + Late)'),(2270,538,'2019-08-25',10,1,2,'1108',180.00,'3 x VN Only'),(2271,147,'2019-08-25',10,1,1,'',160.00,'GLVN + Late'),(2272,526,'2019-08-25',10,1,1,'',60.00,'2xTNTT'),(2273,379,'2019-08-25',10,1,1,'',90.00,'GL Only + Late'),(2274,338,'2019-08-25',10,1,2,'1693',380.00,'2x(GLVN+TNTT+Late)'),(2275,451,'2019-08-25',10,1,1,'',140.00,'GLVN (Late Waived per BP)'),(2276,498,'2019-08-25',10,1,2,'404',160.00,'GLVN + Late'),(2277,533,'2019-08-25',10,1,2,'',90.00,'Check but no #'),(2278,455,'2019-08-25',10,1,2,'1022',160.00,'GLVN + Late'),(2279,575,'2019-08-25',10,1,2,'124',160.00,'GLVN + Late'),(2280,351,'2019-08-25',10,1,2,'218',160.00,'GLVN + Late'),(2281,596,'2019-08-25',10,1,2,'',55.00,'TNTT Only + Uniform (No check #)'),(2282,449,'2019-08-25',10,1,1,'',340.00,'2x(GLVN+TNTT) Late waived by BP'),(2283,597,'2019-08-25',10,1,1,'',340.00,'2x(GLVN+TNTT) No Late Fee'),(2284,598,'2019-08-25',10,1,1,'',270.00,'3 x (VNOnly+Late)'),(2285,599,'2019-08-25',10,1,2,'None given',160.00,'GLVN + Late'),(2286,65,'2019-08-25',10,1,1,'',160.00,'GLVN + Late'),(2287,361,'2019-08-25',10,1,1,'',60.00,'Add 2 x TNTT'),(2288,600,'2019-08-25',10,1,1,'',90.00,'VN Only + Late Fee'),(2289,592,'2019-08-25',10,1,1,'',60.00,'Add 2x TNTT'),(2290,316,'2019-08-25',10,1,2,'1732',30.00,'Add 1 TNTT'),(2291,601,'2019-08-25',10,1,2,'1372',200.00,'2 x (VN Only + TNTT)'),(2292,353,'2019-09-08',10,1,1,'',140.00,'Add VN to both child'),(2293,363,'2019-09-08',10,1,2,'2074',365.00,'2 x (GLVN+TNTT) + 1 TNTT uniform'),(2294,405,'2019-09-08',10,1,1,'',30.00,'Add TNTT'),(2295,29,'2019-09-08',10,1,2,'3735',200.00,''),(2296,293,'2019-09-08',10,1,1,'',160.00,'GLVN + Late'),(2297,335,'2019-09-08',10,1,2,'2748',70.00,'GL Only'),(2298,19,'2019-09-08',10,1,2,'2135',80.00,'2x(GL Only + Late) - 50% off Gift Cert'),(2299,265,'2019-09-08',10,1,2,'200',90.00,'Gl Only + Late'),(2300,602,'2019-09-08',10,1,2,'199',160.00,'GLVN + Late (paid by acct# 265)'),(2301,552,'2019-09-08',10,1,2,'1155',175.00,'2x(VN+$10 Late) + $15 uniform'),(2302,603,'2019-09-08',10,1,2,'1701',320.00,'2 x (GLVN + Late)'),(2303,604,'2019-09-08',10,1,1,'',175.00,'GLVN+Late+Uniform'),(2304,605,'2019-09-08',10,1,2,'2225',95.00,'VN+Late+Uniform'),(2305,606,'2019-09-08',10,1,2,'1197',175.00,'GLVN+Late+Uniform'),(2306,263,'2019-09-08',10,1,1,'',0.00,'GLVN waived by Cha'),(2307,579,'2019-10-20',10,1,1,'',70.00,'Add GL for student ID 996'),(2308,263,'2019-09-08',10,1,1,'',0.00,'Waived by Cha'),(2309,608,'2019-09-08',10,1,1,'',110.00,'2x(TNTT+Uniform)'),(2310,609,'2019-09-08',10,1,1,'',0.00,'2xTNTT (Waived by Cha)'),(2311,610,'2019-11-17',10,1,1,'',175.00,'GVLN+Late Fee+Uniform'),(2312,611,'2019-11-17',10,1,1,'',105.00,'VNOnly+LateFee+Uniform'),(2313,612,'2019-11-17',10,1,1,'',105.00,'VNOnly+LateFee+Uniform'),(2314,613,'2019-09-08',10,1,1,'',195.00,'GLVN+TNTT+TNTT Uniform'),(2315,398,'2020-08-21',11,1,3,'Zelle',90.00,'CUONG Q NGO '),(2316,152,'2020-08-21',11,1,3,'Zelle',90.00,'TUYET-VAN NGUYEN'),(2317,268,'2020-08-23',11,1,3,'Zelle',90.00,'TRAN, TRUNG'),(2318,599,'2020-08-24',11,1,3,'Zelle',90.00,'THOA NGUYEN'),(2319,327,'2020-08-30',11,1,2,'1565',90.00,''),(2320,368,'2020-08-30',11,1,1,'',90.00,''),(2321,528,'2020-08-30',11,1,1,'',90.00,''),(2322,147,'2020-08-30',11,1,1,'',90.00,''),(2323,512,'2020-08-30',11,1,1,'',180.00,'2 students'),(2324,303,'2020-08-30',11,1,1,'',90.00,''),(2325,260,'2020-08-30',11,1,2,'2572',90.00,''),(2326,508,'2020-08-30',11,1,1,'',90.00,''),(2327,331,'2020-08-30',11,1,1,'',90.00,''),(2328,309,'2020-08-30',11,1,1,'',90.00,''),(2329,269,'2020-08-30',11,1,2,'3948',90.00,''),(2330,286,'2020-08-30',11,1,1,'',90.00,''),(2331,261,'2020-08-30',11,1,1,'',90.00,''),(2332,120,'2020-08-30',11,1,2,'338',90.00,''),(2333,446,'2020-08-30',11,1,1,'',90.00,''),(2334,584,'2020-08-30',11,1,1,'',90.00,''),(2335,289,'2020-08-30',11,1,2,'1363',105.00,'1 student + uniform'),(2336,572,'2020-08-30',11,1,2,'2310',90.00,''),(2337,314,'2020-08-30',11,1,2,'1208',90.00,''),(2338,520,'2020-08-30',11,1,1,'',90.00,''),(2339,497,'2020-08-30',11,1,1,'',90.00,''),(2340,489,'2020-08-30',11,1,1,'',0.00,'No Fee - returning Confirmation'),(2341,282,'2020-08-30',11,1,1,'',0.00,'No fee - returning Confirmation'),(2342,5,'2020-08-30',11,1,1,'',0.00,'No fee - returning Confirmation'),(2343,9,'2020-08-30',11,1,1,'',0.00,'No fee - returning Confirmation'),(2344,143,'2020-08-30',11,1,1,'',0.00,'No fee - returning Confirmation'),(2345,6,'2020-08-30',11,1,1,'',0.00,'No fee - returning Confirmation'),(2346,266,'2020-08-30',11,1,1,'',0.00,'No fee - returning Confirmation'),(2347,14,'2020-08-30',11,1,1,'',0.00,'No fee - returning Confirmation'),(2348,120,'2020-08-30',11,1,1,'',0.00,'No fee - returning Confirmation'),(2349,18,'2020-08-30',11,1,1,'',0.00,'No fee - returning Confirmation'),(2350,15,'2020-08-30',11,1,1,'',0.00,'No fee - returning Confirmation'),(2351,12,'2020-08-30',11,1,1,'',0.00,'No fee - returning Confirmation'),(2352,13,'2020-08-30',11,1,1,'',0.00,'No fee - returning Confirmation'),(2353,456,'2020-08-30',11,1,1,'',0.00,'No fee - returning Confirmation'),(2354,384,'2020-08-30',11,1,1,'',0.00,'No fee - returning Confirmation'),(2355,11,'2020-08-30',11,1,1,'',0.00,'No fee - returning Confirmation'),(2356,18,'2020-08-30',11,1,1,'',0.00,'No fee - returning Communion'),(2357,458,'2020-08-30',11,1,1,'',0.00,'No fee - returning Communion'),(2358,463,'2020-08-30',11,1,1,'',0.00,'No fee - returning Communion'),(2359,513,'2020-08-30',11,1,1,'',0.00,'No fee - returning Communion'),(2360,562,'2020-08-30',11,1,1,'',0.00,'No fee - returning Communion'),(2361,529,'2020-08-30',11,1,1,'',0.00,'No fee - returning Communion'),(2362,424,'2020-08-30',11,1,1,'',0.00,'No fee - returning Communion'),(2363,518,'2020-08-30',11,1,1,'',0.00,'No fee - returning Communion'),(2364,498,'2020-08-30',11,1,1,'',0.00,'No fee - returning Communion'),(2365,584,'2020-08-30',11,1,1,'',0.00,'No fee - returning Communion'),(2366,544,'2020-08-30',11,1,1,'',0.00,'No fee - returning Communion'),(2367,446,'2020-08-30',11,1,1,'',0.00,'No fee - returning Communion'),(2368,112,'2020-08-30',11,1,1,'',0.00,'No fee - returning Communion'),(2369,533,'2020-08-30',11,1,1,'',0.00,'No fee - returning Communion'),(2370,552,'2020-08-30',11,1,1,'',0.00,'No fee - returning Communion'),(2371,515,'2020-08-31',11,1,3,'Zelle',90.00,'NGUYEN, MYPHUONG'),(2372,228,'2020-09-02',11,1,3,'Zelle',90.00,'KIM-KHANH NGUYEN'),(2373,614,'2020-09-06',11,1,1,'',90.00,''),(2374,391,'2020-09-07',11,1,1,'',0.00,'No fee - returning Communion'),(2375,593,'2020-09-07',11,1,1,'',0.00,'No fee - returning Communion'),(2376,281,'2020-09-11',11,1,3,'Zelle',90.00,'LE, KAYLIE'),(2377,237,'2020-09-11',11,1,1,'',0.00,'No fee - returning Confirmation -need parent sig'),(2378,389,'2020-09-11',11,1,1,'',0.00,'No fee - returning Confirmation'),(2379,595,'2020-09-11',11,1,1,'',0.00,'No fee - returning Confirmation'),(2380,490,'2020-09-11',11,1,1,'',0.00,'No fee - returning Confirmation -need parent sig'),(2381,576,'2020-09-11',11,1,3,'Zelle',90.00,'ELIZABETH BUI'),(2382,509,'2020-09-13',11,1,1,'',0.00,'No fee - returning Communion'),(2383,10,'2020-09-13',11,1,2,'1231',110.00,'pre-confirmation + late fee'),(2384,261,'2020-09-19',11,1,1,'',-90.00,'Refund on withdraw'),(2385,450,'2020-09-13',11,1,1,'',100.00,'Communion + $10 late fee'),(2386,583,'2020-09-13',11,1,1,'',90.00,''),(2387,569,'2020-09-13',11,1,1,'',0.00,'No fee - returning Communion'),(2388,517,'2020-09-20',11,1,2,'2467',180.00,'1 PCom + 1 Com'),(2389,424,'2020-09-21',11,1,1,'',110.00,'1 PCon + Late fee'),(2390,466,'2020-09-20',11,1,1,'',90.00,''),(2391,140,'2020-09-13',11,1,1,'',90.00,''),(2392,354,'2020-09-29',11,1,1,'',0.00,'No fee - returning Confirmation'),(2393,599,'2021-08-18',12,1,3,'',150.00,'Chase-THOA NGUYEN'),(2394,152,'2021-08-11',12,1,3,'',150.00,'Chase-VTTN, LLC'),(2395,185,'2021-08-08',12,1,1,'',150.00,''),(2396,497,'2021-08-08',12,1,1,'',150.00,''),(2397,361,'2021-08-08',12,1,1,'',150.00,''),(2398,356,'2021-08-08',12,1,2,'548',205.00,'GLVN+TNTT+TNTT Uniform'),(2399,112,'2021-08-08',12,1,2,'1714',180.00,'GLVN+TNTT'),(2400,524,'2021-08-08',12,1,1,'',180.00,'GLVN+TNTT'),(2401,368,'2021-08-08',12,1,1,'',150.00,''),(2402,269,'2021-08-08',12,1,2,'4011',180.00,'GLVN+TNTT'),(2403,455,'2021-08-08',12,1,2,'1076',300.00,'2 x GLVN'),(2404,197,'2021-08-08',12,1,1,'',150.00,''),(2405,573,'2021-08-08',12,1,2,'1036',180.00,'GLVN + TNTT'),(2406,9,'2021-08-08',12,1,1,'',150.00,''),(2407,518,'2021-08-08',12,1,1,'',150.00,''),(2408,512,'2021-08-08',12,1,1,'',150.00,''),(2409,276,'2021-08-08',12,1,2,'831',180.00,'GLVN + TNTT'),(2410,512,'2021-08-08',12,1,1,'',150.00,''),(2411,319,'2021-08-08',12,1,1,'',150.00,''),(2412,511,'2021-08-08',12,1,2,'1310',300.00,'2 x GLVN'),(2413,323,'2021-08-08',12,1,2,'1359',540.00,'3 x (GLVN + TNTT)'),(2414,269,'2021-08-08',12,1,2,'4012',360.00,'2 x GLVN'),(2415,271,'2021-08-08',12,1,2,'103',180.00,'GLVN + TNTT'),(2416,271,'2021-08-08',12,1,1,'104',360.00,'2 x (GLVN+TNTT)'),(2417,29,'2021-08-08',12,1,2,'NP',30.00,'Check # not provided - TNTT Only'),(2418,503,'2021-08-08',12,1,2,'105',150.00,''),(2419,503,'2021-08-08',12,1,1,'106',150.00,''),(2420,587,'2021-08-08',12,1,1,'',150.00,''),(2421,11,'2021-08-08',12,1,2,'306',150.00,''),(2422,615,'2021-08-08',12,1,1,'',150.00,''),(2423,268,'2021-08-22',12,1,3,'',150.00,'Chase-TRUNG TRAN for Leena'),(2424,268,'2021-08-22',12,1,3,'',150.00,'Chase-TRUNG TRAN for Don'),(2425,584,'2021-08-08',12,1,1,'',300.00,'2 x GLVN'),(2426,199,'2021-08-08',12,1,1,'',180.00,'GLVN + TNTT'),(2427,21,'2021-08-08',12,1,1,'',150.00,''),(2428,402,'2021-08-08',12,1,1,'',150.00,'2 x VN Only'),(2429,482,'2021-08-08',12,1,1,'',150.00,'2 x GLVN'),(2430,586,'2021-08-08',12,1,1,'',150.00,''),(2431,57,'2021-08-08',12,1,1,'',300.00,'2 x GLVN'),(2432,465,'2021-08-08',12,1,2,'1437',450.00,'3 x GLVN'),(2433,463,'2021-08-08',12,1,1,'',300.00,'2 x GLVN'),(2434,616,'2021-08-08',12,1,1,'',180.00,'GLVN + TNTT'),(2435,617,'2021-08-08',12,1,1,'',150.00,''),(2436,618,'2021-08-08',12,1,1,'',180.00,'GLVN + TNTT'),(2437,619,'2021-08-08',12,1,1,'',150.00,''),(2438,620,'2021-08-08',12,1,1,'',150.00,''),(2439,3,'2021-08-15',12,1,2,'101',180.00,'GLVN + TNTT'),(2440,3,'2021-08-15',12,1,1,'3350',180.00,''),(2441,577,'2021-08-15',12,1,1,'',150.00,''),(2442,537,'2021-08-15',12,1,2,'1525',150.00,''),(2443,449,'2021-08-15',12,1,1,'',150.00,''),(2444,449,'2021-08-15',12,1,1,'',150.00,''),(2445,591,'2021-08-15',12,1,1,'',150.00,''),(2446,372,'2021-08-15',12,1,1,'',30.00,'TNTT Only'),(2447,615,'2021-08-15',12,1,1,'',30.00,'TNTT Only for Uyên'),(2448,615,'2021-08-15',12,1,1,'',30.00,'Add TNTT for Hiếu'),(2449,615,'2021-08-15',12,1,1,'',30.00,'Added TNTT for Quyên'),(2450,621,'2021-08-08',12,1,2,'1415',180.00,'GLVN + TNTT'),(2451,427,'2021-08-15',12,1,2,'111',300.00,'2 x GLVN, specail case both siblings in lớp 7'),(2452,326,'2021-08-15',12,1,2,'2855',180.00,'GLVN + TNTT'),(2453,424,'2021-08-15',12,1,2,'207',300.00,'2 x GLVN'),(2454,364,'2021-08-15',12,1,2,'1082',360.00,'2 x (GLVN +TNTT)'),(2455,17,'2021-08-15',12,1,1,'',150.00,''),(2456,318,'2021-08-15',12,1,2,'1308',300.00,'2 x GLVN'),(2457,534,'2021-08-15',12,1,1,'',360.00,'2 x (GLVN + TNTT)'),(2458,425,'2021-08-15',12,1,2,'127',300.00,'2 x GLVN'),(2459,415,'2021-08-15',12,1,1,'',150.00,''),(2460,551,'2021-08-15',12,1,1,'',150.00,''),(2461,458,'2021-08-15',12,1,1,'',150.00,''),(2462,536,'2021-08-15',12,1,1,'',180.00,'GLVN + TNTT'),(2463,328,'2021-08-15',12,1,1,'1093',300.00,'2 x GLVN'),(2464,149,'2021-08-15',12,1,1,'',150.00,''),(2465,302,'2021-08-15',12,1,2,'300',150.00,''),(2466,517,'2021-08-15',12,1,2,'2498',150.00,''),(2467,587,'2021-08-15',12,1,1,'',30.00,'Add TNTT'),(2468,480,'2021-08-15',12,1,1,'',150.00,''),(2469,562,'2021-08-15',12,1,1,'',360.00,'2 x (GLVN + TNTT)'),(2470,592,'2021-08-15',12,1,2,'104',300.00,'2 x GLVN'),(2471,517,'2021-08-15',12,1,2,'2497',150.00,''),(2472,583,'2021-08-15',12,1,1,'',300.00,'2 x GLVN'),(2473,421,'2021-08-15',12,1,1,'',150.00,''),(2474,606,'2021-08-15',12,1,2,'150',300.00,'2 X GLVN'),(2475,508,'2021-08-15',12,1,2,'102',150.00,''),(2476,341,'2021-08-15',12,1,2,'3692',300.00,'2 x GLVN'),(2477,614,'2021-08-15',12,1,1,'',300.00,'2 x GLVN'),(2478,446,'2021-08-15',12,1,1,'1658',360.00,'2 x (GLVN + TNTT)'),(2479,555,'2021-08-15',12,1,1,'',180.00,''),(2480,441,'2021-08-15',12,1,1,'',180.00,'GLVN + TNTT'),(2481,426,'2021-08-15',12,1,1,'',150.00,''),(2482,570,'2021-08-15',12,1,2,'2149',150.00,''),(2483,353,'2021-08-15',12,1,2,'2194',150.00,'2 x GLVN paid by pid#570 check#2194'),(2484,27,'2021-08-15',12,1,1,'',150.00,''),(2485,537,'2021-08-15',12,1,3,'1527',150.00,''),(2486,466,'2021-08-22',12,1,1,'',150.00,''),(2487,566,'2021-08-22',12,1,1,'',300.00,'2 x GLVN'),(2488,163,'2021-08-22',12,1,1,'',180.00,'GLVN + TNTT'),(2489,466,'2021-08-22',12,1,2,'1851',300.00,'2 x GLVN'),(2490,18,'2021-08-22',12,1,2,'522',150.00,''),(2491,261,'2021-08-22',12,1,1,'',150.00,''),(2492,340,'2021-08-22',12,1,1,'',180.00,'GLVN + TNTT'),(2493,309,'2021-08-22',12,1,1,'',150.00,''),(2494,484,'2021-08-22',12,1,1,'',150.00,''),(2495,407,'2021-08-22',12,1,2,'1528',300.00,'2 x GLVN'),(2496,132,'2021-08-22',12,1,2,'4293',150.00,''),(2497,515,'2021-08-22',12,1,1,'',360.00,'2 x (GLVN + TNTT)'),(2498,58,'2021-08-22',12,1,1,'',150.00,''),(2499,333,'2021-08-22',12,1,2,'547',300.00,'2 x GLVN'),(2500,581,'2021-08-22',12,1,1,'',150.00,''),(2501,144,'2021-08-22',12,1,1,'',180.00,'GLVN + TNTT'),(2502,603,'2021-08-22',12,1,1,'',300.00,'2 x GLVN'),(2503,575,'2021-08-22',12,1,2,'9106',150.00,''),(2504,513,'2021-08-22',12,1,1,'793',300.00,'2 x GLVN'),(2505,613,'2021-08-22',12,1,1,'',180.00,'GLVN + TNTT'),(2506,289,'2021-08-22',12,1,1,'',180.00,'GLVN + TNTT'),(2507,370,'2021-08-22',12,1,1,'',150.00,''),(2508,580,'2021-08-22',12,1,2,'1063',150.00,''),(2509,371,'2021-08-22',12,1,1,'',360.00,'2 x (GLVN + TNTT)'),(2510,610,'2021-08-22',12,1,1,'',180.00,'GLVN + TNTT'),(2511,607,'2021-08-22',12,1,1,'',180.00,'GLVN + TNTT'),(2512,330,'2021-08-22',12,1,1,'',150.00,'2 x GL Only - Approved by BP'),(2513,282,'2021-08-22',12,1,1,'',150.00,''),(2514,529,'2021-08-22',12,1,1,'',300.00,'2 x GLVN'),(2515,120,'2021-08-22',12,1,2,'446',180.00,'GLVN + TNTT'),(2516,526,'2021-08-22',12,1,1,'',360.00,'2 x (GLVN + TNTT)'),(2517,520,'2021-08-22',12,1,1,'',300.00,'2 x GLVN'),(2518,490,'2021-08-22',12,1,1,'',30.00,'TNTT Only'),(2519,494,'2021-08-22',12,1,2,'710',150.00,''),(2520,622,'2021-08-22',12,1,1,'',150.00,''),(2521,593,'2021-08-22',12,1,1,'',300.00,'2 x GLVN'),(2522,623,'2021-08-22',12,1,1,'',300.00,'2 x GLVN'),(2523,624,'2021-08-22',12,1,2,'1573',300.00,'2 x GLVN'),(2524,625,'2021-08-15',12,1,2,'112',150.00,''),(2525,626,'2021-08-15',12,1,1,'',150.00,''),(2526,627,'2021-08-15',12,1,1,'',150.00,''),(2527,178,'2021-08-15',12,1,1,'',300.00,'2 x GLVN'),(2528,628,'2021-08-15',12,1,2,'398',300.00,'2 x GLVN'),(2529,274,'2021-08-15',12,1,2,'1611',75.00,'GL Only - Approved by BP'),(2530,629,'2021-08-15',12,1,2,'2075',150.00,''),(2531,556,'2021-08-29',12,1,1,'',170.00,'GLVN + Late fee'),(2532,450,'2021-08-29',12,1,1,'',400.00,'2 x (GLLVN + TNTT + Late)'),(2533,15,'2021-08-29',12,1,1,'',150.00,''),(2534,630,'2021-08-29',12,1,1,'',170.00,'2 x VNOnly + Late fee'),(2535,602,'2021-08-22',12,1,2,'230',150.00,''),(2536,265,'2021-08-29',12,1,2,'229',300.00,'2 x GLVN'),(2537,163,'2021-08-22',12,1,1,'',150.00,''),(2538,163,'2021-08-22',12,1,1,'',300.00,'2 x GLVN'),(2539,551,'2021-08-15',12,1,1,'',150.00,''),(2540,267,'2021-08-29',12,1,2,'2999',150.00,''),(2541,270,'2021-08-29',12,1,2,'1929',360.00,'GLVN + TNTT'),(2542,320,'2021-08-29',12,1,1,'',150.00,''),(2543,159,'2021-08-29',12,1,1,'',150.00,''),(2544,260,'2021-08-15',12,1,2,'2575',300.00,'2 x GLVN'),(2545,398,'2021-08-15',12,1,2,'2293',150.00,''),(2546,140,'2021-08-29',12,1,2,'3202',150.00,''),(2547,10,'2021-08-29',12,1,1,'',150.00,''),(2548,289,'2021-08-22',12,1,1,'',180.00,'GLVN + TNTT'),(2549,261,'2021-08-22',12,1,1,'',150.00,''),(2550,222,'2021-08-29',12,1,1,'',150.00,''),(2551,302,'2021-08-15',12,1,2,'299',150.00,''),(2552,6,'2021-08-29',12,1,1,'',150.00,''),(2553,327,'2021-08-15',12,1,1,'',150.00,''),(2554,327,'2021-08-15',12,1,1,'',150.00,''),(2555,107,'2021-08-29',12,1,1,'',150.00,''),(2556,631,'2021-08-22',12,1,1,'',150.00,''),(2557,631,'2021-08-22',12,2,1,'',15.00,''),(2558,281,'2021-08-29',12,1,3,'',300.00,'2 x GLVN'),(2559,147,'2021-08-29',12,1,1,'',150.00,''),(2560,306,'2021-08-29',12,1,1,'',180.00,'GLVN + TNTT'),(2561,21,'2021-08-29',12,1,1,'',150.00,''),(2562,29,'2021-08-29',12,1,2,'3849',180.00,'GLVN + TNTT'),(2563,361,'2021-08-29',12,1,1,'',150.00,''),(2564,528,'2021-08-29',12,1,1,'',150.00,''),(2565,597,'2021-08-29',12,1,1,'',150.00,''),(2566,368,'2021-08-29',12,1,1,'',150.00,''),(2567,228,'2021-08-29',12,1,1,'',300.00,'2 x GLVN'),(2568,286,'2021-08-29',12,1,1,'',150.00,''),(2569,303,'2021-08-29',12,1,1,'',150.00,''),(2570,606,'2021-09-10',12,1,1,'',-300.00,'Withdraw'),(2571,624,'2021-08-29',12,1,1,'',-300.00,'Withdraw'),(2572,335,'2021-09-12',12,1,2,'2787',75.00,'GLOnly - approved by BP'),(2573,15,'2021-09-12',12,1,1,'',180.00,'GLVN + TNTT'),(2574,280,'2021-09-12',12,1,1,'',170.00,'GLVN + Late fee'),(2575,228,'2021-09-12',12,1,1,'',150.00,''),(2576,273,'2021-09-12',12,1,2,'NP',380.00,'2 x GLVN+TNTT) + Late Fee'),(2577,509,'2021-09-12',12,1,1,'',170.00,'GLVN + Late fee'),(2578,363,'2021-09-12',12,1,1,'',340.00,'2 x (GLVN +TNTT)'),(2579,346,'2021-09-12',12,1,2,'118',340.00,'2 x (GLVN + Late)'),(2580,419,'2021-09-12',12,1,2,'',340.00,'2 x (GLVN +Late)'),(2581,633,'2021-09-12',12,1,1,'',170.00,'GLVN + Late'),(2582,632,'2021-09-12',12,1,1,'',170.00,'GLVN + Late Fee'),(2583,469,'2021-09-12',12,1,2,'1137',185.00,'GLVN + Late  + Uniform'),(2584,585,'2021-09-12',12,1,2,'656',340.00,'2 x (GLVN + Late)'),(2585,634,'2021-09-12',12,1,1,'',170.00,'GLVN + Late'),(2586,635,'2021-09-12',12,1,1,'',95.00,'VNOnly + Late fee'),(2587,636,'2021-09-12',12,1,2,'',340.00,'2 x (GLVN + Late)'),(2588,637,'2021-08-22',12,1,1,'',150.00,''),(2589,630,'2021-10-10',12,1,1,'',75.00,'VN Only'),(2590,346,'2021-09-12',12,1,1,'',150.00,''),(2591,274,'2021-09-12',12,1,1,'',150.00,''),(2592,237,'2021-09-12',12,1,1,'',150.00,''),(2593,382,'2021-10-24',12,1,1,'',170.00,'GLVN + Late'),(2594,633,'2021-11-14',12,1,1,'',-75.00,'Remove GL'),(2595,441,'2022-07-17',13,1,1,'',220.00,'GLVN + TNTT'),(2596,637,'2022-07-17',13,1,1,'',180.00,''),(2597,265,'2022-07-17',13,1,1,'',360.00,'2 x GLVN'),(2598,58,'2022-07-17',13,1,1,'',180.00,''),(2599,497,'2022-07-17',13,1,1,'',180.00,''),(2600,415,'2022-07-17',13,1,1,'',360.00,'2 x GLVN'),(2601,4,'2022-07-17',13,1,2,'2697',180.00,''),(2602,237,'2022-07-17',13,1,1,'',180.00,''),(2603,17,'2022-07-17',13,1,1,'',180.00,''),(2604,511,'2022-07-17',13,1,2,'',360.00,'2 x GLVN'),(2605,335,'2022-07-17',13,1,2,'2794',180.00,''),(2606,335,'2022-07-17',13,2,2,'2794',20.00,''),(2607,536,'2022-07-17',13,1,1,'',180.00,''),(2608,586,'2022-07-17',13,1,1,'',180.00,''),(2609,617,'2022-07-17',13,1,1,'',180.00,''),(2610,270,'2022-07-17',13,1,2,'1951',440.00,'2 x (GLVN+TNTT)'),(2611,529,'2022-07-17',13,1,2,'472',360.00,'2 x GLVN'),(2612,18,'2022-07-17',13,1,2,'443',180.00,''),(2613,555,'2022-07-17',13,1,2,'1766',220.00,'GLVN + TNTT'),(2614,375,'2022-07-17',13,1,2,'752',540.00,'3 x GLVN'),(2615,561,'2022-07-17',13,1,2,'296',180.00,''),(2616,561,'2022-07-17',13,2,2,'296',20.00,''),(2617,274,'2022-07-17',13,1,2,'297',400.00,'2xGLVN + 1 TNTT'),(2618,306,'2022-07-17',13,1,1,'',220.00,'GLVN + TNTT'),(2619,199,'2022-07-17',13,1,1,'',220.00,'GLVN + TNTT'),(2620,484,'2022-07-17',13,1,1,'',220.00,'GLVN + TNTT'),(2621,309,'2022-07-17',13,1,1,'',220.00,'GLVN + TNTT'),(2622,149,'2022-07-17',13,1,1,'',180.00,''),(2623,333,'2022-07-17',13,1,2,'586',360.00,'2 x GLVN (Refund) (Kids Dropped)'),(2624,509,'2022-07-17',13,1,1,'',180.00,''),(2625,407,'2022-07-17',13,1,2,'1563',540.00,'3 x GLVN'),(2626,556,'2022-07-17',13,1,1,'',180.00,''),(2627,617,'2022-07-17',13,1,1,'',40.00,'add TNTT'),(2628,424,'2022-07-17',13,1,2,'222',200.00,'GLVN + $20 donation'),(2629,465,'2022-07-17',13,1,2,'1441',540.00,'3 x GLVN'),(2630,449,'2022-07-17',13,1,1,'',360.00,'2 x GLVN'),(2631,537,'2022-07-17',13,1,2,'1583',360.00,'2 x GLVN'),(2632,628,'2022-07-17',13,1,1,'',360.00,'2 x GLVN'),(2633,602,'2022-07-17',13,1,2,'250',540.00,'3 x GLVN'),(2634,282,'2022-07-17',13,1,2,'868',180.00,''),(2635,575,'2022-07-17',13,1,2,'1085',360.00,'2 x GLVN'),(2636,603,'2022-07-17',13,1,1,'',360.00,'2 x GLVN'),(2637,515,'2022-07-17',13,1,2,'7010',180.00,''),(2638,21,'2022-07-17',13,1,2,'4412',360.00,'2 x GLVN'),(2639,518,'2022-07-17',13,1,1,'',180.00,''),(2640,368,'2022-07-17',13,1,1,'',180.00,''),(2641,382,'2022-07-17',13,1,1,'',180.00,''),(2642,269,'2022-07-17',13,1,2,'3839',660.00,'3 x (GLVN+TNTT)'),(2643,446,'2022-07-17',13,1,1,'',440.00,'2x (GLVN + TNTT)'),(2644,425,'2022-07-17',13,1,1,'',180.00,''),(2645,584,'2022-07-17',13,1,1,'',0.00,'Waive per cha Phúc'),(2646,615,'2022-07-17',13,1,1,'',0.00,'Waived per Cha Phúc'),(2647,15,'2022-07-17',13,1,1,'',220.00,'GLVN + TNTT'),(2648,261,'2022-07-17',13,1,1,'',360.00,'2 x GLVN'),(2649,323,'2022-07-17',13,1,2,'1287',660.00,'3 x (GLVN+TNTT)'),(2650,363,'2022-07-17',13,1,2,'3270',440.00,'2 x (GLVN+TNTT)+'),(2651,583,'2022-07-17',13,1,1,'',360.00,'2 x GLVN'),(2652,458,'2022-07-17',13,1,1,'',220.00,'GLVN + TNTT'),(2653,260,'2022-07-17',13,1,2,'2579',180.00,''),(2654,587,'2022-07-17',13,1,1,'',180.00,''),(2655,364,'2022-07-17',13,1,1,'',440.00,'2 x (GLVN+TNTT)'),(2656,273,'2022-07-17',13,1,2,'210',440.00,'2 x (GLVN+TNTT)'),(2657,622,'2022-07-17',13,1,1,'',180.00,''),(2658,622,'2022-07-17',13,1,1,'',180.00,''),(2659,6,'2022-07-17',13,1,1,'',180.00,''),(2660,623,'2022-07-17',13,1,1,'',180.00,''),(2661,623,'2022-07-17',13,1,1,'',360.00,'2 x GLVN'),(2662,116,'2022-07-17',13,1,2,'1349',180.00,''),(2663,566,'2022-07-17',13,1,1,'',360.00,'2 x GLVN'),(2664,361,'2022-07-17',13,1,1,'',360.00,'2 x GLVN'),(2665,619,'2022-07-17',13,1,1,'',180.00,''),(2666,508,'2022-07-17',13,1,2,'1075',360.00,'2 x GLVN'),(2667,585,'2022-07-17',13,1,2,'240',360.00,'2 x GLVN'),(2668,112,'2022-07-17',13,1,2,'1642',220.00,'GLVN +TNTT'),(2669,276,'2022-07-17',13,1,2,'0836',180.00,''),(2670,573,'2022-07-17',13,1,2,'1051',440.00,'2 x (GLVN+TNTT)'),(2671,271,'2022-07-17',13,1,1,'',660.00,'3 x (GLVN+TNTT)'),(2672,268,'2022-07-17',13,1,1,'',180.00,''),(2673,341,'2022-07-17',13,1,2,'???',540.00,'3 x GLVN'),(2674,419,'2022-07-17',13,1,2,'???',360.00,'2 x GLVN'),(2675,551,'2022-07-17',13,1,1,'',360.00,'2 x GLVN'),(2676,422,'2022-07-17',13,1,2,'???',360.00,'2 x GLVN'),(2677,59,'2022-07-17',13,1,1,'',180.00,''),(2678,132,'2022-07-17',13,1,2,'1564',180.00,''),(2679,326,'2022-07-17',13,1,2,'???',180.00,''),(2680,370,'2022-07-17',13,1,1,'',180.00,''),(2681,373,'2022-07-17',13,1,1,'',360.00,'2 x GLVN'),(2682,373,'2022-07-17',13,2,1,'',40.00,'2 x uniform'),(2683,512,'2022-07-17',13,1,1,'',440.00,'2 x (GLVN + TNTT)'),(2684,120,'2022-07-17',13,1,1,'',220.00,'GLVN + TNTT'),(2685,159,'2022-07-17',13,1,1,'',180.00,''),(2686,520,'2022-07-17',13,1,1,'',360.00,'2 x GLVN'),(2687,320,'2022-07-17',13,1,1,'',180.00,''),(2688,178,'2022-07-17',13,1,2,'296',360.00,'2 x GLVN'),(2689,463,'2022-07-17',13,1,1,'',400.00,'2xGLVN + 1TNTT'),(2690,327,'2022-07-17',13,1,1,'',180.00,''),(2691,524,'2022-07-17',13,1,1,'',180.00,''),(2692,144,'2022-07-17',13,1,1,'',220.00,'GLVN + TNTT'),(2693,328,'2022-07-17',13,1,2,'1569',360.00,'2 x GLVN'),(2694,592,'2022-07-17',13,1,1,'',360.00,'2 x GLVN'),(2695,562,'2022-07-17',13,1,1,'',440.00,'2 x (GLVN+TNTT)'),(2696,266,'2022-07-17',13,1,1,'',180.00,''),(2697,266,'2022-07-17',13,2,1,'',20.00,''),(2698,503,'2022-07-17',13,1,1,'',360.00,'2 x GLVN'),(2699,503,'2022-07-17',13,2,1,'',40.00,'2 shirts'),(2700,57,'2022-07-17',13,1,1,'',360.00,'2 x GLVN'),(2701,577,'2022-07-17',13,1,1,'',180.00,''),(2702,29,'2022-07-17',13,1,2,'101',220.00,'GLVN + TNTT'),(2703,405,'2022-07-17',13,1,1,'',360.00,'2 x GLVN'),(2704,593,'2022-07-17',13,1,1,'',360.00,'2 x GLVN'),(2705,464,'2022-07-17',13,1,1,'',360.00,'2 x GLVN'),(2706,580,'2022-07-17',13,1,2,'1084',360.00,'2 x GLVN'),(2707,444,'2022-07-17',13,1,1,'',360.00,'2 x GLVN'),(2708,330,'2022-07-17',13,1,1,'',180.00,'2 x GL'),(2709,289,'2022-07-17',13,1,2,'1432',130.00,'1 GL Only + 1 TNTT'),(2710,626,'2022-07-17',13,1,2,'179',360.00,'2 x GLVN'),(2711,638,'2022-07-17',13,1,1,'',180.00,''),(2712,638,'2022-07-17',13,2,1,'',20.00,''),(2713,618,'2022-07-17',13,1,1,'',180.00,''),(2714,561,'2022-07-17',13,1,2,'295',180.00,''),(2715,582,'2022-07-17',13,1,1,'',90.00,'GL Only'),(2716,52,'2022-07-17',13,1,2,'2709',180.00,''),(2717,639,'2022-07-17',13,1,1,'',240.00,'GLVN + TNTT'),(2718,639,'2022-07-17',13,2,1,'',20.00,''),(2719,640,'2022-07-17',13,1,1,'',180.00,''),(2720,640,'2022-07-17',13,2,1,'',20.00,''),(2721,359,'2022-07-17',13,1,1,'',180.00,''),(2722,641,'2022-07-17',13,1,1,'',90.00,'VN Only'),(2723,641,'2022-07-17',13,2,1,'',20.00,''),(2724,642,'2022-07-17',13,1,1,'',90.00,''),(2725,642,'2022-07-17',13,2,1,'',20.00,''),(2726,643,'2022-07-17',13,1,2,'???',90.00,'VN Only'),(2727,643,'2022-07-17',13,2,2,'???',20.00,''),(2728,644,'2022-07-17',13,1,1,'',180.00,''),(2729,644,'2022-07-17',13,2,1,'',20.00,''),(2730,645,'2022-07-17',13,1,1,'',220.00,'GLVN + TNTT'),(2731,645,'2022-07-17',13,2,1,'',25.00,'TNTT Uniform'),(2732,353,'2022-07-17',13,1,2,'2297',360.00,'2 x GLVN'),(2733,629,'2022-07-17',13,1,2,'2089',360.00,'2 x GLVN'),(2734,646,'2022-07-17',13,1,2,'1095',180.00,''),(2735,646,'2022-07-17',13,2,2,'1095',20.00,''),(2736,555,'2022-07-17',13,1,2,'1765',220.00,'GLVN + TNTT'),(2737,555,'2022-07-17',13,2,2,'1765',25.00,'TNTT Uniform'),(2738,228,'2022-07-17',13,1,1,'',180.00,''),(2739,647,'2022-07-17',13,1,1,'',180.00,''),(2740,648,'2022-07-17',13,1,1,'',180.00,''),(2741,185,'2022-07-17',13,1,1,'',180.00,''),(2742,649,'2022-07-17',13,1,1,'',360.00,''),(2743,472,'2022-07-17',13,1,1,'',540.00,'3 x GLVN'),(2744,472,'2022-07-17',13,2,1,'',60.00,'3 x shirts'),(2745,635,'2022-08-14',13,1,1,'',110.00,'VNOnly + Late'),(2746,3,'2022-08-14',13,1,1,'',280.00,'GLVN + 2 TNNT + Late'),(2747,534,'2022-08-14',13,1,1,'',400.00,'2 x (GLVN + Late)'),(2748,540,'2022-08-14',13,1,2,'798',200.00,'GLVN + Uniform'),(2749,591,'2022-08-14',13,1,1,'',200.00,'GLVN + Late'),(2750,450,'2022-08-14',13,1,1,'',400.00,'2 x (VLGN + Late)'),(2751,331,'2022-08-14',13,1,1,'???',460.00,'2 x (GLVN+TNTT+Late)'),(2752,469,'2022-08-14',13,1,1,'',200.00,'GLVN + Late'),(2753,614,'2022-08-14',13,1,1,'',440.00,'2 x (GLVN + TNTT)'),(2754,625,'2022-08-14',13,1,1,'',200.00,'GLVN + Late'),(2755,340,'2022-08-14',13,1,1,'',200.00,'GLVN + Late'),(2756,455,'2022-08-14',13,1,2,'1108',360.00,'2 GLVN '),(2757,572,'2022-08-14',13,1,1,'',200.00,'GLVN + Late'),(2758,572,'2022-08-14',13,1,2,'',200.00,'GLVN + Late'),(2759,599,'2022-08-14',13,1,2,'1053',200.00,'GLVN + Late'),(2760,590,'2022-08-14',13,1,2,'1055',220.00,'2 x (GLVN + Uniform)'),(2761,11,'2022-08-14',13,1,1,'',180.00,''),(2762,513,'2022-08-14',13,1,2,'1259',360.00,'2 x GLVN'),(2763,513,'2022-08-14',13,1,2,'1258',80.00,'2 x TNTT'),(2764,52,'2022-08-14',13,1,1,'',130.00,'add 2 x (TNTT + TNTT Uniform)'),(2765,634,'2022-08-14',13,1,1,'',220.00,'GLVN + Uniform+ Late'),(2766,526,'2022-08-14',13,1,1,'',480.00,'3 x GLVN Uniform + Late ($480 cash $100 check)'),(2767,526,'2022-08-14',13,1,2,'764',100.00,'3 x GLVN+Uniform+Late ($480 cash $100 check)'),(2768,319,'2022-08-14',13,1,1,'',220.00,'GLVN + Uniform'),(2769,576,'2022-08-14',13,1,1,'520',380.00,'2 x GLVN + Uniform'),(2770,494,'2022-08-14',13,1,1,'',380.00,'2 GLVN + Late'),(2771,651,'2022-08-14',13,1,1,'',200.00,'GLVN + Late'),(2772,652,'2022-08-14',13,1,2,'',220.00,'GLVN + Uniform + Late'),(2773,653,'2022-08-14',13,1,1,'',220.00,'GLVN + Uniform + Late'),(2774,654,'2022-08-14',13,1,1,'',220.00,'GLVN + Uniform + Late'),(2775,655,'2022-08-14',13,1,2,'???',220.00,'GLVN + Uniform + Late'),(2776,656,'2022-08-14',13,1,2,'2051',735.00,'3 x (GLVN+TNTT+Uniform)'),(2777,657,'2022-08-14',13,1,1,'',220.00,'GLVN + Uniform + Late'),(2778,658,'2022-08-14',13,1,2,'???',400.00,'2 x (GLVN + Uniform)'),(2779,659,'2022-08-14',13,1,1,'',220.00,'GLVN + Uniform + Late'),(2780,660,'2022-08-14',13,1,1,'',110.00,'VNOnly + Late'),(2781,661,'2022-08-14',13,1,1,'',110.00,'VNOnly + Late'),(2782,662,'2022-08-14',13,1,1,'',130.00,'VNOnly + Uniform + Late'),(2783,314,'2022-08-14',13,1,2,'1017',360.00,'2 x GLVN'),(2784,663,'2022-08-14',13,1,1,'',220.00,'2 x (VNOnly + uniform)'),(2785,560,'2022-07-17',13,1,2,'120',180.00,'2 x VNOnly'),(2786,533,'2022-07-17',13,1,2,'120',180.00,'Same check with parent ID=560'),(2787,664,'2022-08-14',13,1,1,'',200.00,'GLVN + Late'),(2788,665,'2022-08-14',13,1,3,'',400.00,'2 x GLVN via Zelle'),(2789,222,'2022-08-14',13,1,1,'',100.00,'Still owes $80'),(2791,281,'2022-08-14',13,1,3,'',360.00,'2 x GLVN via Zelle'),(2792,550,'2022-08-14',13,1,1,'',180.00,''),(2794,586,'2022-09-07',13,1,1,'',40.00,'Add TNTT'),(2795,627,'2022-09-07',13,1,1,'',200.00,'GLVN + Late'),(2796,332,'2022-09-07',13,1,2,'323',90.00,'VNOnly'),(2797,346,'2022-09-07',13,1,1,'',360.00,'2 x GLVN'),(2798,303,'2022-09-07',13,1,1,'',220.00,'GLVN + Late + Uniform'),(2799,444,'2022-09-07',13,1,2,'???',130.00,'Add 2 x (TNTT+Uniform)'),(2800,222,'2022-09-07',13,1,1,'',90.00,'Paid $80 owed + $10  extra'),(2801,631,'2022-09-07',13,1,1,'',220.00,'GLVN + Late + Uniform'),(2802,318,'2022-09-07',13,1,2,'1339',380.00,'2 x GLVN + Late'),(2803,666,'2022-09-07',13,1,1,'',200.00,'GLVN+Uniform'),(2804,27,'2022-09-07',13,1,2,'202',180.00,''),(2805,466,'2022-09-07',13,1,1,'',540.00,'zelle $360 & cash $180'),(2806,668,'2022-09-07',13,1,1,'',200.00,'GLVN + Uniform'),(2807,669,'2022-09-07',13,1,1,'',220.00,'GLVN + Uniform'),(2808,541,'2022-09-11',13,1,1,'',200.00,'GLVN + Late'),(2809,581,'2022-09-11',13,1,1,'',200.00,'GLVN + Late'),(2810,326,'2022-09-11',13,1,2,'2916',40.00,'Add TNTT'),(2811,636,'2022-09-11',13,1,2,'495',385.00,'2 x (GLVN + Late)'),(2812,622,'2022-09-15',13,1,1,'',40.00,'Add TNTT'),(2813,627,'2022-09-15',13,1,1,'',40.00,'Add TNTT'),(2814,670,'2022-09-15',13,1,2,'1046',220.00,'2 x (VNOnly + Uniform)'),(2815,671,'2022-09-18',13,1,1,'',245.00,'GLVN + Uniform + TNTT'),(2816,672,'2022-09-18',13,1,1,'',245.00,'GLVN + Uniform + TNTT'),(2817,651,'2022-09-18',13,1,1,'',65.00,'TNTT + Uniform'),(2818,666,'2022-09-20',13,1,1,'',65.00,'TNTT + Uniform'),(2819,567,'2022-09-18',13,1,2,'284',220.00,'GLVN + Late fee + Uniform'),(2820,673,'2022-10-09',13,1,1,'',110.00,'VN ONLY + Uniform'),(2821,391,'2022-10-09',13,1,1,'',0.00,'Fee waived 100% Cha Approval 3 kids'),(2822,674,'2022-10-12',13,1,1,'552',400.00,'2 x (GLVN + Uniform)'),(2823,497,'2022-11-13',13,1,1,'',40.00,'TNTT'),(2824,675,'2023-01-15',13,1,2,'1131',100.00,'Cha approved $100 GLVN payment'),(2825,676,'2023-02-06',13,1,1,'',195.00,'3 x (TNTT + Uniform)'),(2826,677,'2023-02-06',13,1,1,'',130.00,'2 x (TNTT + Uniform)'),(2827,57,'2023-04-16',14,1,1,'',180.00,''),(2828,57,'2023-04-16',14,1,1,'',180.00,'2nd child'),(2829,511,'2023-04-16',14,1,2,'???',180.00,'check # not provided'),(2830,529,'2023-04-16',14,1,1,'474',360.00,'2 x GLVN'),(2831,512,'2023-04-16',14,1,1,'',460.00,'2 x (GLVN +TNTT)'),(2832,619,'2023-04-16',14,1,1,'',180.00,'def cash - payment type unknown'),(2833,237,'2023-04-16',14,1,1,'',180.00,''),(2834,484,'2023-04-16',14,1,1,'',180.00,''),(2835,309,'2023-04-16',14,1,1,'',180.00,''),(2836,370,'2023-04-16',14,1,1,'',180.00,''),(2837,58,'2023-04-16',14,1,1,'',180.00,''),(2838,649,'2023-04-16',14,1,1,'',360.00,'2 x GLVN'),(2839,592,'2023-04-16',14,1,1,'',360.00,'def cash - payment type unknown'),(2840,274,'2023-04-16',14,1,1,'',50.00,'def cash, TNTT Only'),(2841,274,'2023-04-16',14,1,1,'',230.00,'2nd child - GLVN+TNTT'),(2842,273,'2023-04-16',14,1,2,'139',230.00,'GLVN + TNTT'),(2843,270,'2023-04-16',14,1,2,'???',460.00,'2 x (GLVN + TNTT)'),(2844,660,'2023-04-16',14,1,1,'',180.00,''),(2845,660,'2023-04-16',14,1,2,'1214',180.00,''),(2846,663,'2023-04-16',14,1,1,'',360.00,'2 x GLVN'),(2847,663,'2023-04-16',14,2,1,'',20.00,'def cash - payment type unknown'),(2848,536,'2023-04-16',14,1,2,'4974',180.00,''),(2849,17,'2023-04-16',14,1,1,'',180.00,'def cash - payment type unknown'),(2850,646,'2023-04-16',14,1,2,'1182',180.00,''),(2851,455,'2023-04-16',14,1,2,'1127',360.00,'2 x GLVN'),(2852,656,'2023-04-16',14,1,1,'',540.00,'3 x GLVN'),(2853,637,'2023-04-16',14,1,1,'',180.00,''),(2854,282,'2023-04-16',14,1,2,'???',180.00,'check # not provided'),(2855,629,'2023-04-16',14,1,2,'2133',360.00,'2 x GLVN'),(2856,670,'2023-04-16',14,1,1,'',360.00,'2 x GLVN'),(2857,303,'2023-04-16',14,1,1,'',180.00,''),(2858,340,'2023-04-16',14,1,1,'',180.00,''),(2859,266,'2023-04-16',14,1,1,'',180.00,''),(2860,524,'2023-04-16',14,1,1,'',180.00,''),(2861,199,'2023-04-16',14,1,1,'',180.00,''),(2862,633,'2023-04-16',14,1,1,'',180.00,''),(2863,511,'2023-04-16',14,1,2,'???',180.00,'2nd child - check # not provided'),(2864,509,'2023-04-16',14,1,1,'',360.00,'2 x GLVN - payment type unknown'),(2865,511,'2023-04-16',14,1,2,'???',180.00,'3rd child'),(2866,678,'2023-04-16',14,1,2,'',360.00,'2 x GLVN'),(2867,679,'2023-04-16',14,1,1,'',230.00,'GLVN + TNTT'),(2868,424,'2023-04-23',14,1,2,'106',180.00,''),(2869,628,'2023-04-23',14,1,1,'',180.00,''),(2870,667,'2023-04-23',14,1,1,'',230.00,'GLVN + TNTT'),(2871,271,'2023-04-23',14,1,1,'',460.00,'2 x (GLVN + TNTT)'),(2872,65,'2023-04-23',14,1,1,'',180.00,''),(2873,15,'2023-04-23',14,1,1,'',230.00,'GLVN + TNTT'),(2874,149,'2023-04-23',14,1,1,'',180.00,''),(2875,446,'2023-04-23',14,1,1,'',360.00,'2 x GLVN'),(2876,326,'2023-04-23',14,1,2,'2905',230.00,'GLVN + TNTT'),(2877,593,'2023-04-23',14,1,1,'',360.00,'2 x  GLVN'),(2878,463,'2023-04-23',14,1,1,'',460.00,'2 x (GLVN + TNTT)'),(2879,562,'2023-04-23',14,1,1,'',460.00,'2 x (GLVN + TNTT)'),(2880,669,'2023-04-23',14,1,1,'',180.00,''),(2881,178,'2023-04-23',14,1,2,'202',360.00,'2 x GLVN'),(2882,112,'2023-04-23',14,1,1,'',230.00,'GLVN + TNTT'),(2883,675,'2023-04-23',14,1,2,'1136',180.00,''),(2884,228,'2023-04-23',14,1,1,'',180.00,''),(2885,652,'2023-04-23',14,1,1,'',180.00,''),(2886,625,'2023-04-23',14,1,2,'147',180.00,''),(2887,617,'2023-04-23',14,1,1,'',230.00,'GLVN + TNTT'),(2888,581,'2023-04-23',14,1,1,'',180.00,''),(2889,651,'2023-04-23',14,1,2,'197',230.00,'GLVN + TNTT'),(2890,441,'2023-04-23',14,1,2,'',230.00,'GLVN + TNTT'),(2891,421,'2023-04-23',14,1,1,'',180.00,''),(2892,655,'2023-04-23',14,1,2,'1001',180.00,''),(2893,544,'2023-04-23',14,1,2,'1001',180.00,'paid with same check from PID=655'),(2894,59,'2023-04-23',14,1,1,'',180.00,''),(2895,425,'2023-04-23',14,1,1,'',180.00,''),(2896,407,'2023-04-23',14,1,2,'4545',540.00,'3 x GLVN'),(2897,132,'2023-04-23',14,1,2,'4545',180.00,'Paid same check with PID=407'),(2898,575,'2023-04-23',14,1,1,'',360.00,'2 x GLVN'),(2899,626,'2023-04-23',14,1,2,'190',360.00,'2 x GLVN'),(2900,659,'2023-04-23',14,1,1,'',230.00,'GLVN + TNTT'),(2901,415,'2023-04-23',14,1,1,'',360.00,'2 x GLVN'),(2902,368,'2023-04-23',14,1,1,'',180.00,''),(2903,6,'2023-04-23',14,1,1,'',180.00,''),(2904,444,'2023-04-23',14,1,2,'',360.00,'2 x GLVN'),(2905,341,'2023-04-23',14,1,2,'3980',540.00,'3 x GLVN'),(2906,648,'2023-04-23',14,1,1,'',230.00,'GLVN + TNTT'),(2907,21,'2023-04-23',14,1,1,'',180.00,'def cash - unknown payment method'),(2908,497,'2023-04-23',14,1,1,'',230.00,'GLVN + TNTT'),(2909,599,'2023-04-23',14,1,1,'',180.00,''),(2910,261,'2023-04-23',14,1,1,'',180.00,''),(2911,412,'2023-04-23',14,1,1,'',180.00,''),(2912,555,'2023-04-23',14,1,2,'1813',440.00,'2 x (GLVN +TNTT)'),(2913,555,'2023-04-23',14,1,1,'',20.00,'Paid $20 cash short from check #1813'),(2914,583,'2023-04-23',14,1,1,'',460.00,'2 x (GLVN + TNTT)'),(2915,331,'2023-04-23',14,1,2,'151',360.00,'2 X GLVN'),(2916,673,'2023-04-23',14,1,1,'',180.00,''),(2917,623,'2023-04-23',14,1,1,'',180.00,''),(2918,623,'2023-04-23',14,1,1,'',360.00,'2 x GLVN'),(2919,576,'2023-04-23',14,1,2,'546',360.00,'2 x GLVN'),(2920,566,'2023-04-23',14,1,2,'1116',460.00,'2 x (GLVN + TNTT)'),(2921,120,'2023-04-23',14,1,2,'479',230.00,'GLVN + TNTT'),(2922,580,'2023-04-23',14,1,2,'1115',360.00,'2 x GLVN'),(2923,657,'2023-04-23',14,1,2,'1378',180.00,''),(2924,18,'2023-04-23',14,1,2,'449',180.00,''),(2925,634,'2023-04-23',14,1,1,'',360.00,'2 x GLVN'),(2926,680,'2023-04-23',14,1,1,'',460.00,'2 x (GLVN + TNTT)'),(2927,681,'2023-04-23',14,1,1,'',360.00,'2 x GLVN'),(2928,682,'2023-04-23',14,1,1,'',180.00,''),(2929,683,'2023-04-23',14,1,1,'',90.00,'VN Only'),(2930,503,'2023-04-23',14,1,2,'2953',540.00,'3 x GLVN'),(2931,684,'2023-04-23',14,1,2,'2953',180.00,'Same check paid under PID=503'),(2932,685,'2023-04-23',14,1,1,'',180.00,''),(2933,686,'2023-04-23',14,1,1,'',230.00,'def cash - unknown payment method'),(2934,687,'2023-04-23',14,1,1,'',360.00,'2 x GLVN'),(2935,688,'2023-04-23',14,1,2,'102',180.00,''),(2936,689,'2023-04-23',14,1,1,'',180.00,''),(2937,690,'2023-04-23',14,1,1,'',180.00,''),(2938,691,'2023-04-23',14,1,2,'1508',360.00,'2 x GLVN'),(2939,677,'2023-04-23',14,1,1,'',460.00,'2 x (GLVN + TNTT)'),(2940,642,'2023-07-16',0,1,1,'',90.00,'VN Only'),(2941,642,'2023-07-16',14,1,1,'',90.00,'VN Only - 2nd child'),(2942,666,'2023-07-23',14,1,1,'',180.00,''),(2943,472,'2023-07-16',14,1,1,'',540.00,'3 x GLVN'),(2944,586,'2023-07-16',14,1,1,'',180.00,''),(2945,458,'2023-07-16',14,1,1,'',230.00,'GLVN + TNTT'),(2946,641,'2023-07-23',14,1,1,'',90.00,'VN Only'),(2947,627,'2023-07-16',14,1,1,'',230.00,'GLVN + TNTT'),(2948,534,'2023-07-16',14,1,1,'',360.00,'2 x GLVN'),(2949,644,'2023-07-16',14,1,1,'',180.00,''),(2950,52,'2023-07-16',14,1,2,'2739',180.00,''),(2951,52,'2023-07-16',14,1,2,'2740',50.00,'TNTT'),(2952,541,'2023-07-16',14,1,1,'',200.00,'GLVN + uniform'),(2953,587,'2023-07-16',14,1,1,'',230.00,'GLVN + TNTT'),(2954,518,'2023-07-16',14,1,2,'1215',180.00,'paid by pid=520 under same check#'),(2955,520,'2023-07-16',14,1,2,'1215',360.00,'2 x GLVN'),(2956,556,'2023-07-16',14,1,1,'',180.00,''),(2957,373,'2023-07-16',14,1,1,'',360.00,'2 x GLVN'),(2958,494,'2023-07-16',14,1,2,'743',360.00,'2 x GLVN'),(2959,638,'2023-07-16',14,1,1,'',230.00,'GLVN + TNTT'),(2960,508,'2023-07-23',14,1,2,'',360.00,'2 x GLVN'),(2961,449,'2023-07-23',14,1,1,'',360.00,'2 x GLVN'),(2962,561,'2023-07-23',14,1,2,'511',360.00,'2 x GLVN'),(2963,422,'2023-07-23',14,1,2,'5341',360.00,'2 x GLVN'),(2964,537,'2023-07-23',14,1,2,'1584',540.00,'3 x GLVN'),(2965,517,'2023-07-23',14,1,2,'2620',360.00,'2 x GLVN'),(2966,29,'2023-07-23',14,1,2,'4008',50.00,'TNTT'),(2967,658,'2023-07-23',14,1,2,'222',540.00,'3 x GLVN'),(2968,584,'2023-07-23',14,1,1,'',460.00,'2 x GLVN + TNTT)'),(2969,615,'2023-07-23',14,1,1,'',230.00,'GLVN + TNTT'),(2970,464,'2023-07-23',14,1,1,'',360.00,'2 x GLVN'),(2971,586,'2023-07-23',14,1,1,'',50.00,'add TNTT'),(2972,640,'2023-07-23',14,1,1,'',180.00,''),(2973,515,'2023-07-23',14,1,1,'',180.00,''),(2974,591,'2023-07-23',14,1,1,'',180.00,''),(2975,692,'2023-07-16',14,1,2,'185',180.00,''),(2976,693,'2023-07-16',14,1,1,'',640.00,'3 GLVN + 2 TNTT'),(2977,694,'2023-07-16',14,1,1,'',180.00,''),(2978,695,'2023-07-16',14,1,1,'',180.00,''),(2979,309,'2023-07-23',14,1,1,'',230.00,'GLVN + TNTT (2nd child)'),(2980,518,'2023-07-23',14,1,1,'',180.00,'2nd child'),(2981,696,'2023-07-23',14,1,1,'',230.00,'GLVN + TNTT'),(2982,697,'2023-07-23',14,1,1,'',180.00,''),(2983,698,'2023-07-23',14,1,1,'',180.00,''),(2984,699,'2023-07-23',14,1,1,'',180.00,''),(2985,700,'2023-07-23',14,1,1,'',180.00,'');

--
-- Table structure for table `bursarlabel`
--

CREATE TABLE `bursarlabel` (
  `id` tinyint(4) NOT NULL AUTO_INCREMENT,
  `labelDesc` varchar(24) COLLATE utf8_unicode_ci DEFAULT NULL,
  PRIMARY KEY (`id`)
) ENGINE=InnoDB AUTO_INCREMENT=5 DEFAULT CHARSET=utf8 COLLATE=utf8_unicode_ci;

--
-- Dumping data for table `bursarlabel`
--

INSERT INTO `bursarlabel` VALUES (1,'Registration'),(2,'Uniform'),(3,'Activities'),(4,'Books');

--
-- Table structure for table `catechist`
--

CREATE TABLE `catechist` (
  `idcatechist` int(11) NOT NULL,
  `idfaculty` int(11) DEFAULT NULL,
  `idnum` varchar(16) COLLATE utf8_unicode_ci DEFAULT NULL,
  `name` varchar(48) COLLATE utf8_unicode_ci DEFAULT NULL,
  `dob` date DEFAULT NULL,
  `idcatechist_parish` int(11) DEFAULT NULL,
  PRIMARY KEY (`idcatechist`)
) ENGINE=InnoDB DEFAULT CHARSET=utf8 COLLATE=utf8_unicode_ci;

--
-- Dumping data for table `catechist`
--

INSERT INTO `catechist` VALUES (1,17,'1234567','Sy Nguyen','2016-09-24',1),(2,334,'987654','test','2016-01-01',3);

--
-- Table structure for table `catechist_class`
--

CREATE TABLE `catechist_class` (
  `idcatechist_class` int(11) NOT NULL AUTO_INCREMENT,
  `idcatechist_course` int(11) NOT NULL,
  `date` date NOT NULL,
  `coursehours` smallint(6) NOT NULL,
  `location` varchar(48) COLLATE utf8_unicode_ci DEFAULT NULL,
  `providedby` varchar(48) COLLATE utf8_unicode_ci DEFAULT NULL,
  PRIMARY KEY (`idcatechist_class`)
) ENGINE=InnoDB DEFAULT CHARSET=utf8 COLLATE=utf8_unicode_ci;

--
-- Dumping data for table `catechist_class`
--


--
-- Table structure for table `catechist_course`
--

CREATE TABLE `catechist_course` (
  `coursenum` smallint(6) NOT NULL,
  `coursename` varchar(64) COLLATE utf8_unicode_ci DEFAULT NULL,
  `coursehours` smallint(6) DEFAULT NULL,
  PRIMARY KEY (`coursenum`)
) ENGINE=InnoDB DEFAULT CHARSET=utf8 COLLATE=utf8_unicode_ci COMMENT='	';

--
-- Dumping data for table `catechist_course`
--

INSERT INTO `catechist_course` VALUES (101,'Introduction of the Learner',5),(102,'Grade Level Methods',5),(201,'Roles of the catechist',5),(202,'Getting Started as Catechist',5),(203,'The Person of the Catechist',5),(301,'Ecclesiology',5),(302,'Creed',10),(303,'Old Testament',5),(304,'New Testament',5),(305,'Liturgy and Sacraments',10),(306,'Christian Morality',10),(307,'Prayer and Spirituality',10),(501,'Church History',NULL),(502,'Mary and the Saints',NULL),(503,'Christology',NULL),(505,'Social Doctrine of the Church',NULL),(506,'Ecumenism',NULL),(507,'Church Documents',NULL),(508,'Catechetical Documents',NULL),(509,'Sacraments of Eucharist and Reconciliation',NULL),(510,'Approved Theology Elective',NULL),(601,'Pentateuch',NULL),(602,'Historical Books',NULL),(603,'Prophets',NULL),(604,'Wisdom Books',NULL),(605,'Psalms',NULL),(606,'Synoptic Gospels',NULL),(607,'Gospel of John',NULL),(608,'Letters of Paul',NULL),(609,'Act of Apostles',NULL),(610,'Apocalytics Writings',NULL),(612,'Introduction to the Scripture',10),(613,'Approved Scripture Elective',NULL),(701,'Children\'s Catechist Eucharist and Reconciliation',NULL),(702,'Introduction to the Ministry of Catechist',NULL),(704,'Adult Faith Formation',NULL),(705,'Building Intercultural Competence for Catechist',NULL),(706,'RCIA',NULL),(707,'Special Needs',NULL),(708,'Leadership',NULL),(709,'Worship',NULL),(710,'Quince Años',NULL),(711,'Chaste Living',NULL),(712,'Approved Methodology/Skills Elective',NULL),(801,'Act of Discernment',NULL),(802,'Theological Reflection',NULL),(803,'Spiritual Directon',NULL),(804,'Small FaithSharing Groups',NULL),(805,'Prayer Group',NULL),(807,'Retreat',NULL),(810,'Approved Personal & Spiritual Maturiy Elective, Conference',NULL);

--
-- Table structure for table `catechist_parish`
--

CREATE TABLE `catechist_parish` (
  `idcatechist_parish` int(11) NOT NULL AUTO_INCREMENT,
  `Parish` varchar(48) COLLATE utf8_unicode_ci DEFAULT NULL,
  `City` varchar(24) COLLATE utf8_unicode_ci DEFAULT NULL,
  `PCLname` varchar(48) COLLATE utf8_unicode_ci DEFAULT NULL,
  PRIMARY KEY (`idcatechist_parish`)
) ENGINE=InnoDB AUTO_INCREMENT=4 DEFAULT CHARSET=utf8 COLLATE=utf8_unicode_ci;

--
-- Dumping data for table `catechist_parish`
--

INSERT INTO `catechist_parish` VALUES (1,'Sacred Heart of Jesus','Carrollton','Trung Gia Tran'),(2,'Mother of Perpetual Help','Garland','A cool person'),(3,'St Peter and Paul','Mesquite','A Dedcated Person');

--
-- Table structure for table `classgl`
--

CREATE TABLE `classgl` (
  `id` int(11) NOT NULL AUTO_INCREMENT,
  `classid` varchar(4) COLLATE utf8_unicode_ci DEFAULT NULL,
  `classdesc` varchar(32) COLLATE utf8_unicode_ci DEFAULT NULL,
  PRIMARY KEY (`id`)
) ENGINE=InnoDB AUTO_INCREMENT=15 DEFAULT CHARSET=utf8 COLLATE=utf8_unicode_ci;

--
-- Dumping data for table `classgl`
--

INSERT INTO `classgl` VALUES (1,'-2','N/A'),(2,'1','Lớp 1'),(3,'2','Lớp 2 (Pre-Communion)'),(4,'3','Lớp 3 (Communion)'),(5,'4','Lớp 4'),(6,'5','Lớp 5'),(7,'6','Lớp 6'),(8,'7','Lớp 7'),(9,'8','Lớp 8'),(10,'9','Lớp 9 (Pre-Confirmation)'),(11,'10','Confirmation'),(13,'TA','TA'),(14,'0','NONE');

--
-- Table structure for table `classgl_2018`
--

CREATE TABLE `classgl_2018` (
  `id` int(11) NOT NULL AUTO_INCREMENT,
  `classid` varchar(4) COLLATE utf8_unicode_ci DEFAULT NULL,
  `classdesc` varchar(12) COLLATE utf8_unicode_ci DEFAULT NULL,
  PRIMARY KEY (`id`)
) ENGINE=InnoDB AUTO_INCREMENT=17 DEFAULT CHARSET=utf8 COLLATE=utf8_unicode_ci;

--
-- Dumping data for table `classgl_2018`
--

INSERT INTO `classgl_2018` VALUES (1,'-2','N/A'),(2,'0','Mãu Giáo'),(3,'1','Lớp 1'),(4,'2','Lớp 2'),(5,'3','Lớp 3'),(6,'4A','Lớp 4A'),(7,'4B','Lớp 4B'),(8,'5A','Lớp 5A'),(9,'5B','Lớp 5B'),(10,'6','Lớp 6'),(11,'7','Lớp 7'),(12,'8A','Lớp 8A'),(13,'8B','Lớp 8B'),(14,'9','Lớp 9'),(15,'10','Lớp 10'),(16,'TA','TA');

--
-- Table structure for table `classgl_2019`
--

CREATE TABLE `classgl_2019` (
  `id` int(11) NOT NULL AUTO_INCREMENT,
  `classid` varchar(4) COLLATE utf8_unicode_ci DEFAULT NULL,
  `classdesc` varchar(12) COLLATE utf8_unicode_ci DEFAULT NULL,
  PRIMARY KEY (`id`)
) ENGINE=InnoDB AUTO_INCREMENT=17 DEFAULT CHARSET=utf8 COLLATE=utf8_unicode_ci;

--
-- Dumping data for table `classgl_2019`
--

INSERT INTO `classgl_2019` VALUES (1,'-2','N/A'),(2,'0','Mãu Giáo'),(3,'1','Lớp 1'),(4,'2','Lớp 2'),(5,'3','Lớp 3'),(6,'4A','Lớp 4A'),(7,'4B','Lớp 4B'),(8,'5','Lớp 5'),(9,'6A','Lớp 6A'),(10,'6B','Lớp 6B'),(11,'7','Lớp 7'),(12,'8A','Lớp 8A'),(13,'8B','Lớp 8B'),(14,'9','Lớp 9'),(15,'10','Lớp 10'),(16,'TA','TA/TEEN');

--
-- Table structure for table `classgl_2020`
--

CREATE TABLE `classgl_2020` (
  `id` int(11) NOT NULL AUTO_INCREMENT,
  `classid` varchar(4) COLLATE utf8_unicode_ci DEFAULT NULL,
  `classdesc` varchar(64) COLLATE utf8_unicode_ci DEFAULT NULL,
  PRIMARY KEY (`id`)
) ENGINE=InnoDB AUTO_INCREMENT=16 DEFAULT CHARSET=utf8 COLLATE=utf8_unicode_ci;

--
-- Dumping data for table `classgl_2020`
--

INSERT INTO `classgl_2020` VALUES (4,'2','Pre-Communion (Room#206) '),(5,'3','Communion (Room #203)'),(6,'4','Communion 2020 (Corridor)'),(14,'9','Pre-Confirmation (Room #217)'),(15,'10','Confirmation 2020 (Room #212/#213)');

--
-- Table structure for table `classgl_2021`
--

CREATE TABLE `classgl_2021` (
  `id` int(11) NOT NULL AUTO_INCREMENT,
  `classid` varchar(4) COLLATE utf8_unicode_ci DEFAULT NULL,
  `classdesc` varchar(32) COLLATE utf8_unicode_ci DEFAULT NULL,
  PRIMARY KEY (`id`)
) ENGINE=InnoDB AUTO_INCREMENT=17 DEFAULT CHARSET=utf8 COLLATE=utf8_unicode_ci;

--
-- Dumping data for table `classgl_2021`
--

INSERT INTO `classgl_2021` VALUES (1,'-2','N/A'),(3,'1','Lớp 1'),(4,'2A','Lớp 2A (Pre-Communion)'),(5,'2B','Lớp 2B Dual Communion'),(6,'3','Lớp 3 (Communion)'),(7,'4','Lớp 4'),(8,'5','Lớp 5'),(9,'6','Lớp 6'),(10,'7','Lớp 7'),(11,'8','Lớp 8'),(12,'9','Lớp 9 (Pre-Confirmation)'),(13,'9B','Lớp 9B Dual Confirmation'),(14,'10','Lớp 10 (Confirmation)'),(15,'TCIA','TCIA'),(16,'TA','TA');

--
-- Table structure for table `classgl_2022`
--

CREATE TABLE `classgl_2022` (
  `id` int(11) NOT NULL AUTO_INCREMENT,
  `classid` varchar(4) COLLATE utf8_unicode_ci DEFAULT NULL,
  `classdesc` varchar(32) COLLATE utf8_unicode_ci DEFAULT NULL,
  PRIMARY KEY (`id`)
) ENGINE=InnoDB AUTO_INCREMENT=15 DEFAULT CHARSET=utf8 COLLATE=utf8_unicode_ci;

--
-- Dumping data for table `classgl_2022`
--

INSERT INTO `classgl_2022` VALUES (1,'-2','N/A'),(2,'1','Lớp 1'),(3,'2','Lớp 2 (Pre-Communion)'),(4,'3','Lớp 3 (Communion)'),(5,'4','Lớp 4'),(6,'5','Lớp 5'),(7,'6','Lớp 6'),(8,'7','Lớp 7'),(9,'8','Lớp 8'),(10,'9','Lớp 9 (Pre-Confirmation)'),(11,'10A','Confirmation A'),(12,'10B','Confirmation B'),(13,'TA','TA'),(14,'0','NONE');

--
-- Table structure for table `classgl_tmp`
--

CREATE TABLE `classgl_tmp` (
  `id` int(11) NOT NULL AUTO_INCREMENT,
  `status` tinyint(4) DEFAULT NULL,
  `classid` varchar(4) COLLATE utf8_unicode_ci DEFAULT NULL,
  `classdesc` varchar(32) COLLATE utf8_unicode_ci DEFAULT NULL,
  PRIMARY KEY (`id`)
) ENGINE=InnoDB AUTO_INCREMENT=115 DEFAULT CHARSET=utf8 COLLATE=utf8_unicode_ci;

--
-- Dumping data for table `classgl_tmp`
--

INSERT INTO `classgl_tmp` VALUES (1,9,'-2','N/A'),(2,9,'0','Mãu Giáo'),(3,9,'1','Lớp 1'),(4,9,'2','Lớp 2'),(5,9,'3','Lớp 3'),(6,9,'4A','Lớp 4A'),(7,9,'4B','Lớp 4B'),(8,9,'5A','Lớp 5A'),(9,9,'5B','Lớp 5B'),(10,9,'6','Lớp 6'),(11,9,'7','Lớp 7'),(12,9,'8A','Lớp 8A'),(13,9,'8B','Lớp 8B'),(14,9,'9','Lớp 9'),(15,9,'10','Lớp 10'),(16,9,'TA','TA'),(32,10,'-2','N/A'),(33,10,'0','Mãu Giáo'),(34,10,'1','Lớp 1'),(35,10,'2','Lớp 2'),(36,10,'3','Lớp 3'),(37,10,'4A','Lớp 4A'),(38,10,'4B','Lớp 4B'),(39,10,'5','Lớp 5'),(40,10,'6A','Lớp 6A'),(41,10,'6B','Lớp 6B'),(42,10,'7','Lớp 7'),(43,10,'8A','Lớp 8A'),(44,10,'8B','Lớp 8B'),(45,10,'9','Lớp 9'),(46,10,'10','Lớp 10'),(47,10,'TA','TA/TEEN'),(63,11,'2','Pre-Communion (Room#206) '),(64,11,'3','Communion (Room #203)'),(65,11,'4','Communion 2020 (Corridor)'),(66,11,'9','Pre-Confirmation (Room #217)'),(67,11,'10','Confirmation 2020 (Room #212/#21'),(70,12,'-2','N/A'),(71,12,'1','Lớp 1'),(72,12,'2A','Lớp 2A (Pre-Communion)'),(73,12,'2B','Lớp 2B Dual Communion'),(74,12,'3','Lớp 3 (Communion)'),(75,12,'4','Lớp 4'),(76,12,'5','Lớp 5'),(77,12,'6','Lớp 6'),(78,12,'7','Lớp 7'),(79,12,'8','Lớp 8'),(80,12,'9','Lớp 9 (Pre-Confirmation)'),(81,12,'9B','Lớp 9B Dual Confirmation'),(82,12,'10','Lớp 10 (Confirmation)'),(83,12,'TCIA','TCIA'),(84,12,'TA','TA'),(85,13,'-2','N/A'),(86,13,'1','Lớp 1'),(87,13,'2','Lớp 2 (Pre-Communion)'),(88,13,'3','Lớp 3 (Communion)'),(89,13,'4','Lớp 4'),(90,13,'5','Lớp 5'),(91,13,'6','Lớp 6'),(92,13,'7','Lớp 7'),(93,13,'8','Lớp 8'),(94,13,'9','Lớp 9 (Pre-Confirmation)'),(95,13,'10A','Confirmation A'),(96,13,'10B','Confirmation B'),(97,13,'TA','TA'),(98,13,'0','NONE'),(100,14,'-2','N/A'),(101,14,'1','Lớp 1'),(102,14,'2','Lớp 2 (Pre-Communion)'),(103,14,'3','Lớp 3 (Communion)'),(104,14,'4','Lớp 4'),(105,14,'5','Lớp 5'),(106,14,'6','Lớp 6'),(107,14,'7','Lớp 7'),(108,14,'8','Lớp 8'),(109,14,'9','Lớp 9 (Pre-Confirmation)'),(110,14,'10A','Confirmation A'),(111,14,'10B','Confirmation B'),(112,14,'TA','TA'),(113,14,'0','NONE');

--
-- Table structure for table `classvn`
--

CREATE TABLE `classvn` (
  `id` int(11) NOT NULL AUTO_INCREMENT,
  `classid` varchar(8) COLLATE utf8_unicode_ci DEFAULT NULL,
  `classdesc` varchar(32) COLLATE utf8_unicode_ci DEFAULT NULL,
  PRIMARY KEY (`id`)
) ENGINE=InnoDB AUTO_INCREMENT=15 DEFAULT CHARSET=utf8 COLLATE=utf8_unicode_ci;

--
-- Dumping data for table `classvn`
--

INSERT INTO `classvn` VALUES (1,'-2','N/A'),(2,'1','Lớp 1'),(3,'2','Lớp 2'),(4,'3','Lớp 3'),(5,'4','Lớp 4'),(6,'5','Lớp 5'),(7,'6','Lớp 6'),(8,'7','Lớp 7'),(9,'8','Lớp 8'),(10,'9','Lớp 9'),(11,'10','Lớp 10'),(13,'TA','TA'),(14,'0','NONE');

--
-- Table structure for table `classvn_2018`
--

CREATE TABLE `classvn_2018` (
  `id` int(11) NOT NULL AUTO_INCREMENT,
  `classid` varchar(4) COLLATE utf8_unicode_ci DEFAULT NULL,
  `classdesc` varchar(12) COLLATE utf8_unicode_ci DEFAULT NULL,
  PRIMARY KEY (`id`)
) ENGINE=InnoDB AUTO_INCREMENT=16 DEFAULT CHARSET=utf8 COLLATE=utf8_unicode_ci;

--
-- Dumping data for table `classvn_2018`
--

INSERT INTO `classvn_2018` VALUES (1,'-2','N/A'),(2,'0','Mãu Giáo'),(3,'1','Lớp 1'),(4,'2','Lớp 2'),(5,'3','Lớp 3'),(6,'4A','Lớp 4A'),(7,'4B','Lớp 4B'),(8,'5A','Lớp 5A'),(9,'5B','Lớp 5B'),(10,'I','Cấp 1'),(11,'IIA','Cấp 2A'),(12,'IIB','Cấp 2B'),(13,'III','Cấp 3'),(14,'IV','Cấp 4'),(15,'TA','TA');

--
-- Table structure for table `classvn_2019`
--

CREATE TABLE `classvn_2019` (
  `id` int(11) NOT NULL AUTO_INCREMENT,
  `classid` varchar(4) COLLATE utf8_unicode_ci DEFAULT NULL,
  `classdesc` varchar(12) COLLATE utf8_unicode_ci DEFAULT NULL,
  PRIMARY KEY (`id`)
) ENGINE=InnoDB AUTO_INCREMENT=16 DEFAULT CHARSET=utf8 COLLATE=utf8_unicode_ci;

--
-- Dumping data for table `classvn_2019`
--

INSERT INTO `classvn_2019` VALUES (1,'-2','N/A'),(2,'0','Mãu Giáo'),(3,'1','Lớp 1'),(4,'2','Lớp 2'),(5,'3','Lớp 3'),(6,'4A','Lớp 4A'),(7,'4B','Lớp 4B'),(8,'5','Lớp 5'),(9,'IA','Cấp 1A'),(10,'IB','Cấp 1B'),(11,'II','Cấp 2'),(12,'III','Cấp 3'),(14,'IV','Cấp 4'),(15,'TA','TA/TEEN');

--
-- Table structure for table `classvn_2020`
--

CREATE TABLE `classvn_2020` (
  `id` int(11) NOT NULL AUTO_INCREMENT,
  `classid` varchar(4) COLLATE utf8_unicode_ci DEFAULT NULL,
  `classdesc` varchar(12) COLLATE utf8_unicode_ci DEFAULT NULL,
  PRIMARY KEY (`id`)
) ENGINE=InnoDB DEFAULT CHARSET=utf8 COLLATE=utf8_unicode_ci;

--
-- Dumping data for table `classvn_2020`
--


--
-- Table structure for table `classvn_2021`
--

CREATE TABLE `classvn_2021` (
  `id` int(11) NOT NULL AUTO_INCREMENT,
  `classid` varchar(8) COLLATE utf8_unicode_ci DEFAULT NULL,
  `classdesc` varchar(32) COLLATE utf8_unicode_ci DEFAULT NULL,
  PRIMARY KEY (`id`)
) ENGINE=InnoDB AUTO_INCREMENT=16 DEFAULT CHARSET=utf8 COLLATE=utf8_unicode_ci;

--
-- Dumping data for table `classvn_2021`
--

INSERT INTO `classvn_2021` VALUES (1,'-2','N/A'),(3,'1','Lớp 1'),(4,'2A','Lớp 2A'),(5,'2B','Lớp 2B Dual Communion'),(6,'3','Lớp 3'),(7,'4','Lớp 4'),(8,'5','Lớp 5'),(9,'6','Lớp 6'),(10,'7','Lớp 7'),(11,'8','Lớp 8'),(12,'YOUTH','Youth'),(13,'9B','Lớp 9B Dual Confirmation'),(14,'TCIA','TCIA'),(15,'TA','TA');

--
-- Table structure for table `classvn_2022`
--

CREATE TABLE `classvn_2022` (
  `id` int(11) NOT NULL AUTO_INCREMENT,
  `classid` varchar(8) COLLATE utf8_unicode_ci DEFAULT NULL,
  `classdesc` varchar(32) COLLATE utf8_unicode_ci DEFAULT NULL,
  PRIMARY KEY (`id`)
) ENGINE=InnoDB AUTO_INCREMENT=15 DEFAULT CHARSET=utf8 COLLATE=utf8_unicode_ci;

--
-- Dumping data for table `classvn_2022`
--

INSERT INTO `classvn_2022` VALUES (1,'-2','N/A'),(2,'1','Lớp 1'),(3,'2','Lớp 2'),(4,'3','Lớp 3'),(5,'4','Lớp 4'),(6,'5','Lớp 5'),(7,'6','Lớp 6'),(8,'7','Lớp 7'),(9,'8','Lớp 8'),(10,'9','Lớp 9 (Pre-Confirmation)'),(11,'10A','Confirmation A'),(12,'10B','Confirmation B'),(13,'TA','TA'),(14,'0','NONE');

--
-- Table structure for table `classvn_tmp`
--

CREATE TABLE `classvn_tmp` (
  `id` int(11) NOT NULL AUTO_INCREMENT,
  `status` tinyint(4) DEFAULT NULL,
  `classid` varchar(8) COLLATE utf8_unicode_ci DEFAULT NULL,
  `classdesc` varchar(32) COLLATE utf8_unicode_ci DEFAULT NULL,
  PRIMARY KEY (`id`)
) ENGINE=InnoDB AUTO_INCREMENT=76 DEFAULT CHARSET=utf8 COLLATE=utf8_unicode_ci;

--
-- Dumping data for table `classvn_tmp`
--

INSERT INTO `classvn_tmp` VALUES (1,9,'-2','N/A'),(2,9,'0','Mãu Giáo'),(3,9,'1','Lớp 1'),(4,9,'2','Lớp 2'),(5,9,'3','Lớp 3'),(6,9,'4A','Lớp 4A'),(7,9,'4B','Lớp 4B'),(8,9,'5A','Lớp 5A'),(9,9,'5B','Lớp 5B'),(10,9,'I','Cấp 1'),(11,9,'IIA','Cấp 2A'),(12,9,'IIB','Cấp 2B'),(13,9,'III','Cấp 3'),(14,9,'IV','Cấp 4'),(15,9,'TA','TA'),(16,10,'-2','N/A'),(17,10,'0','Mãu Giáo'),(18,10,'1','Lớp 1'),(19,10,'2','Lớp 2'),(20,10,'3','Lớp 3'),(21,10,'4A','Lớp 4A'),(22,10,'4B','Lớp 4B'),(23,10,'5','Lớp 5'),(24,10,'IA','Cấp 1A'),(25,10,'IB','Cấp 1B'),(26,10,'II','Cấp 2'),(27,10,'III','Cấp 3'),(28,10,'IV','Cấp 4'),(29,10,'TA','TA/TEEN'),(31,12,'-2','N/A'),(32,12,'1','Lớp 1'),(33,12,'2A','Lớp 2A'),(34,12,'2B','Lớp 2B Dual Communion'),(35,12,'3','Lớp 3'),(36,12,'4','Lớp 4'),(37,12,'5','Lớp 5'),(38,12,'6','Lớp 6'),(39,12,'7','Lớp 7'),(40,12,'8','Lớp 8'),(41,12,'YOUTH','Youth'),(42,12,'9B','Lớp 9B Dual Confirmation'),(43,12,'TCIA','TCIA'),(44,12,'TA','TA'),(46,13,'-2','N/A'),(47,13,'1','Lớp 1'),(48,13,'2','Lớp 2'),(49,13,'3','Lớp 3'),(50,13,'4','Lớp 4'),(51,13,'5','Lớp 5'),(52,13,'6','Lớp 6'),(53,13,'7','Lớp 7'),(54,13,'8','Lớp 8'),(55,13,'9','Lớp 9 (Pre-Confirmation)'),(56,13,'10A','Confirmation A'),(57,13,'10B','Confirmation B'),(58,13,'TA','TA'),(59,13,'0','NONE'),(61,14,'-2','N/A'),(62,14,'1','Lớp 1'),(63,14,'2','Lớp 2'),(64,14,'3','Lớp 3'),(65,14,'4','Lớp 4'),(66,14,'5','Lớp 5'),(67,14,'6','Lớp 6'),(68,14,'7','Lớp 7'),(69,14,'8','Lớp 8'),(70,14,'9','Lớp 9 (Pre-Confirmation)'),(71,14,'10A','Lớp 10A'),(72,14,'10B','Lớp 10B'),(73,14,'TA','TA'),(74,14,'0','NONE');

--
-- Table structure for table `compliance`
--

CREATE TABLE `compliance` (
  `idcompliance` int(11) NOT NULL AUTO_INCREMENT,
  `idStudent` int(11) NOT NULL,
  `schoolYear` tinyint(4) DEFAULT NULL,
  `date` date NOT NULL,
  `type` tinyint(4) NOT NULL,
  `updateBy` varchar(24) COLLATE utf8_unicode_ci DEFAULT NULL,
  PRIMARY KEY (`idcompliance`,`idStudent`)
) ENGINE=InnoDB AUTO_INCREMENT=79 DEFAULT CHARSET=utf8 COLLATE=utf8_unicode_ci;

--
-- Dumping data for table `compliance`
--

INSERT INTO `compliance` VALUES (2,527,4,'2013-10-06',9,'attendance'),(3,408,4,'2013-10-06',1,'attendance'),(4,226,4,'2013-10-06',1,'attendance'),(5,435,4,'2013-10-06',1,'attendance'),(6,208,4,'2013-10-06',1,'attendance'),(7,261,4,'2013-10-06',1,'attendance'),(8,262,4,'2013-10-06',1,'attendance'),(9,95,4,'2013-10-06',9,'rosa'),(10,570,4,'2013-10-06',10,'snguyen'),(11,579,4,'2013-10-06',10,'snguyen'),(12,151,4,'2013-10-06',10,'snguyen'),(13,578,4,'2013-10-06',10,'snguyen'),(14,599,4,'2013-10-06',10,'snguyen'),(15,71,4,'2013-10-06',10,'snguyen'),(16,192,4,'2013-10-06',10,'snguyen'),(17,569,4,'2013-10-06',10,'snguyen'),(18,151,4,'2013-10-13',10,'snguyen'),(19,71,4,'2013-10-13',10,'snguyen'),(20,61,4,'2013-10-20',9,'attendance'),(21,202,4,'2013-10-20',8,'snguyen'),(22,600,4,'2013-10-20',10,'snguyen'),(23,578,4,'2013-10-20',10,'snguyen'),(24,599,4,'2013-10-20',10,'snguyen'),(25,348,4,'2013-10-20',10,'snguyen'),(26,522,4,'2013-10-20',10,'snguyen'),(27,521,4,'2013-10-20',10,'snguyen'),(28,524,4,'2013-10-20',10,'snguyen'),(29,579,4,'2013-10-20',10,'snguyen'),(30,521,4,'2013-11-03',7,'attendance'),(31,191,4,'2013-11-03',1,'attendance'),(32,370,4,'2013-11-03',1,'attendance'),(33,226,4,'2013-11-03',1,'attendance'),(34,171,4,'2013-11-17',3,'attendance'),(35,578,4,'2013-11-17',1,'attendance'),(36,527,4,'2013-11-17',9,'snguyen'),(37,61,4,'2013-11-24',6,'attendance'),(38,157,4,'2013-11-17',1,'snguyen'),(39,164,4,'2013-11-24',8,'snguyen'),(40,27,4,'2013-11-24',10,'snguyen'),(41,596,4,'2013-11-24',10,'snguyen'),(42,359,4,'2013-12-15',10,'snguyen'),(43,579,4,'2013-12-15',10,'snguyen'),(44,578,4,'2013-12-15',1,'snguyen'),(45,584,4,'2013-12-15',10,'snguyen'),(46,583,4,'2013-12-15',10,'snguyen'),(47,31,4,'2014-01-12',1,'attendance'),(48,421,4,'2014-01-12',1,'attendance'),(49,404,5,'2014-09-21',1,'attendance'),(50,197,5,'2014-09-21',1,'attendance'),(51,363,5,'2014-09-21',1,'attendance'),(52,122,5,'2014-09-21',1,'attendance'),(53,159,5,'2014-09-21',1,'attendance'),(54,147,5,'2014-09-21',1,'attendance'),(55,236,5,'2014-09-21',7,'attendance'),(56,239,5,'2014-09-21',7,'attendance'),(57,672,5,'2014-09-28',1,'front desk'),(58,74,5,'2014-10-19',6,'rosa'),(59,521,5,'2014-10-26',8,'attendance'),(60,572,5,'2015-01-04',9,'attendance'),(61,668,5,'2015-01-04',1,'attendance'),(62,74,NULL,'2015-11-15',9,'doan'),(63,59,NULL,'2015-11-15',7,'doan'),(64,674,NULL,'2015-11-15',7,'doan'),(65,360,NULL,'2016-10-09',1,'MH'),(66,132,NULL,'2016-11-20',1,'attendance'),(67,818,NULL,'2016-11-20',1,'attendance'),(68,349,NULL,'2016-11-20',1,'attendance'),(69,103,NULL,'2016-11-20',1,'attendance'),(70,807,NULL,'2016-12-18',1,'my.huong'),(71,74,NULL,'2017-03-26',1,'Johnny'),(72,834,NULL,'2017-03-26',1,'Johnny'),(73,59,NULL,'2017-03-26',1,'Johnny'),(74,428,NULL,'2017-11-12',4,'minh.huynh'),(75,668,NULL,'2017-11-12',8,'minh.huynh'),(76,430,NULL,'2017-11-12',8,'minh.huynh'),(77,18,NULL,'2019-09-15',4,'minh.huynh'),(78,348,NULL,'2019-09-15',4,'minh.huynh');

--
-- Table structure for table `compliancelabel`
--

CREATE TABLE `compliancelabel` (
  `id` tinyint(4) NOT NULL,
  `label` varchar(36) COLLATE utf8_unicode_ci NOT NULL,
  `vnlabel` varchar(64) COLLATE utf8_unicode_ci DEFAULT NULL,
  PRIMARY KEY (`id`)
) ENGINE=InnoDB DEFAULT CHARSET=utf8 COLLATE=utf8_unicode_ci;

--
-- Dumping data for table `compliancelabel`
--

INSERT INTO `compliancelabel` VALUES (1,'Uniform/Dress Code Violation','Vi phạm nội quy Đồng phục học sinh'),(2,'Missing Textbook','Không mang theo Sách Giáo Khoa'),(3,'Missing Homework','Không làm Bài tập ở nhà'),(4,'Talking in Class','Nói chuyện nhiều trong Lớp học'),(5,'Talking in Church','Nói chuyện nhiều trong Nhà thờ'),(6,'Insubordination','Không vâng lời Thầy Cô / Ban giám thị'),(7,'Disrespect to Authority or Property','Thiếu lễ phép đối với người lớn / không tôn trọng tài sản chung'),(8,'Use of Mobile Phone/Electronic Games','Sử dụng phone / máy chơi game trong trường học'),(9,'Misconduct','Hạnh kiểm kém'),(10,'Parent Pick Up Student Late','Phụ huynh đón học sinh trễ');

--
-- Table structure for table `configuration`
--

CREATE TABLE `configuration` (
  `configuration_id` int(11) NOT NULL AUTO_INCREMENT,
  `configuration_title` varchar(255) COLLATE utf8_unicode_ci NOT NULL,
  `configuration_key` varchar(255) COLLATE utf8_unicode_ci NOT NULL,
  `configuration_value` varchar(255) COLLATE utf8_unicode_ci NOT NULL,
  `configuration_description` varchar(255) COLLATE utf8_unicode_ci NOT NULL,
  `configuration_group_id` int(11) NOT NULL DEFAULT '0',
  `sort_order` int(5) DEFAULT NULL,
  `last_modified` datetime DEFAULT NULL,
  `date_added` datetime NOT NULL DEFAULT '0000-00-00 00:00:00',
  `use_function` varchar(255) COLLATE utf8_unicode_ci DEFAULT NULL,
  `set_function` varchar(255) COLLATE utf8_unicode_ci DEFAULT NULL,
  PRIMARY KEY (`configuration_id`)
) ENGINE=InnoDB AUTO_INCREMENT=164 DEFAULT CHARSET=utf8 COLLATE=utf8_unicode_ci;

--
-- Dumping data for table `configuration`
--

INSERT INTO `configuration` VALUES (1,'Store Name','STORE_NAME','Trường Thánh Tôma Thiện','The name of my store',1,1,'2012-04-29 23:43:02','2008-07-05 04:15:34',NULL,NULL),(2,'Store Owner','STORE_OWNER','GXTT','The name of my store owner',1,2,'2012-04-29 23:43:32','2008-07-05 04:15:34',NULL,NULL),(3,'E-Mail Address','STORE_OWNER_EMAIL_ADDRESS','unixadm1@grandecom.net','The e-mail address of my store owner',1,3,'2010-08-07 21:02:34','2008-07-05 04:15:34',NULL,NULL),(4,'E-Mail From','EMAIL_FROM','GLVN Toma Thien <glvn@thanhtamdallas.org>','The e-mail address used in (sent) e-mails',1,4,'2012-09-28 04:51:49','2008-07-05 04:15:34',NULL,NULL),(5,'Country','STORE_COUNTRY','223','The country my store is located in <br><br><b>Note: Please remember to update the store zone.</b>',1,6,NULL,'2008-07-05 04:15:34','tep_get_country_name','tep_cfg_pull_down_country_list('),(6,'Zone','STORE_ZONE','57','The zone my store is located in',1,7,'2008-07-05 04:40:26','2008-07-05 04:15:34','tep_cfg_get_zone_name','tep_cfg_pull_down_zone_list('),(7,'Expected Sort Order','EXPECTED_PRODUCTS_SORT','desc','This is the sort order used in the expected products box.',1,8,NULL,'2008-07-05 04:15:34',NULL,'tep_cfg_select_option(array(\'asc\', \'desc\'),'),(8,'Expected Sort Field','EXPECTED_PRODUCTS_FIELD','date_expected','The column to sort by in the expected products box.',1,9,NULL,'2008-07-05 04:15:34',NULL,'tep_cfg_select_option(array(\'products_name\', \'date_expected\'),'),(9,'Switch To Default Language Currency','USE_DEFAULT_LANGUAGE_CURRENCY','false','Automatically switch to the language\'s currency when it is changed',1,10,NULL,'2008-07-05 04:15:34',NULL,'tep_cfg_select_option(array(\'true\', \'false\'),'),(10,'Send Extra Order Emails To','SEND_EXTRA_ORDER_EMAILS_TO','','Send extra order emails to the following email addresses, in this format: Name 1 &lt;email@address1&gt;, Name 2 &lt;email@address2&gt;',1,11,NULL,'2008-07-05 04:15:34',NULL,NULL),(11,'Use Search-Engine Safe URLs (still in development)','SEARCH_ENGINE_FRIENDLY_URLS','false','Use search-engine safe urls for all site links',1,12,NULL,'2008-07-05 04:15:34',NULL,'tep_cfg_select_option(array(\'true\', \'false\'),'),(12,'Display Cart After Adding Product','DISPLAY_CART','true','Display the shopping cart after adding a product (or return back to their origin)',1,14,NULL,'2008-07-05 04:15:34',NULL,'tep_cfg_select_option(array(\'true\', \'false\'),'),(13,'Allow Guest To Tell A Friend','ALLOW_GUEST_TO_TELL_A_FRIEND','false','Allow guests to tell a friend about a product',1,15,NULL,'2008-07-05 04:15:34',NULL,'tep_cfg_select_option(array(\'true\', \'false\'),'),(14,'Default Search Operator','ADVANCED_SEARCH_DEFAULT_OPERATOR','and','Default search operators',1,17,NULL,'2008-07-05 04:15:34',NULL,'tep_cfg_select_option(array(\'and\', \'or\'),'),(15,'Store Address and Phone','STORE_NAME_ADDRESS','GLVN Thánh Tôma Thiện \n2121 N. Denton Drive \nCarrollton, Texas 75006 \n972-446-3461','This is the Store Name, Address and Phone used on printable documents and displayed online',1,18,'2012-04-29 23:44:21','2008-07-05 04:15:34',NULL,'tep_cfg_textarea('),(16,'Show Category Counts','SHOW_COUNTS','true','Count recursively how many products are in each category',1,19,NULL,'2008-07-05 04:15:34',NULL,'tep_cfg_select_option(array(\'true\', \'false\'),'),(17,'Tax Decimal Places','TAX_DECIMAL_PLACES','0','Pad the tax value this amount of decimal places',1,20,NULL,'2008-07-05 04:15:34',NULL,NULL),(18,'Display Prices with Tax','DISPLAY_PRICE_WITH_TAX','false','Display prices with tax included (true) or add the tax at the end (false)',1,21,NULL,'2008-07-05 04:15:34',NULL,'tep_cfg_select_option(array(\'true\', \'false\'),'),(19,'First Name','ENTRY_FIRST_NAME_MIN_LENGTH','2','Minimum length of first name',2,1,NULL,'2008-07-05 04:15:34',NULL,NULL),(20,'Last Name','ENTRY_LAST_NAME_MIN_LENGTH','2','Minimum length of last name',2,2,NULL,'2008-07-05 04:15:34',NULL,NULL),(21,'Date of Birth','ENTRY_DOB_MIN_LENGTH','10','Minimum length of date of birth',2,3,NULL,'2008-07-05 04:15:34',NULL,NULL),(22,'E-Mail Address','ENTRY_EMAIL_ADDRESS_MIN_LENGTH','6','Minimum length of e-mail address',2,4,NULL,'2008-07-05 04:15:34',NULL,NULL),(23,'Street Address','ENTRY_STREET_ADDRESS_MIN_LENGTH','5','Minimum length of street address',2,5,NULL,'2008-07-05 04:15:34',NULL,NULL),(24,'Company','ENTRY_COMPANY_MIN_LENGTH','2','Minimum length of company name',2,6,NULL,'2008-07-05 04:15:34',NULL,NULL),(25,'Post Code','ENTRY_POSTCODE_MIN_LENGTH','4','Minimum length of post code',2,7,NULL,'2008-07-05 04:15:34',NULL,NULL),(26,'City','ENTRY_CITY_MIN_LENGTH','3','Minimum length of city',2,8,NULL,'2008-07-05 04:15:34',NULL,NULL),(27,'State','ENTRY_STATE_MIN_LENGTH','2','Minimum length of state',2,9,NULL,'2008-07-05 04:15:34',NULL,NULL),(28,'Telephone Number','ENTRY_TELEPHONE_MIN_LENGTH','3','Minimum length of telephone number',2,10,NULL,'2008-07-05 04:15:34',NULL,NULL),(29,'Password','ENTRY_PASSWORD_MIN_LENGTH','5','Minimum length of password',2,11,NULL,'2008-07-05 04:15:34',NULL,NULL),(30,'Credit Card Owner Name','CC_OWNER_MIN_LENGTH','3','Minimum length of credit card owner name',2,12,NULL,'2008-07-05 04:15:34',NULL,NULL),(31,'Credit Card Number','CC_NUMBER_MIN_LENGTH','10','Minimum length of credit card number',2,13,NULL,'2008-07-05 04:15:34',NULL,NULL),(32,'Review Text','REVIEW_TEXT_MIN_LENGTH','50','Minimum length of review text',2,14,NULL,'2008-07-05 04:15:34',NULL,NULL),(33,'Best Sellers','MIN_DISPLAY_BESTSELLERS','1','Minimum number of best sellers to display',2,15,NULL,'2008-07-05 04:15:34',NULL,NULL),(34,'Also Purchased','MIN_DISPLAY_ALSO_PURCHASED','1','Minimum number of products to display in the \'This Customer Also Purchased\' box',2,16,NULL,'2008-07-05 04:15:34',NULL,NULL),(35,'Address Book Entries','MAX_ADDRESS_BOOK_ENTRIES','5','Maximum address book entries a customer is allowed to have',3,1,NULL,'2008-07-05 04:15:34',NULL,NULL),(36,'Search Results','MAX_DISPLAY_SEARCH_RESULTS','20','Amount of products to list',3,2,NULL,'2008-07-05 04:15:34',NULL,NULL),(37,'Page Links','MAX_DISPLAY_PAGE_LINKS','5','Number of \'number\' links use for page-sets',3,3,NULL,'2008-07-05 04:15:34',NULL,NULL),(38,'Special Products','MAX_DISPLAY_SPECIAL_PRODUCTS','9','Maximum number of products on special to display',3,4,NULL,'2008-07-05 04:15:34',NULL,NULL),(39,'New Products Module','MAX_DISPLAY_NEW_PRODUCTS','9','Maximum number of new products to display in a category',3,5,NULL,'2008-07-05 04:15:34',NULL,NULL),(40,'Products Expected','MAX_DISPLAY_UPCOMING_PRODUCTS','10','Maximum number of products expected to display',3,6,NULL,'2008-07-05 04:15:34',NULL,NULL),(41,'Manufacturers List','MAX_DISPLAY_MANUFACTURERS_IN_A_LIST','0','Used in manufacturers box; when the number of manufacturers exceeds this number, a drop-down list will be displayed instead of the default list',3,7,NULL,'2008-07-05 04:15:34',NULL,NULL),(42,'Manufacturers Select Size','MAX_MANUFACTURERS_LIST','1','Used in manufacturers box; when this value is \'1\' the classic drop-down list will be used for the manufacturers box. Otherwise, a list-box with the specified number of rows will be displayed.',3,7,NULL,'2008-07-05 04:15:34',NULL,NULL),(43,'Length of Manufacturers Name','MAX_DISPLAY_MANUFACTURER_NAME_LEN','15','Used in manufacturers box; maximum length of manufacturers name to display',3,8,NULL,'2008-07-05 04:15:34',NULL,NULL),(44,'New Reviews','MAX_DISPLAY_NEW_REVIEWS','6','Maximum number of new reviews to display',3,9,NULL,'2008-07-05 04:15:34',NULL,NULL),(45,'Selection of Random Reviews','MAX_RANDOM_SELECT_REVIEWS','10','How many records to select from to choose one random product review',3,10,NULL,'2008-07-05 04:15:34',NULL,NULL),(46,'Selection of Random New Products','MAX_RANDOM_SELECT_NEW','10','How many records to select from to choose one random new product to display',3,11,NULL,'2008-07-05 04:15:34',NULL,NULL),(47,'Selection of Products on Special','MAX_RANDOM_SELECT_SPECIALS','10','How many records to select from to choose one random product special to display',3,12,NULL,'2008-07-05 04:15:34',NULL,NULL),(48,'Categories To List Per Row','MAX_DISPLAY_CATEGORIES_PER_ROW','3','How many categories to list per row',3,13,NULL,'2008-07-05 04:15:34',NULL,NULL),(49,'New Products Listing','MAX_DISPLAY_PRODUCTS_NEW','10','Maximum number of new products to display in new products page',3,14,NULL,'2008-07-05 04:15:34',NULL,NULL),(50,'Best Sellers','MAX_DISPLAY_BESTSELLERS','10','Maximum number of best sellers to display',3,15,NULL,'2008-07-05 04:15:34',NULL,NULL),(51,'Also Purchased','MAX_DISPLAY_ALSO_PURCHASED','6','Maximum number of products to display in the \'This Customer Also Purchased\' box',3,16,NULL,'2008-07-05 04:15:34',NULL,NULL),(52,'Customer Order History Box','MAX_DISPLAY_PRODUCTS_IN_ORDER_HISTORY_BOX','6','Maximum number of products to display in the customer order history box',3,17,NULL,'2008-07-05 04:15:34',NULL,NULL),(53,'Order History','MAX_DISPLAY_ORDER_HISTORY','10','Maximum number of orders to display in the order history page',3,18,NULL,'2008-07-05 04:15:34',NULL,NULL),(54,'Product Quantities In Shopping Cart','MAX_QTY_IN_CART','99','Maximum number of product quantities that can be added to the shopping cart (0 for no limit)',3,19,NULL,'2008-07-05 04:15:34',NULL,NULL),(55,'Small Image Width','SMALL_IMAGE_WIDTH','100','The pixel width of small images',4,1,NULL,'2008-07-05 04:15:34',NULL,NULL),(56,'Small Image Height','SMALL_IMAGE_HEIGHT','80','The pixel height of small images',4,2,NULL,'2008-07-05 04:15:34',NULL,NULL),(57,'Heading Image Width','HEADING_IMAGE_WIDTH','57','The pixel width of heading images',4,3,NULL,'2008-07-05 04:15:34',NULL,NULL),(58,'Heading Image Height','HEADING_IMAGE_HEIGHT','40','The pixel height of heading images',4,4,NULL,'2008-07-05 04:15:34',NULL,NULL),(59,'Subcategory Image Width','SUBCATEGORY_IMAGE_WIDTH','100','The pixel width of subcategory images',4,5,NULL,'2008-07-05 04:15:34',NULL,NULL),(60,'Subcategory Image Height','SUBCATEGORY_IMAGE_HEIGHT','57','The pixel height of subcategory images',4,6,NULL,'2008-07-05 04:15:34',NULL,NULL),(61,'Calculate Image Size','CONFIG_CALCULATE_IMAGE_SIZE','true','Calculate the size of images?',4,7,NULL,'2008-07-05 04:15:34',NULL,'tep_cfg_select_option(array(\'true\', \'false\'),'),(62,'Image Required','IMAGE_REQUIRED','true','Enable to display broken images. Good for development.',4,8,NULL,'2008-07-05 04:15:34',NULL,'tep_cfg_select_option(array(\'true\', \'false\'),'),(63,'Gender','ACCOUNT_GENDER','false','Display gender in the customers account',5,1,NULL,'2008-07-05 04:15:34',NULL,'tep_cfg_select_option(array(\'true\', \'false\'),'),(64,'Date of Birth','ACCOUNT_DOB','false','Display date of birth in the customers account',5,2,NULL,'2008-07-05 04:15:34',NULL,'tep_cfg_select_option(array(\'true\', \'false\'),'),(65,'Company','ACCOUNT_COMPANY','true','Display company in the customers account',5,3,NULL,'2008-07-05 04:15:34',NULL,'tep_cfg_select_option(array(\'true\', \'false\'),'),(66,'Suburb','ACCOUNT_SUBURB','false','Display suburb in the customers account',5,4,NULL,'2008-07-05 04:15:34',NULL,'tep_cfg_select_option(array(\'true\', \'false\'),'),(67,'State','ACCOUNT_STATE','true','Display state in the customers account',5,5,NULL,'2008-07-05 04:15:34',NULL,'tep_cfg_select_option(array(\'true\', \'false\'),'),(68,'Installed Modules','MODULE_PAYMENT_INSTALLED','','List of payment module filenames separated by a semi-colon. This is automatically updated. No need to edit. (Example: cc.php;cod.php;paypal.php)',6,0,'2008-07-28 17:51:52','2008-07-05 04:15:34',NULL,NULL),(69,'Installed Modules','MODULE_ORDER_TOTAL_INSTALLED','','List of order_total module filenames separated by a semi-colon. This is automatically updated. No need to edit. (Example: ot_subtotal.php;ot_tax.php;ot_shipping.php;ot_total.php)',6,0,'2008-07-28 17:51:46','2008-07-05 04:15:34',NULL,NULL),(70,'Installed Modules','MODULE_SHIPPING_INSTALLED','','List of shipping module filenames separated by a semi-colon. This is automatically updated. No need to edit. (Example: ups.php;flat.php;item.php)',6,0,'2008-07-28 17:51:50','2008-07-05 04:15:34',NULL,NULL),(71,'Enable Cash On Delivery Module','MODULE_PAYMENT_COD_STATUS','True','Do you want to accept Cash On Delevery payments?',6,1,NULL,'2008-07-05 04:15:34',NULL,'tep_cfg_select_option(array(\'True\', \'False\'),'),(72,'Payment Zone','MODULE_PAYMENT_COD_ZONE','0','If a zone is selected, only enable this payment method for that zone.',6,2,NULL,'2008-07-05 04:15:34','tep_get_zone_class_title','tep_cfg_pull_down_zone_classes('),(73,'Sort order of display.','MODULE_PAYMENT_COD_SORT_ORDER','0','Sort order of display. Lowest is displayed first.',6,0,NULL,'2008-07-05 04:15:34',NULL,NULL),(74,'Set Order Status','MODULE_PAYMENT_COD_ORDER_STATUS_ID','0','Set the status of orders made with this payment module to this value',6,0,NULL,'2008-07-05 04:15:34','tep_get_order_status_name','tep_cfg_pull_down_order_statuses('),(75,'Enable Credit Card Module','MODULE_PAYMENT_CC_STATUS','True','Do you want to accept credit card payments?',6,0,NULL,'2008-07-05 04:15:34',NULL,'tep_cfg_select_option(array(\'True\', \'False\'),'),(76,'Split Credit Card E-Mail Address','MODULE_PAYMENT_CC_EMAIL','','If an e-mail address is entered, the middle digits of the credit card number will be sent to the e-mail address (the outside digits are stored in the database with the middle digits censored)',6,0,NULL,'2008-07-05 04:15:34',NULL,NULL),(77,'Sort order of display.','MODULE_PAYMENT_CC_SORT_ORDER','0','Sort order of display. Lowest is displayed first.',6,0,NULL,'2008-07-05 04:15:34',NULL,NULL),(78,'Payment Zone','MODULE_PAYMENT_CC_ZONE','0','If a zone is selected, only enable this payment method for that zone.',6,2,NULL,'2008-07-05 04:15:34','tep_get_zone_class_title','tep_cfg_pull_down_zone_classes('),(79,'Set Order Status','MODULE_PAYMENT_CC_ORDER_STATUS_ID','0','Set the status of orders made with this payment module to this value',6,0,NULL,'2008-07-05 04:15:34','tep_get_order_status_name','tep_cfg_pull_down_order_statuses('),(80,'Enable Flat Shipping','MODULE_SHIPPING_FLAT_STATUS','True','Do you want to offer flat rate shipping?',6,0,NULL,'2008-07-05 04:15:34',NULL,'tep_cfg_select_option(array(\'True\', \'False\'),'),(81,'Shipping Cost','MODULE_SHIPPING_FLAT_COST','5.00','The shipping cost for all orders using this shipping method.',6,0,NULL,'2008-07-05 04:15:34',NULL,NULL),(82,'Tax Class','MODULE_SHIPPING_FLAT_TAX_CLASS','0','Use the following tax class on the shipping fee.',6,0,NULL,'2008-07-05 04:15:34','tep_get_tax_class_title','tep_cfg_pull_down_tax_classes('),(83,'Shipping Zone','MODULE_SHIPPING_FLAT_ZONE','0','If a zone is selected, only enable this shipping method for that zone.',6,0,NULL,'2008-07-05 04:15:34','tep_get_zone_class_title','tep_cfg_pull_down_zone_classes('),(84,'Sort Order','MODULE_SHIPPING_FLAT_SORT_ORDER','0','Sort order of display.',6,0,NULL,'2008-07-05 04:15:34',NULL,NULL),(85,'Default Currency','DEFAULT_CURRENCY','USD','Default Currency',6,0,NULL,'2008-07-05 04:15:34',NULL,NULL),(86,'Default Language','DEFAULT_LANGUAGE','en','Default Language',6,0,NULL,'2008-07-05 04:15:34',NULL,NULL),(87,'Default Order Status For New Orders','DEFAULT_ORDERS_STATUS_ID','1','When a new order is created, this order status will be assigned to it.',6,0,NULL,'2008-07-05 04:15:35',NULL,NULL),(88,'Display Shipping','MODULE_ORDER_TOTAL_SHIPPING_STATUS','true','Do you want to display the order shipping cost?',6,1,NULL,'2008-07-05 04:15:35',NULL,'tep_cfg_select_option(array(\'true\', \'false\'),'),(89,'Sort Order','MODULE_ORDER_TOTAL_SHIPPING_SORT_ORDER','2','Sort order of display.',6,2,NULL,'2008-07-05 04:15:35',NULL,NULL),(90,'Allow Free Shipping','MODULE_ORDER_TOTAL_SHIPPING_FREE_SHIPPING','false','Do you want to allow free shipping?',6,3,NULL,'2008-07-05 04:15:35',NULL,'tep_cfg_select_option(array(\'true\', \'false\'),'),(91,'Free Shipping For Orders Over','MODULE_ORDER_TOTAL_SHIPPING_FREE_SHIPPING_OVER','50','Provide free shipping for orders over the set amount.',6,4,NULL,'2008-07-05 04:15:35','currencies->format',NULL),(92,'Provide Free Shipping For Orders Made','MODULE_ORDER_TOTAL_SHIPPING_DESTINATION','national','Provide free shipping for orders sent to the set destination.',6,5,NULL,'2008-07-05 04:15:35',NULL,'tep_cfg_select_option(array(\'national\', \'international\', \'both\'),'),(93,'Display Sub-Total','MODULE_ORDER_TOTAL_SUBTOTAL_STATUS','true','Do you want to display the order sub-total cost?',6,1,NULL,'2008-07-05 04:15:35',NULL,'tep_cfg_select_option(array(\'true\', \'false\'),'),(94,'Sort Order','MODULE_ORDER_TOTAL_SUBTOTAL_SORT_ORDER','1','Sort order of display.',6,2,NULL,'2008-07-05 04:15:35',NULL,NULL),(95,'Display Tax','MODULE_ORDER_TOTAL_TAX_STATUS','true','Do you want to display the order tax value?',6,1,NULL,'2008-07-05 04:15:35',NULL,'tep_cfg_select_option(array(\'true\', \'false\'),'),(96,'Sort Order','MODULE_ORDER_TOTAL_TAX_SORT_ORDER','3','Sort order of display.',6,2,NULL,'2008-07-05 04:15:35',NULL,NULL),(97,'Display Total','MODULE_ORDER_TOTAL_TOTAL_STATUS','true','Do you want to display the total order value?',6,1,NULL,'2008-07-05 04:15:35',NULL,'tep_cfg_select_option(array(\'true\', \'false\'),'),(98,'Sort Order','MODULE_ORDER_TOTAL_TOTAL_SORT_ORDER','4','Sort order of display.',6,2,NULL,'2008-07-05 04:15:35',NULL,NULL),(99,'Country of Origin','SHIPPING_ORIGIN_COUNTRY','223','Select the country of origin to be used in shipping quotes.',7,1,NULL,'2008-07-05 04:15:35','tep_get_country_name','tep_cfg_pull_down_country_list('),(100,'Postal Code','SHIPPING_ORIGIN_ZIP','NONE','Enter the Postal Code (ZIP) of the Store to be used in shipping quotes.',7,2,NULL,'2008-07-05 04:15:35',NULL,NULL),(101,'Enter the Maximum Package Weight you will ship','SHIPPING_MAX_WEIGHT','50','Carriers have a max weight limit for a single package. This is a common one for all.',7,3,NULL,'2008-07-05 04:15:35',NULL,NULL),(102,'Package Tare weight.','SHIPPING_BOX_WEIGHT','3','What is the weight of typical packaging of small to medium packages?',7,4,NULL,'2008-07-05 04:15:35',NULL,NULL),(103,'Larger packages - percentage increase.','SHIPPING_BOX_PADDING','10','For 10% enter 10',7,5,NULL,'2008-07-05 04:15:35',NULL,NULL),(104,'Display Product Image','PRODUCT_LIST_IMAGE','1','Do you want to display the Product Image?',8,1,NULL,'2008-07-05 04:15:35',NULL,NULL),(105,'Display Product Manufaturer Name','PRODUCT_LIST_MANUFACTURER','0','Do you want to display the Product Manufacturer Name?',8,2,NULL,'2008-07-05 04:15:35',NULL,NULL),(106,'Display Product Model','PRODUCT_LIST_MODEL','0','Do you want to display the Product Model?',8,3,NULL,'2008-07-05 04:15:35',NULL,NULL),(107,'Display Product Name','PRODUCT_LIST_NAME','2','Do you want to display the Product Name?',8,4,NULL,'2008-07-05 04:15:35',NULL,NULL),(108,'Display Product Price','PRODUCT_LIST_PRICE','3','Do you want to display the Product Price',8,5,NULL,'2008-07-05 04:15:35',NULL,NULL),(109,'Display Product Quantity','PRODUCT_LIST_QUANTITY','0','Do you want to display the Product Quantity?',8,6,NULL,'2008-07-05 04:15:35',NULL,NULL),(110,'Display Product Weight','PRODUCT_LIST_WEIGHT','0','Do you want to display the Product Weight?',8,7,NULL,'2008-07-05 04:15:35',NULL,NULL),(111,'Display Buy Now column','PRODUCT_LIST_BUY_NOW','4','Do you want to display the Buy Now column?',8,8,NULL,'2008-07-05 04:15:35',NULL,NULL),(112,'Display Category/Manufacturer Filter (0=disable; 1=enable)','PRODUCT_LIST_FILTER','1','Do you want to display the Category/Manufacturer Filter?',8,9,NULL,'2008-07-05 04:15:35',NULL,NULL),(113,'Location of Prev/Next Navigation Bar (1-top, 2-bottom, 3-both)','PREV_NEXT_BAR_LOCATION','2','Sets the location of the Prev/Next Navigation Bar (1-top, 2-bottom, 3-both)',8,10,NULL,'2008-07-05 04:15:35',NULL,NULL),(114,'Check stock level','STOCK_CHECK','true','Check to see if sufficent stock is available',9,1,NULL,'2008-07-05 04:15:35',NULL,'tep_cfg_select_option(array(\'true\', \'false\'),'),(115,'Subtract stock','STOCK_LIMITED','true','Subtract product in stock by product orders',9,2,NULL,'2008-07-05 04:15:35',NULL,'tep_cfg_select_option(array(\'true\', \'false\'),'),(116,'Allow Checkout','STOCK_ALLOW_CHECKOUT','true','Allow customer to checkout even if there is insufficient stock',9,3,NULL,'2008-07-05 04:15:35',NULL,'tep_cfg_select_option(array(\'true\', \'false\'),'),(117,'Mark product out of stock','STOCK_MARK_PRODUCT_OUT_OF_STOCK','***','Display something on screen so customer can see which product has insufficient stock',9,4,NULL,'2008-07-05 04:15:35',NULL,NULL),(118,'Stock Re-order level','STOCK_REORDER_LEVEL','5','Define when stock needs to be re-ordered',9,5,NULL,'2008-07-05 04:15:35',NULL,NULL),(119,'Store Page Parse Time','STORE_PAGE_PARSE_TIME','false','Store the time it takes to parse a page',10,1,NULL,'2008-07-05 04:15:35',NULL,'tep_cfg_select_option(array(\'true\', \'false\'),'),(120,'Log Destination','STORE_PAGE_PARSE_TIME_LOG','page_parse_time.log','Directory and filename of the page parse time log',10,2,NULL,'2008-07-05 04:15:35',NULL,NULL),(121,'Log Date Format','STORE_PARSE_DATE_TIME_FORMAT','%d/%m/%Y %H:%M:%S','The date format',10,3,NULL,'2008-07-05 04:15:35',NULL,NULL),(122,'Display The Page Parse Time','DISPLAY_PAGE_PARSE_TIME','true','Display the page parse time (store page parse time must be enabled)',10,4,NULL,'2008-07-05 04:15:35',NULL,'tep_cfg_select_option(array(\'true\', \'false\'),'),(123,'Store Database Queries','STORE_DB_TRANSACTIONS','false','Store the database queries in the page parse time log (PHP4 only)',10,5,'2008-07-21 04:34:10','2008-07-05 04:15:35',NULL,'tep_cfg_select_option(array(\'true\', \'false\'),'),(124,'Use Cache','USE_CACHE','false','Use caching features',11,1,NULL,'2008-07-05 04:15:35',NULL,'tep_cfg_select_option(array(\'true\', \'false\'),'),(125,'Cache Directory','DIR_FS_CACHE','/tmp/','The directory where the cached files are saved',11,2,NULL,'2008-07-05 04:15:35',NULL,NULL),(126,'E-Mail Transport Method','EMAIL_TRANSPORT','smtp','Defines if this server uses a local connection to sendmail or uses an SMTP connection via TCP/IP. Servers running on Windows and MacOS should change this setting to SMTP.',12,1,'2010-08-13 04:06:37','2008-07-05 04:15:35',NULL,'tep_cfg_select_option(array(\'sendmail\', \'smtp\'),'),(127,'E-Mail Linefeeds','EMAIL_LINEFEED','LF','Defines the character sequence used to separate mail headers.',12,2,NULL,'2008-07-05 04:15:35',NULL,'tep_cfg_select_option(array(\'LF\', \'CRLF\'),'),(128,'Use MIME HTML When Sending Emails','EMAIL_USE_HTML','false','Send e-mails in HTML format',12,3,NULL,'2008-07-05 04:15:35',NULL,'tep_cfg_select_option(array(\'true\', \'false\'),'),(129,'Verify E-Mail Addresses Through DNS','ENTRY_EMAIL_ADDRESS_CHECK','false','Verify e-mail address through a DNS server',12,4,NULL,'2008-07-05 04:15:35',NULL,'tep_cfg_select_option(array(\'true\', \'false\'),'),(130,'Send E-Mails','SEND_EMAILS','true','Send out e-mails',12,5,NULL,'2008-07-05 04:15:35',NULL,'tep_cfg_select_option(array(\'true\', \'false\'),'),(131,'Enable download','DOWNLOAD_ENABLED','false','Enable the products download functions.',13,1,NULL,'2008-07-05 04:15:35',NULL,'tep_cfg_select_option(array(\'true\', \'false\'),'),(132,'Download by redirect','DOWNLOAD_BY_REDIRECT','false','Use browser redirection for download. Disable on non-Unix systems.',13,2,NULL,'2008-07-05 04:15:35',NULL,'tep_cfg_select_option(array(\'true\', \'false\'),'),(133,'Expiry delay (days)','DOWNLOAD_MAX_DAYS','7','Set number of days before the download link expires. 0 means no limit.',13,3,NULL,'2008-07-05 04:15:35',NULL,''),(134,'Maximum number of downloads','DOWNLOAD_MAX_COUNT','5','Set the maximum number of downloads. 0 means no download authorized.',13,4,NULL,'2008-07-05 04:15:35',NULL,''),(135,'Enable GZip Compression','GZIP_COMPRESSION','false','Enable HTTP GZip compression.',14,1,NULL,'2008-07-05 04:15:35',NULL,'tep_cfg_select_option(array(\'true\', \'false\'),'),(136,'Compression Level','GZIP_LEVEL','5','Use this compression level 0-9 (0 = minimum, 9 = maximum).',14,2,NULL,'2008-07-05 04:15:35',NULL,NULL),(137,'Session Directory','SESSION_WRITE_DIRECTORY','D:\\Logs','If sessions are file based, store them in this directory.',15,1,'2013-10-19 15:19:18','2008-07-05 04:15:35',NULL,NULL),(138,'Force Cookie Use','SESSION_FORCE_COOKIE_USE','False','Force the use of sessions when cookies are only enabled.',15,2,NULL,'2008-07-05 04:15:35',NULL,'tep_cfg_select_option(array(\'True\', \'False\'),'),(139,'Check SSL Session ID','SESSION_CHECK_SSL_SESSION_ID','False','Validate the SSL_SESSION_ID on every secure HTTPS page request.',15,3,NULL,'2008-07-05 04:15:35',NULL,'tep_cfg_select_option(array(\'True\', \'False\'),'),(140,'Check User Agent','SESSION_CHECK_USER_AGENT','False','Validate the clients browser user agent on every page request.',15,4,NULL,'2008-07-05 04:15:35',NULL,'tep_cfg_select_option(array(\'True\', \'False\'),'),(141,'Check IP Address','SESSION_CHECK_IP_ADDRESS','False','Validate the clients IP address on every page request.',15,5,NULL,'2008-07-05 04:15:35',NULL,'tep_cfg_select_option(array(\'True\', \'False\'),'),(142,'Prevent Spider Sessions','SESSION_BLOCK_SPIDERS','True','Prevent known spiders from starting a session.',15,6,NULL,'2008-07-05 04:15:35',NULL,'tep_cfg_select_option(array(\'True\', \'False\'),'),(143,'Recreate Session','SESSION_RECREATE','False','Recreate the session to generate a new session ID when the customer logs on or creates an account (PHP >=4.1 needed).',15,7,NULL,'2008-07-05 04:15:35',NULL,'tep_cfg_select_option(array(\'True\', \'False\'),'),(144,'Admin DHTML Menus','MENU_DHTML','true','Shows the DHTML menu instead of the default menu.',1,19,NULL,'0000-00-00 00:00:00',NULL,'tep_cfg_select_option(array(\'true\', \'false\'),'),(145,'SMTP Server Host address','EMAIL_SMTP_HOST_SERVER','localhost','EMAIL SMTP HOST SERVER',12,10,'2017-12-08 00:56:21','2007-08-06 18:57:54',NULL,NULL),(146,'SMTP Server Helo (name ISP default empty) address','EMAIL_SMTP_HELO_SERVER','glvn.thanhtamdallas.org','EMAIL SMTP HELO SERVER',12,11,'0000-00-00 00:00:00','2007-08-06 18:57:54',NULL,NULL),(147,'SMTP Server Port (default 25) address','EMAIL_SMTP_PORT_SERVER','1025','EMAIL SMTP PORT SERVER',12,12,'0000-00-00 00:00:00','2007-08-06 18:57:54',NULL,NULL),(148,'SMTP Server use password address','EMAIL_SMTP_ACTIVE_PASSWORD','false','EMAIL SMTP ACTIVATE PASSWORD',12,13,'2010-03-24 17:13:59','2007-08-06 18:57:54',NULL,'tep_cfg_select_option(array(\'true\''),(149,'SMTP E-mail Username','EMAIL_SMTP_USERNAME','glvn','EMAIL SMTP USERNAME',12,14,'2012-10-18 21:51:22','2007-08-06 18:57:54',NULL,NULL),(150,'SMTP E-mail Password','EMAIL_SMTP_PASSWORD','T0maTh1en','EMAIL SMTP PASSWORD',12,15,'2012-10-18 21:51:45','2007-08-06 18:57:54',NULL,NULL),(151,'SMTP Name address to use protocol SMTP','EMAIL_SMTP_NAME','glvn@thanhtamdallas.org','EMAIL SMTP NAME ADDRESS',12,16,'2012-10-18 21:52:02','2007-08-06 18:57:54',NULL,NULL),(152,'GL Class Name','GL_CLASS_NAME','Lớp Giáo Lý','GL Class Name',1,22,'2012-09-18 03:54:56','0000-00-00 00:00:00',NULL,NULL),(153,'VN Class Name','VN_CLASS_NAME','Lớp Việt Ngữ','VN Class Name',1,23,NULL,'0000-00-00 00:00:00',NULL,NULL),(154,'Dang Cua Le Text','DANG_CUA_LE','Dâng Của Lễ','Dang Cua Le Text',1,24,NULL,'0000-00-00 00:00:00',NULL,NULL),(155,'Dang Cua Le Contact Name','DANG_CUA_LE_CONTACT_NAME','anh Tuấn Phạm','Dang Cua Le Contact Name',1,25,NULL,'0000-00-00 00:00:00',NULL,NULL),(156,'Dang Cua Le Contact Number','DANG_CUA_LE_CONTACT_NUMBER','469-774-8618','Dang Cua Le Contact Number',1,26,NULL,'0000-00-00 00:00:00',NULL,NULL),(157,'Dang Cua Le GXTT','DANG_CUA_LE_GXTT','GX Thánh Tâm','Dang Cua Le GXTT',1,27,NULL,'0000-00-00 00:00:00',NULL,NULL),(158,'Current School Year','CURRENT_SCHOOL_YEAR','14','Current School Year',1,28,NULL,'0000-00-00 00:00:00',NULL,NULL),(159,'TNTT Ấu Nhi','TNTT_AU_NHI','Ấu Nhi','TNTT Ấu Nhi',1,30,NULL,'0000-00-00 00:00:00',NULL,NULL),(160,'TNTT Thiếu Nhi','TNTT_THIEU_NHI','Thiếu Nhi','TNTT Thiếu Nhi',1,31,NULL,'0000-00-00 00:00:00',NULL,NULL),(161,'TNTT Nghĩa Sĩ','TNTT_NGHIA_SI','Nghĩa Sĩ','TNTT Nghĩa Sĩ',1,31,NULL,'0000-00-00 00:00:00',NULL,NULL),(162,'TNTT Hiệp Sĩ','TNTT_HIEP_SI','Hiệp Sĩ','TNTT Hiệp Sĩ',1,33,'2017-02-27 12:47:01','0000-00-00 00:00:00',NULL,NULL),(163,'Current School Year Desc','CURRENT_SCHOOL_YEAR_DESC','School Year 2023-2024','Current School Year Description',1,29,NULL,'0000-00-00 00:00:00',NULL,NULL);

--
-- Table structure for table `configuration_group`
--

CREATE TABLE `configuration_group` (
  `configuration_group_id` int(11) NOT NULL AUTO_INCREMENT,
  `configuration_group_title` varchar(64) COLLATE utf8_unicode_ci NOT NULL,
  `configuration_group_description` varchar(255) COLLATE utf8_unicode_ci NOT NULL,
  `sort_order` int(5) DEFAULT NULL,
  `visible` int(1) DEFAULT '1',
  PRIMARY KEY (`configuration_group_id`)
) ENGINE=InnoDB AUTO_INCREMENT=16 DEFAULT CHARSET=utf8 COLLATE=utf8_unicode_ci;

--
-- Dumping data for table `configuration_group`
--

INSERT INTO `configuration_group` VALUES (1,'My Site','General information about my site',1,1),(2,'Minimum Values','The minimum values for functions / data',2,1),(3,'Maximum Values','The maximum values for functions / data',3,1),(4,'Images','Image parameters',4,1),(5,'Customer Details','Customer account configuration',5,0),(6,'Module Options','Hidden from configuration',6,0),(7,'Shipping/Packaging','Shipping options available at my store',7,0),(8,'Product Listing','Product Listing    configuration options',8,0),(9,'Stock','Stock configuration options',9,0),(10,'Logging','Logging configuration options',10,1),(11,'Cache','Caching configuration options',11,1),(12,'E-Mail Options','General setting for E-Mail transport and HTML E-Mails',12,1),(13,'Download','Downloadable products options',13,1),(14,'GZip Compression','GZip compression options',14,1),(15,'Sessions','Session options',15,1);

--
-- Table structure for table `countries`
--

CREATE TABLE `countries` (
  `countries_id` int(11) NOT NULL AUTO_INCREMENT,
  `countries_name` varchar(64) COLLATE utf8_unicode_ci NOT NULL,
  `countries_iso_code_2` char(2) COLLATE utf8_unicode_ci NOT NULL,
  `countries_iso_code_3` char(3) COLLATE utf8_unicode_ci NOT NULL,
  `address_format_id` int(11) NOT NULL DEFAULT '0',
  PRIMARY KEY (`countries_id`),
  KEY `IDX_COUNTRIES_NAME` (`countries_name`)
) ENGINE=InnoDB AUTO_INCREMENT=240 DEFAULT CHARSET=utf8 COLLATE=utf8_unicode_ci;

--
-- Dumping data for table `countries`
--

INSERT INTO `countries` VALUES (1,'Afghanistan','AF','AFG',1),(2,'Albania','AL','ALB',1),(3,'Algeria','DZ','DZA',1),(4,'American Samoa','AS','ASM',1),(5,'Andorra','AD','AND',1),(6,'Angola','AO','AGO',1),(7,'Anguilla','AI','AIA',1),(8,'Antarctica','AQ','ATA',1),(9,'Antigua and Barbuda','AG','ATG',1),(10,'Argentina','AR','ARG',1),(11,'Armenia','AM','ARM',1),(12,'Aruba','AW','ABW',1),(13,'Australia','AU','AUS',1),(14,'Austria','AT','AUT',5),(15,'Azerbaijan','AZ','AZE',1),(16,'Bahamas','BS','BHS',1),(17,'Bahrain','BH','BHR',1),(18,'Bangladesh','BD','BGD',1),(19,'Barbados','BB','BRB',1),(20,'Belarus','BY','BLR',1),(21,'Belgium','BE','BEL',1),(22,'Belize','BZ','BLZ',1),(23,'Benin','BJ','BEN',1),(24,'Bermuda','BM','BMU',1),(25,'Bhutan','BT','BTN',1),(26,'Bolivia','BO','BOL',1),(27,'Bosnia and Herzegowina','BA','BIH',1),(28,'Botswana','BW','BWA',1),(29,'Bouvet Island','BV','BVT',1),(30,'Brazil','BR','BRA',1),(31,'British Indian Ocean Territory','IO','IOT',1),(32,'Brunei Darussalam','BN','BRN',1),(33,'Bulgaria','BG','BGR',1),(34,'Burkina Faso','BF','BFA',1),(35,'Burundi','BI','BDI',1),(36,'Cambodia','KH','KHM',1),(37,'Cameroon','CM','CMR',1),(38,'Canada','CA','CAN',1),(39,'Cape Verde','CV','CPV',1),(40,'Cayman Islands','KY','CYM',1),(41,'Central African Republic','CF','CAF',1),(42,'Chad','TD','TCD',1),(43,'Chile','CL','CHL',1),(44,'China','CN','CHN',1),(45,'Christmas Island','CX','CXR',1),(46,'Cocos (Keeling) Islands','CC','CCK',1),(47,'Colombia','CO','COL',1),(48,'Comoros','KM','COM',1),(49,'Congo','CG','COG',1),(50,'Cook Islands','CK','COK',1),(51,'Costa Rica','CR','CRI',1),(52,'Cote D\'Ivoire','CI','CIV',1),(53,'Croatia','HR','HRV',1),(54,'Cuba','CU','CUB',1),(55,'Cyprus','CY','CYP',1),(56,'Czech Republic','CZ','CZE',1),(57,'Denmark','DK','DNK',1),(58,'Djibouti','DJ','DJI',1),(59,'Dominica','DM','DMA',1),(60,'Dominican Republic','DO','DOM',1),(61,'East Timor','TP','TMP',1),(62,'Ecuador','EC','ECU',1),(63,'Egypt','EG','EGY',1),(64,'El Salvador','SV','SLV',1),(65,'Equatorial Guinea','GQ','GNQ',1),(66,'Eritrea','ER','ERI',1),(67,'Estonia','EE','EST',1),(68,'Ethiopia','ET','ETH',1),(69,'Falkland Islands (Malvinas)','FK','FLK',1),(70,'Faroe Islands','FO','FRO',1),(71,'Fiji','FJ','FJI',1),(72,'Finland','FI','FIN',1),(73,'France','FR','FRA',1),(74,'France, Metropolitan','FX','FXX',1),(75,'French Guiana','GF','GUF',1),(76,'French Polynesia','PF','PYF',1),(77,'French Southern Territories','TF','ATF',1),(78,'Gabon','GA','GAB',1),(79,'Gambia','GM','GMB',1),(80,'Georgia','GE','GEO',1),(81,'Germany','DE','DEU',5),(82,'Ghana','GH','GHA',1),(83,'Gibraltar','GI','GIB',1),(84,'Greece','GR','GRC',1),(85,'Greenland','GL','GRL',1),(86,'Grenada','GD','GRD',1),(87,'Guadeloupe','GP','GLP',1),(88,'Guam','GU','GUM',1),(89,'Guatemala','GT','GTM',1),(90,'Guinea','GN','GIN',1),(91,'Guinea-bissau','GW','GNB',1),(92,'Guyana','GY','GUY',1),(93,'Haiti','HT','HTI',1),(94,'Heard and Mc Donald Islands','HM','HMD',1),(95,'Honduras','HN','HND',1),(96,'Hong Kong','HK','HKG',1),(97,'Hungary','HU','HUN',1),(98,'Iceland','IS','ISL',1),(99,'India','IN','IND',1),(100,'Indonesia','ID','IDN',1),(101,'Iran (Islamic Republic of)','IR','IRN',1),(102,'Iraq','IQ','IRQ',1),(103,'Ireland','IE','IRL',1),(104,'Israel','IL','ISR',1),(105,'Italy','IT','ITA',1),(106,'Jamaica','JM','JAM',1),(107,'Japan','JP','JPN',1),(108,'Jordan','JO','JOR',1),(109,'Kazakhstan','KZ','KAZ',1),(110,'Kenya','KE','KEN',1),(111,'Kiribati','KI','KIR',1),(112,'Korea, Democratic People\'s Republic of','KP','PRK',1),(113,'Korea, Republic of','KR','KOR',1),(114,'Kuwait','KW','KWT',1),(115,'Kyrgyzstan','KG','KGZ',1),(116,'Lao People\'s Democratic Republic','LA','LAO',1),(117,'Latvia','LV','LVA',1),(118,'Lebanon','LB','LBN',1),(119,'Lesotho','LS','LSO',1),(120,'Liberia','LR','LBR',1),(121,'Libyan Arab Jamahiriya','LY','LBY',1),(122,'Liechtenstein','LI','LIE',1),(123,'Lithuania','LT','LTU',1),(124,'Luxembourg','LU','LUX',1),(125,'Macau','MO','MAC',1),(126,'Macedonia, The Former Yugoslav Republic of','MK','MKD',1),(127,'Madagascar','MG','MDG',1),(128,'Malawi','MW','MWI',1),(129,'Malaysia','MY','MYS',1),(130,'Maldives','MV','MDV',1),(131,'Mali','ML','MLI',1),(132,'Malta','MT','MLT',1),(133,'Marshall Islands','MH','MHL',1),(134,'Martinique','MQ','MTQ',1),(135,'Mauritania','MR','MRT',1),(136,'Mauritius','MU','MUS',1),(137,'Mayotte','YT','MYT',1),(138,'Mexico','MX','MEX',1),(139,'Micronesia, Federated States of','FM','FSM',1),(140,'Moldova, Republic of','MD','MDA',1),(141,'Monaco','MC','MCO',1),(142,'Mongolia','MN','MNG',1),(143,'Montserrat','MS','MSR',1),(144,'Morocco','MA','MAR',1),(145,'Mozambique','MZ','MOZ',1),(146,'Myanmar','MM','MMR',1),(147,'Namibia','NA','NAM',1),(148,'Nauru','NR','NRU',1),(149,'Nepal','NP','NPL',1),(150,'Netherlands','NL','NLD',1),(151,'Netherlands Antilles','AN','ANT',1),(152,'New Caledonia','NC','NCL',1),(153,'New Zealand','NZ','NZL',1),(154,'Nicaragua','NI','NIC',1),(155,'Niger','NE','NER',1),(156,'Nigeria','NG','NGA',1),(157,'Niue','NU','NIU',1),(158,'Norfolk Island','NF','NFK',1),(159,'Northern Mariana Islands','MP','MNP',1),(160,'Norway','NO','NOR',1),(161,'Oman','OM','OMN',1),(162,'Pakistan','PK','PAK',1),(163,'Palau','PW','PLW',1),(164,'Panama','PA','PAN',1),(165,'Papua New Guinea','PG','PNG',1),(166,'Paraguay','PY','PRY',1),(167,'Peru','PE','PER',1),(168,'Philippines','PH','PHL',1),(169,'Pitcairn','PN','PCN',1),(170,'Poland','PL','POL',1),(171,'Portugal','PT','PRT',1),(172,'Puerto Rico','PR','PRI',1),(173,'Qatar','QA','QAT',1),(174,'Reunion','RE','REU',1),(175,'Romania','RO','ROM',1),(176,'Russian Federation','RU','RUS',1),(177,'Rwanda','RW','RWA',1),(178,'Saint Kitts and Nevis','KN','KNA',1),(179,'Saint Lucia','LC','LCA',1),(180,'Saint Vincent and the Grenadines','VC','VCT',1),(181,'Samoa','WS','WSM',1),(182,'San Marino','SM','SMR',1),(183,'Sao Tome and Principe','ST','STP',1),(184,'Saudi Arabia','SA','SAU',1),(185,'Senegal','SN','SEN',1),(186,'Seychelles','SC','SYC',1),(187,'Sierra Leone','SL','SLE',1),(188,'Singapore','SG','SGP',4),(189,'Slovakia (Slovak Republic)','SK','SVK',1),(190,'Slovenia','SI','SVN',1),(191,'Solomon Islands','SB','SLB',1),(192,'Somalia','SO','SOM',1),(193,'South Africa','ZA','ZAF',1),(194,'South Georgia and the South Sandwich Islands','GS','SGS',1),(195,'Spain','ES','ESP',3),(196,'Sri Lanka','LK','LKA',1),(197,'St. Helena','SH','SHN',1),(198,'St. Pierre and Miquelon','PM','SPM',1),(199,'Sudan','SD','SDN',1),(200,'Suriname','SR','SUR',1),(201,'Svalbard and Jan Mayen Islands','SJ','SJM',1),(202,'Swaziland','SZ','SWZ',1),(203,'Sweden','SE','SWE',1),(204,'Switzerland','CH','CHE',1),(205,'Syrian Arab Republic','SY','SYR',1),(206,'Taiwan','TW','TWN',1),(207,'Tajikistan','TJ','TJK',1),(208,'Tanzania, United Republic of','TZ','TZA',1),(209,'Thailand','TH','THA',1),(210,'Togo','TG','TGO',1),(211,'Tokelau','TK','TKL',1),(212,'Tonga','TO','TON',1),(213,'Trinidad and Tobago','TT','TTO',1),(214,'Tunisia','TN','TUN',1),(215,'Turkey','TR','TUR',1),(216,'Turkmenistan','TM','TKM',1),(217,'Turks and Caicos Islands','TC','TCA',1),(218,'Tuvalu','TV','TUV',1),(219,'Uganda','UG','UGA',1),(220,'Ukraine','UA','UKR',1),(221,'United Arab Emirates','AE','ARE',1),(222,'United Kingdom','GB','GBR',1),(223,'United States','US','USA',2),(224,'United States Minor Outlying Islands','UM','UMI',1),(225,'Uruguay','UY','URY',1),(226,'Uzbekistan','UZ','UZB',1),(227,'Vanuatu','VU','VUT',1),(228,'Vatican City State (Holy See)','VA','VAT',1),(229,'Venezuela','VE','VEN',1),(230,'Viet Nam','VN','VNM',1),(231,'Virgin Islands (British)','VG','VGB',1),(232,'Virgin Islands (U.S.)','VI','VIR',1),(233,'Wallis and Futuna Islands','WF','WLF',1),(234,'Western Sahara','EH','ESH',1),(235,'Yemen','YE','YEM',1),(236,'Yugoslavia','YU','YUG',1),(237,'Zaire','ZR','ZAR',1),(238,'Zambia','ZM','ZMB',1),(239,'Zimbabwe','ZW','ZWE',1);

--
-- Table structure for table `currencies`
--

CREATE TABLE `currencies` (
  `currencies_id` int(11) NOT NULL AUTO_INCREMENT,
  `title` varchar(32) COLLATE utf8_unicode_ci NOT NULL,
  `code` char(3) COLLATE utf8_unicode_ci NOT NULL,
  `symbol_left` varchar(12) COLLATE utf8_unicode_ci DEFAULT NULL,
  `symbol_right` varchar(12) COLLATE utf8_unicode_ci DEFAULT NULL,
  `decimal_point` char(1) COLLATE utf8_unicode_ci DEFAULT NULL,
  `thousands_point` char(1) COLLATE utf8_unicode_ci DEFAULT NULL,
  `decimal_places` char(1) COLLATE utf8_unicode_ci DEFAULT NULL,
  `value` float(13,8) DEFAULT NULL,
  `last_updated` datetime DEFAULT NULL,
  PRIMARY KEY (`currencies_id`),
  KEY `idx_currencies_code` (`code`)
) ENGINE=InnoDB AUTO_INCREMENT=3 DEFAULT CHARSET=utf8 COLLATE=utf8_unicode_ci;

--
-- Dumping data for table `currencies`
--

INSERT INTO `currencies` VALUES (1,'US Dollar','USD','$','','.',',','2',1.00000000,'2008-07-05 04:15:35'),(2,'Euro','EUR','','EUR','.',',','2',1.10360003,'2008-07-05 04:15:35');

--
-- Table structure for table `dangcuale`
--

CREATE TABLE `dangcuale` (
  `id` int(11) NOT NULL AUTO_INCREMENT,
  `date` date DEFAULT NULL,
  `name` varchar(32) COLLATE utf8_unicode_ci DEFAULT NULL,
  `idfamily` int(11) DEFAULT NULL,
  `type` varchar(32) COLLATE utf8_unicode_ci DEFAULT NULL,
  `mass` tinyint(4) DEFAULT NULL,
  PRIMARY KEY (`id`)
) ENGINE=InnoDB AUTO_INCREMENT=169 DEFAULT CHARSET=utf8 COLLATE=utf8_unicode_ci;

--
-- Dumping data for table `dangcuale`
--

INSERT INTO `dangcuale` VALUES (2,'2014-01-12','NgọcBích Võ',79,'Chủ Nhật',1),(3,'2014-01-19','Alan Phạm',80,'Chủ Nhật',1),(4,'2014-01-26','Quy Nguyễn',81,'Chủ Nhật',1),(5,'2014-02-02','Dan Phạm',82,'Chủ Nhật',1),(6,'2014-02-09','Hàm Văn Ngô',83,'Chủ Nhật',1),(7,'2014-02-16','Phục Kim Nguyễn',84,'Chủ Nhật',1),(8,'2014-02-23','Danh Thu Nguyễn',85,'Chủ Nhật',1),(9,'2014-03-02','Tuynh Kim Phan',86,'Chủ Nhật',1),(10,'2014-03-09','Hiệu Thủy Trần',87,'Chủ Nhật',1),(11,'2014-03-16','Hải Vũ Hoàng',88,'Chủ Nhật',1),(12,'2014-03-23','Minh Thái Nguyễn',89,'Chủ Nhật',1),(13,'2014-03-30','Hoàng Công Mai',90,'Chủ Nhật',1),(14,'2014-04-06','Thi Văn Nguyễn',91,'Chủ Nhật',1),(15,'2014-04-13','Vy Minh Nguyễn',92,'Chủ Nhật',1),(16,'2014-04-20','Hữu Nghĩa Lê',93,'Chủ Nhật',1),(17,'2014-04-27','Sĩ Triết Trương',78,'Chủ Nhật',1),(18,'2014-05-04','NgọcBích Võ',79,'Chủ Nhật',1),(19,'2014-05-11','Alan Phạm',80,'Chủ Nhật',1),(20,'2014-05-18','Quy Nguyễn',81,'Chủ Nhật',1),(21,'2014-05-25','Dan Phạm',82,'Chủ Nhật',1),(22,'2014-06-01','Hàm Văn Ngô',83,'Chủ Nhật',1),(23,'2014-06-08','Phục Kim Nguyễn',84,'Chủ Nhật',1),(24,'2014-06-15','Danh Thu Nguyễn',85,'Chủ Nhật',1),(25,'2014-06-22','Tuynh Kim Phan',86,'Chủ Nhật',1),(26,'2014-06-29','Hiệu Thủy Trần',87,'Chủ Nhật',1),(27,'2014-07-06','Hải Vũ Hoàng',88,'Chủ Nhật',1),(28,'2014-07-13','Minh Thái Nguyễn',89,'Chủ Nhật',1),(29,'2014-07-20','Hoàng Công Mai',90,'Chủ Nhật',1),(30,'2014-07-27','Thi Văn Nguyễn',91,'Chủ Nhật',1),(31,'2014-08-03','Vy Minh Nguyễn',92,'Chủ Nhật',1),(32,'2014-08-10','Hữu Nghĩa Lê',93,'Chủ Nhật',1),(33,'2014-08-17','Sĩ Triết Trương',78,'Chủ Nhật',1),(34,'2014-08-24','NgọcBích Võ',79,'Chủ Nhật',1),(35,'2014-08-31','Alan Phạm',80,'Chủ Nhật',1),(36,'2014-09-07','Quy Nguyễn',81,'Chủ Nhật',1),(37,'2014-09-14','Dan Phạm',82,'Chủ Nhật',1),(38,'2014-09-21','Hàm Văn Ngô',83,'Chủ Nhật',1),(39,'2014-09-28','Phục Kim Nguyễn',84,'Chủ Nhật',1),(40,'2014-10-05','Danh Thu Nguyễn',85,'Chủ Nhật',1),(41,'2014-10-12','Tuynh Kim Phan',86,'Chủ Nhật',1),(42,'2014-10-19','Hiệu Thủy Trần',87,'Chủ Nhật',1),(43,'2014-10-26','Hải Vũ Hoàng',88,'Chủ Nhật',1),(44,'2014-11-02','Minh Thái Nguyễn',89,'Chủ Nhật',1),(45,'2014-11-09','Hoàng Công Mai',90,'Chủ Nhật',1),(46,'2014-11-16','Thi Văn Nguyễn',91,'Chủ Nhật',1),(47,'2014-11-23','Vy Minh Nguyễn',92,'Chủ Nhật',1),(48,'2014-11-30','Hữu Nghĩa Lê',93,'Chủ Nhật',1),(49,'2014-12-07','Sĩ Triết Trương',78,'Chủ Nhật',1),(50,'2014-12-14','NgọcBích Võ',79,'Chủ Nhật',1),(51,'2014-12-21','Alan Phạm',80,'Chủ Nhật',1),(52,'2014-12-28','Quy Nguyễn',81,'Chủ Nhật',1),(53,'2014-01-05','Christine Đỗ',94,'Chủ Nhật',2),(54,'2014-01-12','Đình Thanh Vũ',95,'Chủ Nhật',2),(55,'2014-01-19','Tuấn Lộc VũLê',96,'Chủ Nhật',2),(56,'2014-01-26','Thanh Mien',97,'Chủ Nhật',2),(57,'2014-02-02','Bình Nguyễn',98,'Chủ Nhật',2),(58,'2014-02-09','Tiến Thủy Võ',99,'Chủ Nhật',2),(59,'2014-02-16','Khanh Nga Lê',100,'Chủ Nhật',2),(60,'2014-02-23','Long Tế Trần',101,'Chủ Nhật',2),(61,'2014-03-02','Minh5212 Nguyễn ',102,'Chủ Nhật',2),(62,'2014-03-09','Sức Nguyễn',103,'Chủ Nhật',2),(63,'2014-03-16','Xít Nguyễn',104,'Chủ Nhật',2),(64,'2014-03-23','Hậu Vũ',105,'Chủ Nhật',2),(65,'2014-03-30','TonyMai Nguyễn',106,'Chủ Nhật',2),(66,'2014-04-06','Xếp Hà Trần',107,'Chủ Nhật',2),(67,'2014-04-13','Mindy Quang Trần',108,'Chủ Nhật',2),(68,'2014-04-20','Christine Đỗ',94,'Chủ Nhật',2),(69,'2014-04-27','Hậu Hoa Nguyễn',110,'Chủ Nhật',2),(70,'2014-05-04','Minh5212 Nguyễn ',102,'Chủ Nhật',2),(71,'2014-05-11','Đình Thanh Vũ',95,'Chủ Nhật',2),(72,'2014-05-18','Tiến Thủy Võ',99,'Chủ Nhật',2),(73,'2014-05-25','Thanh Mien',97,'Chủ Nhật',2),(74,'2014-06-01','Bình Nguyễn',98,'Chủ Nhật',2),(75,'2014-06-08','Xếp Hà Trần',107,'Chủ Nhật',2),(76,'2014-06-15','Khanh Nga Lê',100,'Chủ Nhật',2),(77,'2014-06-22','Long Tế Trần',101,'Chủ Nhật',2),(78,'2014-06-29','Minh5212 Nguyễn ',102,'Chủ Nhật',2),(79,'2014-07-06','Sức Nguyễn',103,'Chủ Nhật',2),(80,'2014-07-13','Xít Nguyễn',104,'Chủ Nhật',2),(81,'2014-07-20','Hậu Vũ',105,'Chủ Nhật',2),(82,'2014-07-27','TonyMai Nguyễn',106,'Chủ Nhật',2),(83,'2014-08-03','Xếp Hà Trần',107,'Chủ Nhật',2),(84,'2014-08-10','Mindy Quang Trần',108,'Chủ Nhật',2),(85,'2014-08-17','Dũng Khoa Nguyễn',109,'Chủ Nhật',2),(86,'2014-08-24','Hậu Hoa Nguyễn',110,'Chủ Nhật',2),(87,'2014-08-31','Christine Đỗ',94,'Chủ Nhật',2),(88,'2014-09-07','Đình Thanh Vũ',95,'Chủ Nhật',2),(89,'2014-09-14','Tuấn Lộc VũLê',96,'Chủ Nhật',2),(90,'2014-09-21','Thanh Mien',97,'Chủ Nhật',2),(91,'2014-09-28','Bình Nguyễn',98,'Chủ Nhật',2),(92,'2014-10-05','Tiến Thủy Võ',99,'Chủ Nhật',2),(93,'2014-10-12','Khanh Nga Lê',100,'Chủ Nhật',2),(94,'2014-10-19','Long Tế Trần',101,'Chủ Nhật',2),(95,'2014-10-26','Minh5212 Nguyễn ',102,'Chủ Nhật',2),(96,'2014-11-02','Sức Nguyễn',103,'Chủ Nhật',2),(97,'2014-11-09','Xít Nguyễn',104,'Chủ Nhật',2),(98,'2014-11-16','Hậu Vũ',105,'Chủ Nhật',2),(99,'2014-11-23','TonyMai Nguyễn',106,'Chủ Nhật',2),(100,'2014-11-30','Xếp Hà Trần',107,'Chủ Nhật',2),(101,'2014-12-07','Mindy Quang Trần',108,'Chủ Nhật',2),(102,'2014-12-14','Dũng Khoa Nguyễn',109,'Chủ Nhật',2),(103,'2014-12-21','Hậu Hoa Nguyễn',110,'Chủ Nhật',2),(104,'2014-12-28','Thanh Mien',97,'Chủ Nhật',2),(105,'2014-01-04','Quốc Anh Trần',71,'Thứ Bảy',3),(106,'2014-01-11','Minh Nguyễn',72,'Thứ Bảy',3),(107,'2014-01-18','An Nguyễn',73,'Thứ Bảy',3),(108,'2014-01-25','Andy Nguyễn',74,'Thứ Bảy',3),(109,'2014-02-01','Hoang Truc',75,'Thứ Bảy',3),(110,'2014-02-08','Huyền Đạt Nguyễn',76,'Thứ Bảy',3),(111,'2014-02-15','BéTư Nguyễn',77,'Thứ Bảy',3),(112,'2014-02-22','Quốc Anh Trần',71,'Thứ Bảy',3),(113,'2014-03-01','Minh Nguyễn',72,'Thứ Bảy',3),(114,'2014-03-08','An Nguyễn',73,'Thứ Bảy',3),(115,'2014-03-15','Andy Nguyễn',74,'Thứ Bảy',3),(116,'2014-03-22','Hoang Truc',75,'Thứ Bảy',3),(117,'2014-03-29','Huyền Đạt Nguyễn',76,'Thứ Bảy',3),(118,'2014-04-05','BéTư Nguyễn',77,'Thứ Bảy',3),(119,'2014-04-12','Quốc Anh Trần',71,'Thứ Bảy',3),(120,'2014-04-19','Minh Nguyễn',72,'Thứ Bảy',3),(121,'2014-04-26','An Nguyễn',73,'Thứ Bảy',3),(122,'2014-05-03','Andy Nguyễn',74,'Thứ Bảy',3),(123,'2014-05-10','Hoang Truc',75,'Thứ Bảy',3),(124,'2014-05-17','Huyền Đạt Nguyễn',76,'Thứ Bảy',3),(125,'2014-05-24','BéTư Nguyễn',77,'Thứ Bảy',3),(126,'2014-05-31','Quốc Anh Trần',71,'Thứ Bảy',3),(127,'2014-06-07','Minh Nguyễn',72,'Thứ Bảy',3),(128,'2014-06-14','An Nguyễn',73,'Thứ Bảy',3),(129,'2014-06-21','Andy Nguyễn',74,'Thứ Bảy',3),(130,'2014-06-28','Hoang Truc',75,'Thứ Bảy',3),(131,'2014-07-05','Huyền Đạt Nguyễn',76,'Thứ Bảy',3),(132,'2014-07-12','BéTư Nguyễn',77,'Thứ Bảy',3),(133,'2014-07-19','Quốc Anh Trần',71,'Thứ Bảy',3),(134,'2014-07-26','Minh Nguyễn',72,'Thứ Bảy',3),(135,'2014-08-02','An Nguyễn',73,'Thứ Bảy',3),(136,'2014-08-09','Andy Nguyễn',74,'Thứ Bảy',3),(137,'2014-08-16','Hoang Truc',75,'Thứ Bảy',3),(138,'2014-08-23','Huyền Đạt Nguyễn',76,'Thứ Bảy',3),(139,'2014-08-30','BéTư Nguyễn',77,'Thứ Bảy',3),(140,'2014-09-06','Quốc Anh Trần',71,'Thứ Bảy',3),(141,'2014-09-13','Minh Nguyễn',72,'Thứ Bảy',3),(142,'2014-09-20','An Nguyễn',73,'Thứ Bảy',3),(143,'2014-09-27','Andy Nguyễn',74,'Thứ Bảy',3),(144,'2014-10-04','Hoang Truc',75,'Thứ Bảy',3),(145,'2014-10-11','Huyền Đạt Nguyễn',76,'Thứ Bảy',3),(146,'2014-10-18','BéTư Nguyễn',77,'Thứ Bảy',3),(147,'2014-10-25','Quốc Anh Trần',71,'Thứ Bảy',3),(148,'2014-11-01','Minh Nguyễn',72,'Thứ Bảy',3),(149,'2014-11-08','An Nguyễn',73,'Thứ Bảy',3),(150,'2014-11-15','Andy Nguyễn',74,'Thứ Bảy',3),(151,'2014-11-22','Hoang Truc',75,'Thứ Bảy',3),(152,'2014-11-29','Huyền Đạt Nguyễn',76,'Thứ Bảy',3),(153,'2014-12-06','BéTư Nguyễn',77,'Thứ Bảy',3),(154,'2014-12-13','Quốc Anh Trần',71,'Thứ Bảy',3),(155,'2014-12-20','Minh Nguyễn',72,'Thứ Bảy',3),(156,'2014-12-27','An Nguyễn',73,'Thứ Bảy',3),(157,'2014-03-05','Phục Kim Nguyễn',84,' Lễ Tro',0),(158,'2014-04-17','Dan Phạm',82,'Thứ 5 Tuần Thánh',0),(159,'2014-04-18','Hàm Văn Ngô',83,'Thứ 6 Tuần Thánh',0),(160,'2014-04-19','Phục Kim Nguyễn',84,'Vọng Phục Sinh',0),(161,'2014-04-20','Sức Nguyễn',103,'Phục Sinh',0),(162,'2014-08-15','Xít Nguyễn',104,'Mông Triệu',0),(163,'2014-11-01','Minh5212 Nguyễn ',102,'Các Thánh',0),(164,'2014-11-27','Khanh Nga Lê',100,'Tạ Ơn & Tử Đạo',0),(165,'2014-12-08','Đình Thanh Vũ',95,'Mẹ Vô Nhiễm',0),(166,'2014-12-24','Danh Thu Nguyễn',85,'Vọng Giáng Sinh',0),(167,'2014-12-25','BéTư Nguyễn',77,'Giáng Sinh',0),(168,'2015-01-11','Danh Thu Nguyễn',85,'Chủ Nhật',1);

--
-- Table structure for table `dangcuale_family`
--

CREATE TABLE `dangcuale_family` (
  `idFamily` int(11) NOT NULL AUTO_INCREMENT,
  `name` varchar(32) COLLATE utf8_unicode_ci DEFAULT NULL,
  `pref` tinyint(4) DEFAULT NULL,
  `email` varchar(32) COLLATE utf8_unicode_ci DEFAULT NULL,
  `smsnumber` varchar(12) COLLATE utf8_unicode_ci DEFAULT NULL,
  `phone` varchar(12) COLLATE utf8_unicode_ci DEFAULT NULL,
  PRIMARY KEY (`idFamily`)
) ENGINE=InnoDB AUTO_INCREMENT=111 DEFAULT CHARSET=utf8 COLLATE=utf8_unicode_ci;

--
-- Dumping data for table `dangcuale_family`
--

INSERT INTO `dangcuale_family` VALUES (71,'﻿Quốc Anh Trần',3,'10kimpham@gmail.com',NULL,'703-967-1358'),(72,'Minh Nguyễn',3,'mdnx13@yahoo.com',NULL,'214-731-1729'),(73,'An Nguyễn',3,'annguyen70@yahoo.com',NULL,'214-404-0635'),(74,'Andy Nguyễn',3,'',NULL,'214-632-9722'),(75,'Hoang Truc',3,'',NULL,'972-406-3027'),(76,'Huyền Đạt Nguyễn',3,'chi_huyen_us@yahoo.com',NULL,'214-797-3897'),(77,'BéTư Nguyễn',3,'huongbetu@gmail.com',NULL,'469-563-9166'),(78,'Sĩ Triết Trương',1,'liennguyen52@yahoo.com',NULL,'469-274-6285'),(79,'NgọcBích Võ',1,'miss_bich2002@yahoo.com',NULL,'972-400-5445'),(80,'Alan Phạm',1,'alanpham@verizon.net',NULL,'972-306-4163'),(81,'Quy Nguyễn',1,'tknghiem@yahoo.com',NULL,'714-468-4924'),(82,'Dan Phạm',1,'jdnguyen02@yahoo.com',NULL,'214-684-7586'),(83,'Hàm Văn Ngô',1,'',NULL,'972-375-5113'),(84,'Phục Kim Nguyễn',1,'',NULL,'214-642-2918'),(85,'Danh Thu Nguyễn',1,'john.nguyen61@yahoo.com',NULL,'469-831-1200'),(86,'Tuynh Kim Phan',1,'tuynhkphan@yahoo.com',NULL,'214-794-8207'),(87,'Hiệu Thủy Trần',1,'',NULL,'972-786-5231'),(88,'Hải Vũ Hoàng',1,'',NULL,'214-718-6122'),(89,'Minh Thái Nguyễn',1,'thaimnguyen53@yahoo.com',NULL,'469-438-5304'),(90,'Hoàng Công Mai',1,'conghm@hotmail.com',NULL,'214-693-2329'),(91,'Thi Văn Nguyễn',1,'nguyent1230@yahoo.com',NULL,'817-907-4255'),(92,'Vy Minh Nguyễn',1,'cassidynguyen97@yahoo.com',NULL,'972-632-7353'),(93,'Hữu Nghĩa Lê',1,'tomlehuu@yahoo.com',NULL,'469-321-9886'),(94,'Christine Đỗ',2,'',NULL,'469-360-8899'),(95,'Đình Thanh Vũ',2,'',NULL,'214-436-1950'),(96,'Tuấn Lộc VũLê',2,'tl0616@yahoo.com',NULL,'972-523-9708'),(97,'Thanh Mien',2,'thanhmien47@yahoo.com',NULL,'214-597-2098'),(98,'Bình Nguyễn',2,'b1nh@yahoo.com',NULL,'214-662-6350'),(99,'Tiến Thủy Võ',2,'',NULL,'469-230-6662'),(100,'Khanh Nga Lê',2,'davidkle14820@gmail.com',NULL,'214-662-5766'),(101,'Long Tế Trần',2,'mtetran@yahoo.com',NULL,'469-682-7611'),(102,'Minh5212 Nguyễn ',2,'nguyen@kw.com',NULL,'972-567-6207'),(103,'Sức Nguyễn',2,'jvmsuc@verizon.net',NULL,'214-552-7724'),(104,'Xít Nguyễn',2,'huongbui99@hotmail.com',NULL,'972-394-5674'),(105,'Hậu Vũ',2,'hauvud@verizon.net',NULL,'972-492-1954'),(106,'TonyMai Nguyễn',2,'',NULL,'214-682-7683'),(107,'Xếp Hà Trần',2,'xvtran@grandecom.net',NULL,'940-728-0154'),(108,'Mindy Quang Trần',2,'',NULL,'972-697-3301'),(109,'Dũng Khoa Nguyễn',2,'',NULL,'469-226-7664'),(110,'Hậu Hoa Nguyễn',2,'',NULL,'214-288-4320');

--
-- Table structure for table `emergencycontact`
--

CREATE TABLE `emergencycontact` (
  `idEmergencyContact` int(11) NOT NULL AUTO_INCREMENT,
  `idParent` int(11) NOT NULL,
  `name` varchar(48) COLLATE utf8_unicode_ci DEFAULT NULL,
  `relationship` varchar(48) COLLATE utf8_unicode_ci DEFAULT NULL,
  `homePhone` varchar(24) COLLATE utf8_unicode_ci DEFAULT NULL,
  `mobilePhone` varchar(24) COLLATE utf8_unicode_ci DEFAULT NULL,
  PRIMARY KEY (`idEmergencyContact`,`idParent`)
) ENGINE=InnoDB AUTO_INCREMENT=725 DEFAULT CHARSET=utf8 COLLATE=utf8_unicode_ci;

--
-- Dumping data for table `emergencycontact`
--

INSERT INTO `emergencycontact` VALUES (1,1,'Bảo, Hồng','Ba, Mẹ','','(469) 544 - 6019'),(2,2,'',NULL,'','\r'),(3,3,'Trần Tú','Ông Nội','(214) 222-2415',''),(4,4,'Liêm, Hà','Ba, Mẹ','(469) 684 - 4263','(214) 566 - 9139'),(5,5,'Thanh, Tiến','Bác, Cậu','214-515-7570','469-952-1010'),(6,6,'Việt','Ba','','(214) 686 - 9713'),(7,7,'',NULL,'','\r'),(8,8,'',NULL,'','\r'),(9,9,'Thanh, Diệp','Ba, Mẹ','214-624-0446',''),(10,10,'Hải','Ba','(972) 375 - 2999',''),(11,11,'Danh, Trinh','Ba, Mẹ','(214) 683 - 2537','(469) 585 - 2997'),(12,12,'Huân (Ba)',NULL,'','(469) 450 - 8398\r'),(13,13,'Dennis, Thu (Ba, Mẹ)',NULL,'(972) 971 - 3219','(972) 971 - 3084\r'),(14,14,'Steve Long Quan','Cha','682-227-0605','682-227-1232'),(15,15,'Quyền, Oanh (Ba, Mẹ)',NULL,'(469) 469 - 3635','(214) 265 - 8850\r'),(16,16,'Châu (Chú)',NULL,'','(214) 766 - 8890\r'),(17,17,'Michele','Mẹ','','(214) 793 - 0854'),(18,18,'Lâm, Lan (Ba, Mẹ)',NULL,'(972) 213 - 8344','(972) 213 - 8340\r'),(19,19,'Huyền Đoàn','Aunt','','972-330-7818'),(20,20,'Bảy','Ba','','(214) 991 - 5393'),(21,21,'Helen','Mẹ','(972) 416 - 8237','(469) 235 - 6185'),(22,22,'Phúc','Ba','','(469) 274 - 7577'),(23,23,'Phong, Kim','Ba, Cousin','(469) 386 - 0664','(469) 583 - 3826'),(24,24,'',NULL,'','\r'),(25,25,'Phạm Thúy','Mẹ','972-306-9507','469-278-0518'),(26,26,'',NULL,'','\r'),(27,27,'Châu (Aunt)',NULL,'(817) 657 - 3134','\r'),(28,28,'Đức, Thảo (uncle, aunt)','','(214) 577  - 9228','(214) 454 - 1922'),(29,29,'Huyền','Mẹ','(972) 333 - 5724','972-974-0606'),(30,30,'Nguyễn Danh','Dad','','972-904-4239'),(31,31,'Hòa','Uncle','','(469) 878 - 5910'),(32,32,'',NULL,'','\r'),(33,33,'Phước, Tuyền (Ba, Mẹ)',NULL,'(972) 236 - 2666','(469) 422 - 9451\r'),(34,34,'Lâm, Mai (Ba, Mẹ)',NULL,'(972) 904 - 0523','(469) 835 - 7692\r'),(35,35,'An, Hoàng (Friend)',NULL,'(469) 993 - 3475','(469) 230 - 8772\r'),(36,36,'',NULL,'','\r'),(37,37,'Minh','Dad','','(214) 709 - 0927'),(38,38,'',NULL,'','\r'),(39,39,'Vân (Bác)',NULL,'(469) 235 - 4399','\r'),(40,40,'Hương','Mom','','(469) 502-9650'),(41,41,'Alice Nguyen','Sister','972-459-9644','214-995-7477'),(42,42,'Đôn, Hằng (Ba, Mẹ)','','(469) 693 - 2569','972-302-2115'),(43,43,'Vincent Au','Father','','214-436-6154'),(44,44,'Thọ, Bích Nga (Ba, Mẹ)',NULL,'(214) 789 - 8394','(214) 789 - 8564\r'),(45,45,'',NULL,'','\r'),(46,46,'Liêm, Mẫn (Ba, Mẹ)','','(972) 489 - 7039','(469) 684 - 4683'),(47,47,'Ken, Hà','Parent','214-842-0122',''),(48,48,'Hưng, Julie (Ba, Mẹ)',NULL,'(214) 697 - 3432','(214) 263 - 3222\r'),(49,49,'Dennis, Thu (Ba, Mẹ)',NULL,'(972) 971 - 3084','(972) 971 - 3219\r'),(50,50,'Nguyên Tuyền','','214-755-8386','972-292-9556'),(51,51,'',NULL,'','\r'),(52,52,'Thịnh Nguyễnn','Dad','','(469) 682 - 0728'),(53,53,'Hùng, Hồng (Ba, Mẹ)',NULL,'(214) 926 - 9443','(214) 546 - 5250\r'),(55,55,'Lộc, Liên (Ba, Mẹ)',NULL,'(817) 262 - 7769','(817) 262 - 7774\r'),(56,56,'Tiên (Mẹ)',NULL,'(469) 892 - 6241','(214) 404 - 1125\r'),(57,57,'Lang, Mimi (Bố, Mẹ)',NULL,'(682) 472 - 3357','(469) 487 - 5078\r'),(58,58,'Hòa (Ba), Tiffany (Mẹ)','','469-360-9359','972-363-9361'),(59,59,'Hiền, Yến (Chú, Mẹ)',NULL,'(504) 669 - 7020','(504) 231 - 8741\r'),(60,60,'Tuấn, Vân (Ba, Mẹ)',NULL,'(469) 235 - 4399','\r'),(61,61,'',NULL,'','\r'),(62,62,'Dũng, Hà (Ba, Mẹ)',NULL,'(469) 579 - 7087','(469) 328 - 7056\r'),(63,63,'',NULL,'','\r'),(64,64,'',NULL,'','\r'),(65,65,'Hùng Nguyễn','Cha','','(469) 432 - 3579'),(66,66,'Vinh, Oanh (Ba, Mẹ)',NULL,'(972) 679 - 1012','(972) 786 - 4443\r'),(67,67,'Ly Hong',NULL,'(469) 734 - 5651','\r'),(68,68,'',NULL,'','\r'),(69,69,'Bình, Hiền (Ba, Mẹ)',NULL,'(214) 725 - 1176','(469) 279 - 3803\r'),(70,70,'',NULL,'','\r'),(71,71,'Huấn, Thất','Cậu, Ông','(469) 463 - 0256','(469) 463 - 9163'),(72,72,'',NULL,'','\r'),(73,73,'',NULL,'','\r'),(74,74,'Francis, Lành (Ba, Mẹ)',NULL,'(469) 734 - 3081','(469) 579 - 2308\r'),(75,75,'',NULL,'','\r'),(76,76,'Tuấn, Hương (Ba, Mẹ)',NULL,'(972) 804 - 4593','(972) 804 - 4382\r'),(77,77,'Thủy (Mẹ)','','(469) 289 - 7922','(214) 403 - 7560'),(78,78,'Tiến, Hùng (Ba, Cậu)',NULL,'(972) 394 - 7367','(972) 352 - 7416\r'),(79,79,'',NULL,'','\r'),(80,80,'',NULL,'','\r'),(81,81,'',NULL,'','\r'),(82,82,'Jon, Mary (Ba, Mẹ)','','(469) 358 - 9535','(469) 233 - 9019'),(83,83,'Kim Hoang','Me','','(972) 987 - 9610'),(84,84,'Công, Loan (Ba, Mẹ)',NULL,'(623) 326 - 7744','(623) 326 - 9967\r'),(85,85,'Dai Young, Chad Young (Mẹ, step Dad)','','(972) 394 - 7853','(469) 358 - 1178'),(86,86,'Phượng (Mẹ)',NULL,'(817) 714 - 5472','\r'),(87,87,'Diệp (Cô)',NULL,'(972) 492 - 2289','(469) 328 - 8240\r'),(88,88,'Lan (Mẹ)',NULL,'','(972) 765 - 2928\r'),(89,89,'Jimmy V. Dao','Ông Ngoại','972-492-9601',''),(90,90,'Sỹ, Erica (Ba, Mẹ)',NULL,'(972) 818 - 4436','(214) 597 - 7260\r'),(91,91,'Tuân, Nga (Ba, Mẹ)','','(469) 463 - 5216','(469) 467 - 4463'),(92,92,'Đức, Thảo (Aunt, Uncle)',NULL,'(972) 492 - 1133','(972) 396 - 3255\r'),(93,93,'Nguyễn Paul','Ba','469-258-2900','(972) 213 - 8323'),(94,94,'Hưng, Phương (Ba, Mẹ)',NULL,'(469) 363 - 3650','(214) 641 - 3442\r'),(95,95,'',NULL,'','\r'),(96,96,'Lan (Mẹ)',NULL,'','(972) 765 - 2928\r'),(97,97,NULL,NULL,'(469) 386 - 0390',NULL),(98,98,'Thọ, Nga (Ba, Mẹ)',NULL,'(214) 789 - 8394','(214) 789 - 8564\r'),(99,99,'Duy','Dad','','(972) 369 - 4378'),(100,100,'Thy, Phương (Ba,  Mẹ)',NULL,'(972) 740 - 4359','(214) 718 - 0711\r'),(101,101,'Uyên Trần','','214-924-1106',''),(102,102,'',NULL,'','\r'),(103,103,'Hy, Vy (Ba, Mẹ)',NULL,'(972) 632 - 7353','(972) 289 - 2229\r'),(104,104,'Joanna (Mẹ)',NULL,'(214) 995 - 0906','\r'),(105,105,'',NULL,'','\r'),(106,106,'John Nguyen','Ba','(972) 395 - 1546','(972) 415 - 5632'),(107,107,'Sỹ Nguyễn','Bác','972-316-1415','214-317-5920'),(108,108,'Nguyễn Thi','Ba','','817-907-4255'),(109,109,'',NULL,'','\r'),(110,110,'Cường, Dương (Ba, Mẹ)',NULL,'(972) 741 - 7374','(972) 741 - 7314\r'),(111,111,'Thịnh, Liên (Ba, Mẹ)',NULL,'(972) 375 - 5847','(972) 375 - 5457\r'),(112,112,'Alan, Vân Anh (Ba, Mẹ)',NULL,'(214) 537 - 2521','(469) 524 - 9334\r'),(113,113,'Tam Nguyen','Aunt','972-662-9468',''),(114,114,'Nguyễn Tố Thư','Mother','','469-386-8374'),(115,115,'',NULL,'','\r'),(116,116,'Thành Nguyễn','Cha','972-395-7127','214-478-8275'),(117,117,'Tuynh, Nga (Ba, Mẹ)','','(214) 794 - 8207','(214) 226 - 8043'),(118,118,'Lê Uyên','Mẹ','','214-529-5952'),(119,119,'Kiều (Mẹ)',NULL,'(214) 909 - 2351','\r'),(120,120,'',NULL,'','\r'),(121,121,'Thanh, Phượng (Ba,Mẹ)',NULL,'(214) 682 - 2160','(214) 682 - 4485\r'),(122,122,'',NULL,'','\r'),(123,123,'Thang Vu','Grand Pa','','214-597-9332'),(124,124,'Cư, Dung (Ba, Mẹ)',NULL,'(469) 733 - 0533','(469) 471 - 2128\r'),(125,125,'Tâm (Ba)',NULL,'(972) 900 - 8877','\r'),(126,126,'',NULL,'','\r'),(127,127,'Hoàng, Thảo (Ba, Mẹ)',NULL,'(469) 463 - 1962','(469) 463 - 3379\r'),(128,128,'Phong, Kim (Ba, Cousin)',NULL,'(469) 386 - 0665','(469) 583 - 3826\r'),(129,129,'',NULL,'','\r'),(130,130,'Nguyền Bản','Ông','(972) 395 - 9741',''),(131,131,'Thái (Ba)',NULL,'(469) 438 - 3181','(469) 435 - 5304\r'),(132,132,'Nguyễn Chánh','Cha','','214-923-6853'),(133,133,'Oanh Le','Aunt','','214-392-6643'),(134,134,'Long, Valerie (Ba,  Mẹ)',NULL,'(214) 949 - 5254','(214) 407 - 6560\r'),(135,135,'Trung,Stephanie(Ba,Mẹ)',NULL,'(972) 221 - 7480','(469) 835 - 5020\r'),(136,136,'Luân, Minh (Ba, Mẹ)',NULL,'(469) 321 - 6362','(817) 939 - 5025\r'),(137,137,'Ba, Lan (Ba, Mẹ)',NULL,'(972) 874 - 7258','(469) 235 - 0165\r'),(138,138,'Phước, Thảo (Ba, Mẹ)',NULL,'(214) 934 - 7848','(972) 247 - 8185\r'),(139,139,'',NULL,'','\r'),(140,140,'Chương, Mai lê (Ba, Mẹ)',NULL,'(469) 212 - 6170','(469) 212 - 6165\r'),(141,141,'Tony','Ba','(972) 363 - 3644','(469) 438 - 6362'),(142,142,'Lộc, Liên (Ba, Mẹ)',NULL,'(817) 262 - 7769','(817) 262 - 7774\r'),(143,143,'Dung, Son (Ba, Mẹ)',NULL,'(972) 695 - 5081','(972) 695 - 5081\r'),(144,144,'Thanh Nguyen','Father','','(214) 315 - 0500'),(145,145,'Hoàng, An (Bạn)',NULL,'(469) 939 - 3475','(469) 230 - 8772\r'),(146,146,'Nam (Ba)',NULL,'(214) 991 - 6863','\r'),(147,147,'Tomlee (Ba)',NULL,'(469) 463 - 1039','\r'),(148,148,'Vân (Cô)',NULL,'','(469) 226 - 4696\r'),(149,149,'Dung, Nhung (Ba, Mẹ)',NULL,'(469) 231 - 6149','(214) 597 - 8720\r'),(150,150,'Quang, Nga (Ông, Dì)',NULL,'(972) 395 - 0876','(972) 375 - 2891\r'),(151,151,'Vũ, Phi (Ba, Mẹ)',NULL,'(469) 450 - 7661','(9720 944 - 6627\r'),(152,152,'Lan','Aunt','','(214) 458 - 3035'),(153,153,'','','(214) 912 - 3984','(214) 912 - 8626'),(154,154,'',NULL,'','\r'),(155,155,'Tu Troung','Father','','214-604-3611'),(156,156,'Tuấn, Duyện (Ba, Mẹ)',NULL,' (214) 995 - 0906','\r'),(157,157,'Triệu (Ông Ngoại)',NULL,'(972) 395 - 1818','\r'),(158,158,'Lành, Thảo (Aunt)','','(972) 242 - 4347','214-223-3605'),(159,159,'Ngọc, Trang (Ba, Mẹ)',NULL,'(469) 288 - 3116','(469) 288 - 3091\r'),(160,160,'Lành, Liên (Mẹ, Dì)',NULL,'(972) 242 - 5347','(972) 242 - 3062\r'),(161,161,'Hải,Thiện(Ba,Mẹ)',NULL,'(469) 363 - 6809','(469) 544 - 8042\r'),(162,162,'Tony (Ba)',NULL,'(972) 695 - 4344','(469) 438 - 6362\r'),(163,163,'Vivian Ly','Aunt','469-301-0212',''),(164,164,'Oanh (Mẹ)','','469-230-1652',''),(165,165,'Phan Kiệt (Ba)',NULL,'(972) 899 - 3865','\r'),(166,166,'Anh Minh Nguyen','Ông Ngoại','972-417-7699','469-463-4552'),(167,167,'Hiệu (Ba)','','(972) 786 - 5231',''),(168,168,'',NULL,'','\r'),(169,169,'',NULL,'(469) 386 - 0390','\r'),(170,170,'',NULL,'','\r'),(171,171,'Tuyết','Dì','(972) 898 - 0412','(214) 734 - 9072'),(172,172,'Hoàng (Ba)',NULL,'(972) 712 - 4226','\r'),(173,173,'',NULL,'','\r'),(174,174,'Khiêm, Công (Ba, Ông Nội',NULL,'(972) 624 - 0138','(214) 693 - 2329\r'),(175,175,'Ban, Thi (Ông, Chú)',NULL,'(972) 395 - 9741','(972) 899 - 3163\r'),(176,176,'Hùng, Hồng (Ba, Mẹ)',NULL,'(214) 926 - 9443','(214) 546 - 5250\r'),(177,177,'Khiêm, Ân (Ba, Mẹ)',NULL,'(469) 235 - 2676','(469) 939 - 3475\r'),(178,178,'Justin Danh','Dad','','469-233-5372'),(179,179,'Joseph, Kim (Ba, Mẹ)',NULL,'(214) 642 - 2918','(214) 684 - 7182\r'),(180,180,'Ngọc, Trang (Ba, Mẹ)',NULL,'(214) 483 - 3845','(469) 288 - 3116\r'),(181,181,'',NULL,'','\r'),(182,182,'Alan (Ba)',NULL,'(214) 537 - 2521','\r'),(183,183,'Sỹ (Ba)',NULL,'(972) 818 - 4436','(214) 597 - 7260\r'),(184,184,'',NULL,'','\r'),(185,185,'Thảo, Hằng (Ba, Mẹ)','','(469) 328 - 3616','(469) 328 - 3667'),(186,186,'Cecilia (Mẹ)',NULL,'(469) 441 - 3689','\r'),(187,187,'',NULL,'','\r'),(188,188,'',NULL,'','\r'),(189,189,'',NULL,'','\r'),(190,190,'',NULL,'','\r'),(191,191,'Mai','','469-877-1505',''),(192,192,'',NULL,'','\r'),(193,193,'',NULL,'','\r'),(194,194,'',NULL,'','\r'),(195,195,'',NULL,'','\r'),(196,196,'',NULL,'','\r'),(197,197,'Thao Doan','Uncle','2149987486','4694412833'),(198,198,'',NULL,'','\r'),(199,199,'Kiều Anh','Mẹ','','(972) 375 - 7481'),(200,200,'',NULL,'','\r'),(201,201,'',NULL,'','\r'),(202,202,'',NULL,'','\r'),(203,203,'',NULL,'','\r'),(204,204,'',NULL,'','\r'),(205,205,'David, Loan (Ba, Mẹ)',NULL,'(214) 783 - 2825','(214) 783 - 2666\r'),(206,206,'',NULL,'','\r'),(207,207,'',NULL,'','\r'),(208,208,'',NULL,'','\r'),(209,209,'',NULL,'','\r'),(210,210,'',NULL,'','\r'),(211,211,'',NULL,'','\r'),(212,212,'Anh, Trinh (Ba, Dì)',NULL,'(817) 718 - 0965','(972) 492 - 5517\r'),(213,213,'',NULL,'','\r'),(214,214,'Hiếu, Phượng (Ba, Mẹ)',NULL,'(469) 230 - 1401','(214) 718 - 2841\r'),(215,215,'',NULL,'','\r'),(216,216,'',NULL,'','\r'),(217,217,'',NULL,'','\r'),(218,218,'',NULL,'','\r'),(219,219,'Thành, Thủy','Ba, Mẹ','(972) 213 - 8691','(469) 939 - 4019'),(220,220,'Duy, Hà (Ba, Mẹ)',NULL,'(972) 369 - 4378','(972) 369 - 4379\r'),(221,221,'Yên, Thuỷ (Ba, Mẹ)',NULL,'(214) 697 - 0045','(214) 369 - 0046\r'),(222,222,'Đạt Trần','Cha','','(510) 314 - 4115'),(223,223,'Bảo (Friend)',NULL,'(214) 597 - 8527','\r'),(224,224,'Jimmy, Mai (Grand father, mother)',NULL,'(214) 517 - 3431','(214) 991 - 6469\r'),(225,225,'Khánh, Tú (Ba, Mẹ)','','(214) 403 - 7778','(214) 403 - 7717'),(226,226,'Anh (Mẹ)',NULL,'(972) 375 - 7481','(972) 375 - 7987\r'),(227,227,'Tuấn,Thoa(Ba,Mẹ)',NULL,'(469) 583 - 2429','(214) 682 - 0903\r'),(228,228,'Phúc, Kim Khánh (Ba, Mẹ)','','972-785-7666','972-746-3307'),(229,229,'Cecilia (Mẹ)',NULL,'(469) 944 - 3689','\r'),(230,230,'Thái Phạm (Chú)',NULL,'(469) 432 - 2837','\r'),(231,231,'Thông, Đài (Ba, Mẹ)',NULL,'(469) 233 - 7550','(214) 516 - 9232\r'),(232,232,'Ty, Tú (Ba, Mẹ)',NULL,'(972) 408 - 5741','(214) 315 - 2467\r'),(233,233,'',NULL,'','\r'),(234,234,'Long','Bố','(972) 236 - 2559','(214) 317 - 2804'),(235,235,'Tuấn','Ba','','(714) 234 - 4828'),(236,236,'Paulina (Mẹ)',NULL,'(214) 458 - 2302','\r'),(237,237,'Thành, Hiền','Parent','972-395-4899','214-536-7705'),(238,238,'Hương','Mẹ','496-645-2980','972-793-3574'),(239,239,'Long, Nga (Ba, Mẹ)',NULL,'(214) 317 - 2804','(214) 317 - 2803\r'),(240,240,'Ngoan, Loan (Dượng, Cô)',NULL,'(408) 221 - 5601','(408) 387 - 9771\r'),(241,241,'Tiffany (Mẹ)',NULL,'','\r'),(242,242,'Trang, Đức (Ba, Mẹ)',NULL,'(972) 330 - 6323','(972) 998 - 6943\r'),(243,243,'Bích (Mẹ)',NULL,'(972) 984 - 6369','(972) 400 - 5445\r'),(244,244,'Paulina (Mẹ)',NULL,'','(214) 458 - 2302\r'),(245,245,'Tuyết','Mẹ','(972) 685 - 6028','(469) 386 - 0329'),(246,246,'Rồng, Soi (Ba,  Mẹ)',NULL,'(469) 360 - 3884','(214) 566 - 5237\r'),(247,247,'Tuyên (Ông)',NULL,'(972) 323 - 7929','\r'),(248,248,'Hải (Ba)',NULL,'(214) 483 - 5587','(972) 352 - 9170\r'),(249,249,'Bảo, Hồng (Ba, Mẹ)',NULL,'(469) 544 - 6019','(972) 713 - 8555\r'),(250,250,'Phong, Kim (Ba, Cousin)',NULL,'(469) 386 - 0664','(469) 583 - 3826\r'),(251,251,'Long, Valerie (Ba, Mẹ)',NULL,'(214) 949 - 5254','(214) 799 - 8930\r'),(252,252,'Ngoan, Hoàng (Ba, Cậu)','','(408) 221 - 5601','(408) 904 - 9414'),(253,253,'Ken, Hà (Ba, Mẹ)',NULL,'(972) 693 - 0189','(972) 693 - 0329\r'),(254,254,'Hung Pham','Cha','(214) 488 - 1067','(214) 909 - 2815'),(255,255,'Hoàng, Đào (Ba, Mẹ)',NULL,'(214) 513 - 9450','(714) 260 - 4738\r'),(256,256,'Ngoan, Hoàng (Cha, Cậu)',NULL,'(408) 221 - 5601','(408) 904 - 9414\r'),(257,257,'Hùng, Hồng (Ba, Mẹ)',NULL,'(214) 926 - 9443','(214) 546 - 5250\r'),(258,258,'Phát, Châu (Ba, Mẹ0',NULL,'(214) 604 - 5542','(469) 767 - 5162\r'),(259,259,'Hoa (Mẹ)',NULL,'(972) 395 - 1818','\r'),(260,260,'Phạm Lộc','Ba','(972) 890-6053','(972) 890-6053'),(261,261,'Vo Ngan','Mom','','469-235-1830'),(262,262,'Bùi Tuấn Quốc','Bố','469-684-3220',''),(263,130,'Nguyễn Thi','Bác','972-899-3161',''),(264,260,'Lâm Minh','Mẹ','469-358-0816','469-358-0816'),(265,93,'Nguyễn Jody','Mẹ','','469-258-2900'),(266,234,'Nga','Má','(972) 236 - 2559','(214) 317 - 2803'),(267,262,'Trần Mandy','Mẹ','','214-563-7596'),(268,263,'Đinh Quang Bính','Cha','','214-650-1000'),(269,238,'Tuấn','Ba','','214-995-3727'),(270,43,'Ha Nguyen','Aunt','','469-569-2258'),(271,135,'','','940-293-5728',''),(272,254,'Tammy Pham','Mẹ','(214) 488 - 1067','(214) 909 - 3127'),(273,265,'Tersa Tran','Mẹ','','469-682-8141'),(274,265,'Nhiem Tran','Ba','','469-877-5404'),(275,166,'Minh Thu Nguyen','Mẹ','','214-604-6335'),(276,144,'Mung Pham','Mother','','(214) 315 - 0600'),(277,245,'Tien','Bố','','469-386-0336'),(278,267,'Đinh Trần Đức Duy','Cha','972-939-9519','817-301-2184'),(279,267,'Hoàng Mai Thụy Trang','Mẹ','972-939-9519','817-456-6654'),(280,268,'Trung Tran','Cha','','214-995-6173'),(281,268,'Kim Truong','Mẹ','','214-293-8726'),(282,269,'Lan Trần','Mẹ','','214-334-9499'),(283,269,'Tiến Hoàng','Cha','','214-402-8975'),(284,270,'Khanh','Cha','','469-371-3988'),(285,270,'Yến','Mẹ','','469-417-9688'),(286,21,'Đảng','Cha','972-416-8237','214-600-5124'),(287,271,'Khải','Cha','','214-842-1255'),(288,271,'Nguyễn Đình Lý','Ông Ngoại','','214-842-1250'),(289,272,'Hieu Nguyen','Cậu','469-386-4619','469-386-4358'),(290,272,'Kien Nguyen','Ông trẻ','469-387-4488','469--321-1404'),(291,273,'Mai Chu','Mẹ','972-417-0756','504-338-9515'),(292,274,'Hung Tong','Cha','469-200-8509','214-392-0922'),(293,274,'Chi Nguyen','Mẹ','','214-783-6030'),(294,275,'Y Harris','Mẹ','972-416-7736',''),(295,275,'Duyên Nguyễn','','469-236-0794',''),(296,276,'Rosa Nguyen','Mẹ','','469-212-2615'),(297,276,'Tuan Vu','Cha','','469-212-2610'),(298,277,'Trần Cao Nguyên','Cha','972-304-0409','571-991-8120'),(299,278,'Kieu Kaplan','Mẹ','727-492-3149','214-632-8089'),(300,278,'Jeff Kaplan','Cha','903-285-8136',''),(301,279,'Vy Vu','Mẹ','','503-358-3561'),(302,279,'Huan Nguyen','Bố','','206-683-6123'),(303,279,'Van Nguyen','Cô','','469-647-1333'),(304,280,'Kim Dang','Mom','972-975-8542','214-718-3269'),(305,281,'Phan Kenny','Cha','','469-774-4048'),(306,281,'Le Kaylie','Mẹ','','469-428-4784 '),(307,282,'Chau Thi My Ngoc','Mẹ','972-662-1687','214-554-4828'),(308,282,'Kenneth van','Uncle','972-662-1687','972-746-7027'),(309,222,'Linh Nguyễn','Mẹ','','817-879-5909'),(310,116,'Ann Phạm','Mẹ','972-395-7127','972-834-7506'),(311,141,'Diem Pham','Jason\'s Mom','972-395-0826','469-363-9143'),(312,141,'Nga Pham','Mẹ','','972-375-2891'),(313,284,'Thêm','Cha','','469-777-2526'),(314,284,'Mai','Mẹ','','469-600-9225'),(315,286,'Kim Nguyen','Aunt','','214-682-0903'),(316,235,'Katie','Mẹ','','972-330-7905'),(317,20,'Hạnh','Mẹ','','(214) 684 - 2833'),(318,287,'Nguyen Tuyen','Ông','','214-697-0969'),(319,65,'Thảo Mai','Mẹ','','214-783-2374'),(320,65,'Lan Stampley','Aunt','','214-862-7224'),(321,288,'Phạm Văn Thỷ','Cha','214-995-6810','214-235-6486'),(322,290,'Trang','Mẹ','972-393-1380','469-396-5045'),(323,290,'Steven','Cha','972-393-1380','214-960-7931'),(324,291,'Hung Le Cao','Ông','214-991-8140',''),(325,291,'Kim Cao','Aunt','972-939-2393','214-714-5911'),(326,293,'Nguyen T. Dan','Mẹ','','972-839-2601'),(327,295,'Pham Lynhthy','Mẹ','','469-767-0796'),(328,296,'Thuy Cobb','Mẹ','','469-774-1484'),(329,297,'Tâm Nguyễn','Mẹ','972-513-8103','214-492-3377'),(330,299,'Phạm Thị My','Cô','','469-471-2028'),(331,308,'Trone Tran','Grandfather','','972-839-0576'),(332,300,'Đoàn Thanh Minh','Cha','972-236-2158','972-809-4530'),(333,307,'Tami Vu','Mẹ','','949-466-8774'),(334,307,'Bao Vu','Cha','','949-466-8773'),(335,306,'Michael Le','Cha','','469-569-8483'),(336,306,'Lily Dang','Mẹ','','469-569-8549'),(337,310,'Nguyễn Thực Hiện','Cha','972-554-1097','214-208-1684'),(338,310,'Nguyễn T. Duẫn','Bác Ruột','','214-541-4746'),(339,3,'Diễm Trần','Aunt','214-686-3871','214-222-2415'),(340,288,'Nguyen Quynh Chi','Dì','','214-783-6030'),(341,288,'Nguyen Anh Tu','Cậu','','469-879-9343'),(342,75,'Hoang Nguyen','Father','214-383-9447','214-317-8456'),(343,315,'Thanh Truong','Grand Father','214-478-5896',''),(344,315,'Sang Truong','Father','214-693-9737',''),(345,83,'David Le','Cha','','(214) 516 - 5386'),(346,108,'Nguyễn Sỹ','Chú','972-316-1415','214-317-5920'),(347,190,'Scott Le','Anh','4633638177',''),(348,316,'Nguyễn Thành Công','Cha','214-872-9847','469-735-1955'),(349,106,'Hoa Huynh','Dì','(972) 395 - 1546','(214) 597 - 4863'),(350,148,'Nguyễn T. Lan','Mom','469-293-5485','214-458-3035'),(351,102,'Alex Le','Brother','','972-655-8873'),(352,316,'Nguyễn Vy','Mẹ','214-872-9847','469-618-6242'),(353,35,'Thomas Pham','Ba','','469-878-0464'),(354,35,'Cẩm Nguyễn','Mẹ','','469-212-3473'),(355,317,'Huy Nguyen','Cha','','469-358-9118'),(356,317,'Trinh Ha','Mẹ','','469-274-3351'),(357,318,'Huong Pham','Me','214-802-6736',''),(358,318,'Thao Pham','Bac','214-454-1972','Bac'),(359,319,'Hồ Đức Đại','Cha','469-231-5086','469-226-6511'),(360,322,'Hung Ta','Cha','','469-401-5012'),(361,322,'Duyen Pham','Me','','469-401-5037'),(362,323,'Cindy Nguyen','Bà Nội','972-939-6106','214-783-5560'),(363,323,'Anna Nguyen','Mẹ','','214-402-0473'),(364,325,'Uyen Woodall','Mẹ','469-275-2995',''),(365,326,'Chad Young','Father','(972) 394 - 7853','(469) 358 - 1178'),(366,327,'Huong Nguyen','Mom ','469-487-9615','469-463-2266'),(367,328,'Nguyen Haley','Dì','214-336-0660',''),(368,328,'Nguyen Tiffany','Dì','469-231-8749',''),(369,329,'Linh Nguyen','Me','714-204-7910','714-204-7908'),(370,333,'Xit Nguyen','ông ngoại','','214-507-7238'),(371,334,'Bui Hung or Tina','father & mother','972-900-6505','972-957-4019'),(372,336,'Le Ngoc Anh','Aunt','972-533-0411',''),(373,337,'Vũ Minh Hiệp','Cha','','214-718-3976'),(374,337,'Lý Lệ Liêu','Mẹ','','817-903-9985'),(375,338,'Nguyen Van Tu','Uncle','214-684-1944',''),(376,340,'Vu To Anh','Aunt','469-226-6511',''),(377,342,'Celilia Huyen Nguyen','ME - Cha','469-525-7066','214-683-1620'),(378,343,'Tuyen Dinh / Thao Dinh','Chi','940-222-9222','972-302-2755'),(379,352,'Hoa Nguyen','Grandmother','214-618-0072','469-236-3689'),(380,139,'Christine Do','Ba Ngoai','972-432-1717','469-360-8899'),(381,354,'Hoa Nguyen','Chu Bac','469-901-6190',''),(382,324,'','Grandparents','682-433-6177','817-715-7935'),(383,358,'Dai Tran','Father','','214-636-5220'),(384,41,'Lin Nguyen','Mother','972-459-9644','214-498-9662'),(385,361,'Tim Nguyen','Father','','585-319-2226'),(386,75,'Mai Trần','Mother','','469-525-5000'),(387,362,'Whitney Huynh','Friend','','469-831-4123'),(388,266,'An Nguyễn','Cha','214-404-0635','214-404-0639'),(389,365,'Tuong Dang','Cha Mẹ','469-450-8331','408-805-9898'),(390,364,'Nguyễn Viết Tấn','Father','','214-686-3870'),(391,366,'Phạm Đai Dương','Father','','214-733-9584'),(392,311,'Yen Vo / Thuy Nguyen','Dad / Mom','469-571-8270','469-571-6970'),(393,367,'Nga Lê','Aunt','469-450-3876','469-450-5348'),(394,367,'','Parent','','214-240-4195'),(395,199,'Thanh Nguyễn','Cô','','972-375-7912'),(396,370,'Luke Pham','Father','','469-469-7374'),(397,371,'Hàng Trần','Grandmom','','214-763-9295'),(398,372,'Nguyen Kim','Aunt','','214-208-5198'),(399,373,'Nguyen Quyen','Mẹ','','469-305-9949'),(400,374,'Nguyen Quyen','Mẹ','469-458-3977','817-714-3543'),(401,375,'Christine Bui','Mẹ','','504-606-1881'),(402,376,'Nguyễn Ngân','Mẹ','972-767-7743','469-347-2674'),(403,377,'Danny Nguyen','Father','832-248-1202',''),(404,379,'Bà Cuc','Bà','972-492-2541',''),(405,381,'Jessica Nguyen','Mẹ','','972-814-7111'),(406,383,'Henry Huynh','Father','469-230-6202','972-352-8311'),(407,386,'Thien Pham','Father','','469-274-1991'),(408,396,'Le Andrew','Father','','857-222-0927'),(409,398,'Ngo Cuong','Father','','972-352-0123'),(410,399,'Mai Nhien','Father','','469-258-6833'),(411,400,'Nguyễn Khả Tú','Chị','','972-330-6470'),(412,402,'Vo T Ngoc Phuong','Mẹ','','469-510-6729'),(413,245,'Luu Tien','Father','972-695-6028','469-386-0329'),(414,341,'Oanh Nguyen','Aunt','','4692354615'),(415,406,'Tâm Nguyễn','sister','','469-602-3544'),(416,397,'Samanta Sen Nguyen','Mother','972-492-1744','972-441-2945'),(417,410,'Hong Tran','Mother','','214-517-8731'),(418,412,'Vũ Tuấn Anh','Father','','214-779-3607'),(419,422,'Ann Nguyen','Grandmother','','214-223-5679'),(420,420,'Zang Pham','Uncle','','682-243-0171'),(421,424,'Andre Le','Father','','940-453-6349'),(422,102,'Lisa Nga Le','Mother','','214-587-9696'),(423,427,'Jeannie Au','Sister','','469-226-3482'),(424,105,'Christina','Mother','','214-554-4482'),(425,432,'Thu Mai Nguyen','grandma','','214-538-2787'),(426,433,'Gina Gates','Grandmother','','469-434-7500'),(427,382,'Vy Nguyen','Cousin','','408-221-4671'),(428,334,'','','',''),(429,425,'Hollie Do','Mother','714-390-1987','619-315-3588'),(430,302,'Mimi Tran','Mother','','214-460-3707'),(431,332,'Lily Nguyen','Aunt','','4696881059'),(432,443,'Kieu Nguyễn','Grandmother','469-602-3545',''),(433,321,'Thanh Vo','Mother','','972-900-1116'),(434,19,'Tu Doan','Uncle','','469-269-4969'),(435,444,'Nguyen Binh','Father','','214-725-1176'),(436,445,'Tai Nguyen','Father','','214-208-5340'),(437,449,'Mike Dawn','Father','','972-746-7805'),(438,451,'Joseph Nguyen','Grandfather','972-375-1463',''),(439,22,'Anna','Me','','469-274-4803'),(440,418,'Phuong Le Chau','','','214-202-0722'),(441,458,'Tom Nguyen ','Em Re','','469-263-7901'),(442,460,'Bui Tuan Trinh','Father','469-321-1168',''),(443,468,'Johnny Tran','Big Brother','940-337-5792',''),(444,472,'Nguyen Vinh Toan','Father','714-204-6171',''),(445,474,'Helen Nguyen','Mother','817-271-0133','817-412-8384'),(446,467,'Kim Nguyen','Mother','817-412-8384','817-798-9512'),(447,479,'Trang Nguyen','Mother','972-416-3296','469-644-1159'),(448,484,'Dao Quang Huy','Anh','','469-309-3091'),(449,486,'Bich Nga','Aunt','214-789-8564',''),(450,497,'Tran Hoa','','940-337-5792',''),(451,500,'Binh Huynh','','214-679-8769',''),(452,491,'Elvis','Brother','469-328-5348','972-339-0616 Cha'),(453,346,'Thanh Nguyen ','Aunt','','469-995-1200'),(454,417,'Loan Nguyen','Mother','','469-261-8749'),(455,356,'Lien Nguyen','Aunt','','504-261-5068'),(456,421,'','','','972-467-0898'),(457,487,'Peter Nugyen','Father','9729483288','9728229062'),(458,480,'Ai Loan + Phong Dao','Parents','972-975-0621','408-876-9111'),(459,368,'Nguyen Quynh ','Sister','','469-732-0997'),(460,64,'Soi Nguyen','Mother','','214-566-5236'),(461,331,'Cuong','Chu','972-352-0123',''),(462,405,'Ly Nguyen','Aunt','','940-595-3773'),(463,419,'Rosa Tran','Mother','','972-999-3500'),(464,508,'Thanh Le','Brother','','504-413-2144'),(465,363,'Joaanna Nguyen ','Aunt','214-995-0906',''),(466,477,'Suzanne Thai','Mother','','469-360-1304'),(467,459,'Kim Le','Grandma','','713-478-8938'),(468,463,'Kien Pham','Father','','214-315-0354'),(469,510,'Giao Pham','Uncle','','817-456-2521'),(470,510,'Toan Nguyen','Uncle','','817-966-2504'),(471,492,'Vuong Nguyen','Father','214-488-4937','214-604-2989'),(472,73,'Minh Thai','Brother','','972-533-8412'),(473,360,'Ha Bui','Aunt','469-293-5133','512-568-9782'),(474,453,'Mary Nguyen','Mom','','612-616-4834'),(475,453,'Thuong Tran','Dad','','504-939-9387'),(476,511,'Russell Lam','Uncle','','972-971-6172'),(477,461,'Chris Vu','Father','','214-417-8969'),(478,512,'Linh Tran','Father','','469-396-3908'),(479,512,'Vuong Tran','','','469-855-5388'),(480,59,'Ha Pham','Cô','','504-236-4108'),(481,482,'Trang','Mom','','469-951-2137'),(482,450,'Nhung','Bà','972-900-4027','469-531-9520'),(483,320,'','','169-463-1171',''),(484,289,'Tan Dang','','','214-317-1456'),(485,464,'Phỉnh Vũ','Grandpa','972-900-0817',''),(486,462,'Chuong Nguyen','Uncle','','469-835-0574'),(487,403,'Rick Nguyen','','','847-679-3115'),(488,516,'Trung/Lieu Nguyen','Friend','4692355175','8172718778'),(489,517,'Nguyen Kim Vui','Bác','','214-684-7182'),(490,303,'Đức Ngô','Bác','','469-432-3998'),(491,441,'Thu Phan','Cha','','469-988-3801'),(492,519,'Huy Duong','Uncle','','972-467-9712'),(493,503,'Tuan Nguyen','Dad','','469-401-2669'),(494,408,'Peter Luong','Grandfather','469-320-1575',''),(495,437,'Liên Hứa','','','469-835-7911'),(496,521,'Hang Kha, Anh Kha','Sister','','504-606-8280'),(497,522,'Phong Nguyen','Uncle','','609-703-8406'),(498,523,'Hoang Nguyen','Father','','214-404-0852'),(499,525,'Lien Hứa','','','469-835-7911'),(500,515,'Josephine','Sister','','214-223-1608'),(501,526,'Tâm','Father','','817-751-6328'),(502,527,'Loan Ngo','Friend','','469-371-7832'),(503,446,'Van Pham','Mom','','214-862-4255'),(504,416,'Thơ Phan','Father','','469-316-2248'),(505,426,'Tricia Vu','Mother','','214-554-2558'),(506,454,'','Mẹ','','732-640-4079'),(507,454,'','Uncle','','908-917-4304'),(508,490,'Hiền Nguyễn','Bạn','','214-536-7705'),(509,99,'Hà ','Mom','','972-369-4379'),(510,389,'Khiem Cai','Cha','863-258-0296','863-258-1862'),(511,37,'Tram Nguyen','Mom','','214-680-3221'),(512,330,'','Mother','','214-529-8128'),(513,414,'Trinh Nguyen Delatorre','Mother','','214-679-6505'),(514,452,'Hat Nguyen','Dad','','469-971-1469'),(515,528,'Nguyễn Lực','Father','','214-606-0573'),(516,529,'Van Do','Grandpa','','214-636-6575'),(517,531,'Phong','','','469-353-3648'),(518,532,'Tuan Nguyen','Brother','','502-819-1551'),(519,533,'Chuong Kha','Grandpa','','469-363-2530'),(520,535,'Vi Hoang','Sister','','940-224-0170'),(521,536,'Trần Cư','ông ngoại','','469-733-0533'),(522,537,'Trinh Chu','Uncle','',''),(523,392,'Kalen','Mom','','214-235-9983'),(524,545,'Uyen Hoang','Cousin','940-704-1664',''),(525,544,'Nhieu Pham','Mother','','337-255-5074'),(526,530,'Nguyễn Vân Thủy ','Guardian','','972-693-7290'),(527,546,'Kristy Pham','Aunt','','806-283-3857'),(528,509,'Peter Nguyen','Father','','315-731-7098'),(529,547,'Lan Nguyen','Mother','','214-403-2288'),(530,551,'Thu Nguyen','','','469-394-4609'),(531,540,'Ba Huynh','Dad','940-600-3582',''),(532,421,'Linh Vu','Mom','','972-467-0898'),(533,31,'Diep Ngo','Mom','972-492-2289','469-328-8240'),(534,352,'Nguyen Kim Anh','Mom','','281-224-4836'),(535,376,'','','','469-412-3575'),(536,429,'Don Nguyen','Uncle','','714-422-5902'),(537,40,'Long','Dad','','469-900-6687'),(538,437,'Hứa Lân','Dad','','469-996-9313'),(539,437,'Huỳnh Tuyền','Mom','','469-996-9312'),(540,268,'Trung Tran','Dad - Alt Phone','','214-986-2182'),(541,520,'Lieu Nguyen','Mother','817-271-8778','832-457-8118'),(542,518,'','','214-500-6841',''),(543,552,'Bobby Najera','','','972-400-7453'),(544,446,'Monique','Aunt','','214-454-1972'),(545,556,'My Lien Tran ','Aunt','','972-375-5847'),(546,555,'Anh Phan','Grandma','469-237-0131','469-767-0609'),(547,554,'Maria Hoang Nguyen','Aunt','','214-886-5409'),(548,553,'Khoan Dang','Grandfather','',''),(549,557,'Hieu Nguyen','Uncle','',''),(550,480,'Dâng Nguyễn','','972-839-2601',''),(551,30,'Trần Mỹ','Mother','','469-355-4602'),(552,530,'Anna/Phillip','Cháu','','972-693-7291'),(553,357,'Sỹ Nguyễn','Uncle','','214-317-5920'),(554,281,'Hanh Le','Aunt','','214-713-8701'),(555,558,'Hien Nguyen','Mother','','214-809-8070'),(556,560,'Chuong Kha','Grandpa','',''),(557,559,'Loi Pham','Father','','972-829-5917'),(558,561,'Phương Nguyễn','Mother','','469-879-1558'),(559,563,'Trung Tran','Uncle','','504-610-5968'),(560,564,'Tuan Le','Uncle','',''),(561,565,'Huyen Nguyen','Bà','','214-649-0341'),(562,455,'Mary Au','Aunt','','817-366-1403'),(563,566,'Thúy Hoàng','Mẹ','','469-601-4444'),(564,567,'Anthony Vu','Father','','469-877-5449'),(565,469,'Jimmy Tran','Father','','46*-834-9986'),(566,569,'Cheri Nguyen','Grandma','','214-717-7787'),(567,569,'Truong Nguyen','Grandpa','','214-717-7611'),(568,428,'Nhiem Nguyen','Mom','','469-993-8252'),(569,495,'Nhung Nguyen','Mom','','214-585-2291'),(570,568,'Mai Pham','Mom','972-523-2193',''),(571,570,'Judy Pham','Aunt','','469-877-8342'),(572,572,'Thao Te','Friend','','720-934-1063'),(573,573,'Khoa Chu','Uncle','','972-333-4596'),(574,491,'Be Le','Uncle','','469-268-6390'),(575,576,'Linh (Ken) Nguyen','Father','','214-395-8063'),(576,384,'Le Dung','Dad','','972-415-9436'),(577,407,'Vivian Tran','Mother','','940-312-3617'),(578,578,'Steven Do','Son','','512-299-5504'),(579,580,'Mark Nguyen','Friend','','469-826-1122'),(580,583,'Chrintine Đỗ','Grandma','','469-360-8899'),(581,583,'Eric (Tâm) Đỗ','Uncle','',''),(582,584,'Huyen Nguyen','Sister','214-797-3897','214-517-8892'),(583,415,'Thien Tran','Father','','310-356-7238'),(584,381,'Dung Nguyen','Dad','','504-723-2748'),(585,588,'Thao Te','Aunt','','720-934-1063'),(586,466,'Phuong Nguyen','Aunt','','469-303-3650'),(587,592,'Thinh Nguyen','Uncle','','585-319-2276'),(588,593,'Nguyễn Thư','Mẹ','','214-471-7354'),(589,351,'Hai Ton','Father','','972.339-0800'),(590,597,'Băng Nguyễn','Dad','','408-512-0698'),(591,598,'Sáu Nguyễn','Ông Nội','','303-748-6190'),(592,600,'','','','214-986-1898'),(593,604,'Spncer Nguyen','Uncle','','469-230-8772'),(594,605,'Kim Ho','Nội','','214-413-9102'),(595,606,'Cobi Tran','Dad','','817-320-7727'),(596,610,'Thuy Nguyen','Aunt','','803-524-9575'),(597,611,'Bao Tran Nguyen','','','214-500-4356'),(598,612,'Thao Phan','Aunt','469-556-6855',''),(599,309,NULL,NULL,NULL,NULL),(600,314,'Kim Pham','Grandma','','940-337-9273'),(601,335,NULL,NULL,NULL,NULL),(602,353,NULL,NULL,NULL,NULL),(603,411,NULL,NULL,NULL,NULL),(604,430,NULL,NULL,NULL,NULL),(605,456,NULL,NULL,NULL,NULL),(606,465,'Jason Noel','Uncle','2142883906','214-288-3906'),(607,489,'Dao Pham','Motehr','','405-326-0225'),(608,498,NULL,NULL,NULL,NULL),(609,513,NULL,NULL,NULL,NULL),(610,524,NULL,NULL,NULL,NULL),(611,534,NULL,NULL,NULL,NULL),(612,538,NULL,NULL,NULL,NULL),(613,541,'Loan Vu','Mom','','469-583-6198'),(614,562,NULL,NULL,NULL,NULL),(615,574,NULL,NULL,NULL,NULL),(616,575,'Brian Doan','Uncle','','773-387-5112'),(617,577,NULL,NULL,NULL,NULL),(618,579,NULL,NULL,NULL,NULL),(619,581,'Cuong Nguyen','Father','','972-516-2456'),(620,582,'Thuy Ha','Mom','','469-428-6177'),(621,585,NULL,NULL,NULL,NULL),(622,586,'Thuy Tran','Mother','','469-363-7552'),(623,587,NULL,NULL,NULL,NULL),(624,589,NULL,NULL,NULL,NULL),(625,590,'Linda Bui','Friend','','214-726-2579'),(626,591,NULL,NULL,NULL,NULL),(627,594,NULL,NULL,NULL,NULL),(628,595,NULL,NULL,NULL,NULL),(629,596,NULL,NULL,NULL,NULL),(630,599,'Thoa Nguyen','Mother','4698804765','4698804765'),(631,601,NULL,NULL,NULL,NULL),(632,602,'Teresa Tran','Sister','469-582-8141',''),(633,603,NULL,NULL,NULL,NULL),(634,607,'Thuy Nguyen','Mom','','803-524-9575'),(635,608,NULL,NULL,NULL,NULL),(636,609,NULL,NULL,NULL,NULL),(637,613,NULL,NULL,NULL,NULL),(638,368,'','','','469-703-4090'),(639,595,'Nguyen To','Brother','','972-998-2486'),(640,455,'Toan Pham','Father','','214-215-3687'),(641,616,'Tony Vo','Uncle','','469-744-3801'),(642,617,'Phương Nguyễn','Mẹ','','972-765-2077'),(643,618,'Tracy Triệu','Sister','','714-510-5900'),(644,619,'Tuan Nguyen','Ba','','469-463-5216'),(645,620,'Van Gioi Pham','Grandpa','','469-588-9090'),(646,620,'Danh Nguyen','Grandpa','','972-904-4239'),(647,517,'Linh Pham','Mom','','682-365-7182'),(648,27,'Duc Nguyen','Dad','','214-577-9228'),(649,537,'Yen Nguyen','Aunt','','817-907-2496'),(650,566,'Cường Lê','Ba','','469-601-3333'),(651,603,'Khanh Nguyen','Aunt','','972-785-7666'),(652,494,'Dylan Vu','Brother','','214-718-5469'),(653,622,'Diem Tran','Aunt','','214-686-3871'),(654,407,'Cathy Tran','Aunt','','214-448-3520'),(655,623,'Helen Tran','Aunt','','214-597-1874'),(656,624,'Amy Nguyen','Mom','','267-736-6937'),(657,625,'Mary Au','Sister','','817-366-1403'),(658,626,'Khôi Nguyễn','Aunt','','505-417-4682'),(659,628,'Loc Van Luu','Uncle','','214-718-0882'),(660,630,'Khankan Ly','','','214-458-5337'),(661,631,'Quỳnh Nguyễn','Sister','','214-554-2002'),(662,632,'Sang Le','','','214-796-8015'),(663,633,'Trân Thị Kim Dung','Mẹ','','978-265-6870'),(664,585,'Tha Tong','','','504-376-4320'),(665,634,'Tram Tran','Mother','','682-552-7768'),(666,634,'Tony Nguyen','Father','','682-265-0626'),(667,636,'Canh Nguyen','Grandpa','','214-616-2702'),(668,637,'Hong Nguyen','Grandpa','','469-831-1445'),(669,508,'Trung Tran','Father','','504-610-5968'),(670,405,'Luan Nguyen','Uncle','','214-566-8046'),(671,580,'Minh Tuan Mai','Father','','972-408-5235'),(672,444,'Nang Nguyen','Grandfather','','214-673-8671'),(673,561,'John Nguyen','Father','','972-365-9269'),(674,52,'Loan Nguyen','Mom','','972-878-9705'),(675,639,'Teresa Truong','Mother','','714-310-0588'),(676,640,'Tran Khổng','Cousin','','469-236-7813'),(677,644,'Vinh Nguyen','Father','214-604-5188',''),(678,645,'Thy Pham','Mẹ','','669-800-9223'),(679,629,'Van Nguyen','Aunt','','214-600-9504'),(680,646,'Anne Bui','Aunt','','214-713-1084'),(681,647,'Tuyen Tran','Mom','','469-456-5064'),(682,649,'Thanh Nguyen','Grandma','','972-375-7912'),(683,651,'Hoa Nguyen','Grandma','','214-682-7613'),(684,653,'Nhung  Tran','Mother','','214-918-5675'),(685,655,'Ray Ngov','Father','','214-604-1685'),(686,655,'Nhieu Pham','Motehr','','337-255-5074'),(687,656,'Nguyen Nicholas','Father','817-808-9148',''),(688,657,'Linda','Aunt','','214-726-2579'),(689,657,'Nhieu','','','337-255-5074'),(690,658,'Trinh Bui','Grandma','','972-754-8487'),(691,660,'Tammy Nguyen','Cousin','','469-648-8162'),(692,648,'Toan Tran','Dad','','469-831-6183'),(693,664,'Nghia Nguyen','Grandpa','','310-846-0658'),(694,665,'Mimi Le','','','214-995-7157'),(695,627,'Mai Dinh','Mother','','270-791-4742'),(696,666,'Kha Nguyen','Father','','641-819-1322'),(697,667,'Khai Do','Uncle','','214-842-1255'),(698,668,'Phùng Thế Đức','Father','','617-860-7503'),(699,669,'Nguyễn Can','Mother','','850-716-7436'),(700,670,'Hoa Nguyen','Dad','','763-670-1277'),(701,672,'Thi Nguyen','Father','','325-321-9268'),(702,671,'Ryan Tills','Step dad','','214-603-8873'),(703,509,'Tram Ton','Mother','','315-723-0912'),(704,678,'Phu Tran','Father','','832-858-2041'),(705,634,'Hợi Nguyễn','Grand uncle','','469-556-5249'),(706,680,'Lưu Bá Trực','Ông Nội','','469-231-7826'),(707,681,'Tho Nguyen','Uncle','','408-502-4052'),(708,684,'Tuan Nguyen','','','469-401-2669'),(709,688,'Jennifer Nguyen','Mom','','817-908-0489'),(710,689,'Lâm Trọng','Grandfather','','469-303-3200'),(711,690,'Bùi Tá Phương','Grandfather','','469-714-8700'),(712,691,'Nguyễn Thanh Thục Vũ','Mother','','513-295-2531'),(713,642,'Tam Dinh','Dad','','469-579-8523'),(714,641,'Bay Tran','Dad','972-302-2904',''),(715,638,'Pham X. Quang','Dad','','817-715-0858'),(716,658,'Olivia Le','Mom','','737-747-7778'),(717,692,'Giang Tang','Grandpa','','214-680-0201'),(718,693,'My Pham','Aunt','','469-321-0710'),(719,694,'Uyen Luu','Mom','','972-603-6483'),(720,695,'Von Pham','Ông nội','','469-544-6008'),(721,696,'Vân / Minh','Mom / Dad','','214-971-1503'),(722,697,'Tuyetnhi Do','Mom','','940-782-8045'),(723,699,'Phương Nguyen','Grandma','214-714-0462',''),(724,700,'Hồng Ân','Aunt','','214-436-7633');

--
